{"id":6580,"date":"2022-05-09T14:07:12","date_gmt":"2022-05-09T12:07:12","guid":{"rendered":"https:\/\/vouille86.fr\/mairie\/?page_id=6580"},"modified":"2022-05-09T14:08:19","modified_gmt":"2022-05-09T12:08:19","slug":"liste-des-actualites","status":"publish","type":"page","link":"https:\/\/vouille86.fr\/mairie\/liste-des-actualites\/","title":{"rendered":"Liste des actualit\u00e9s"},"content":{"rendered":"\t\t<div data-elementor-type=\"wp-page\" data-elementor-id=\"6580\" class=\"elementor elementor-6580\" data-elementor-post-type=\"page\">\n\t\t\t\t\t\t<section class=\"elementor-section elementor-top-section elementor-element elementor-element-1db2ded1 elementor-section-boxed elementor-section-height-default elementor-section-height-default\" data-id=\"1db2ded1\" data-element_type=\"section\" data-e-type=\"section\">\n\t\t\t\t\t\t<div class=\"elementor-container elementor-column-gap-default\">\n\t\t\t\t\t<div class=\"elementor-column elementor-col-100 elementor-top-column elementor-element elementor-element-1d9dfc8b\" data-id=\"1d9dfc8b\" data-element_type=\"column\" data-e-type=\"column\">\n\t\t\t<div class=\"elementor-widget-wrap elementor-element-populated\">\n\t\t\t\t\t\t<div class=\"elementor-element elementor-element-422c1074 ariana elementor-widget elementor-widget-shortcode\" data-id=\"422c1074\" data-element_type=\"widget\" data-e-type=\"widget\" data-widget_type=\"shortcode.default\">\n\t\t\t\t<div class=\"elementor-widget-container\">\n\t\t\t\t\t<ul id=\"crumbs\"><li><a href=\"https:\/\/vouille86.fr\/mairie\">Accueil<\/a><\/li><\/ul>\t\t<div class=\"elementor-shortcode\"><\/div>\n\t\t\t\t\t\t<\/div>\n\t\t\t\t<\/div>\n\t\t\t\t\t<\/div>\n\t\t<\/div>\n\t\t\t\t\t<\/div>\n\t\t<\/section>\n\t\t\t\t<section class=\"elementor-section elementor-top-section elementor-element elementor-element-579c8b52 elementor-section-boxed elementor-section-height-default elementor-section-height-default\" data-id=\"579c8b52\" data-element_type=\"section\" data-e-type=\"section\">\n\t\t\t\t\t\t<div class=\"elementor-container elementor-column-gap-default\">\n\t\t\t\t\t<div class=\"elementor-column elementor-col-100 elementor-top-column elementor-element elementor-element-b195d37\" data-id=\"b195d37\" data-element_type=\"column\" data-e-type=\"column\">\n\t\t\t<div class=\"elementor-widget-wrap elementor-element-populated\">\n\t\t\t\t\t\t<div class=\"elementor-element elementor-element-2b3172d6 elementor-grid-3 elementor-grid-tablet-2 elementor-grid-mobile-1 elementor-posts--thumbnail-top elementor-widget elementor-widget-posts\" data-id=\"2b3172d6\" data-element_type=\"widget\" data-e-type=\"widget\" data-settings=\"{&quot;classic_row_gap&quot;:{&quot;unit&quot;:&quot;px&quot;,&quot;size&quot;:30,&quot;sizes&quot;:[]},&quot;classic_columns&quot;:&quot;3&quot;,&quot;classic_columns_tablet&quot;:&quot;2&quot;,&quot;classic_columns_mobile&quot;:&quot;1&quot;,&quot;classic_row_gap_tablet&quot;:{&quot;unit&quot;:&quot;px&quot;,&quot;size&quot;:&quot;&quot;,&quot;sizes&quot;:[]},&quot;classic_row_gap_mobile&quot;:{&quot;unit&quot;:&quot;px&quot;,&quot;size&quot;:&quot;&quot;,&quot;sizes&quot;:[]}}\" data-widget_type=\"posts.classic\">\n\t\t\t\t<div class=\"elementor-widget-container\">\n\t\t\t\t\t\t\t<div class=\"elementor-posts-container elementor-posts elementor-posts--skin-classic elementor-grid\" role=\"list\">\n\t\t\t\t<article class=\"elementor-post elementor-grid-item post-14299 post type-post status-publish format-standard has-post-thumbnail hentry category-actualite\" role=\"listitem\">\n\t\t\t\t<a class=\"elementor-post__thumbnail__link\" href=\"https:\/\/vouille86.fr\/mairie\/travaux-rn-149-poitiers-parthenay\/\" tabindex=\"-1\" >\n\t\t\t<div class=\"elementor-post__thumbnail\"><img fetchpriority=\"high\" decoding=\"async\" width=\"940\" height=\"788\" src=\"https:\/\/vouille86.fr\/mairie\/wp-content\/uploads\/2023\/07\/Infos-travaux.jpg\" class=\"attachment-1536x1536 size-1536x1536 wp-image-10607\" alt=\"\" srcset=\"https:\/\/vouille86.fr\/mairie\/wp-content\/uploads\/2023\/07\/Infos-travaux.jpg 940w, https:\/\/vouille86.fr\/mairie\/wp-content\/uploads\/2023\/07\/Infos-travaux-300x251.jpg 300w, https:\/\/vouille86.fr\/mairie\/wp-content\/uploads\/2023\/07\/Infos-travaux-768x644.jpg 768w\" sizes=\"(max-width: 940px) 100vw, 940px\" \/><\/div>\n\t\t<\/a>\n\t\t\t\t<div class=\"elementor-post__text\">\n\t\t\t\t<h3 class=\"elementor-post__title\">\n\t\t\t<a href=\"https:\/\/vouille86.fr\/mairie\/travaux-rn-149-poitiers-parthenay\/\" >\n\t\t\t\tTravaux RN 149 (Poitiers-Parthenay)\t\t\t<\/a>\n\t\t<\/h3>\n\t\t\t\t<div class=\"elementor-post__meta-data\">\n\t\t\t\t\t<span class=\"elementor-post-date\">\n\t\t\t9 avril 2026\t\t<\/span>\n\t\t\t\t<\/div>\n\t\t\t\t<div class=\"elementor-post__excerpt\">\n\t\t\t<p>La Direction Interd\u00e9partementale des Routes Centre-Ouest vous informe : Carrefour de la RN149 et de&#8230;<\/p>\n\t\t<\/div>\n\t\t\t\t<\/div>\n\t\t\t\t<\/article>\n\t\t\t\t<article class=\"elementor-post elementor-grid-item post-14221 post type-post status-publish format-standard has-post-thumbnail hentry category-actualite\" role=\"listitem\">\n\t\t\t\t<a class=\"elementor-post__thumbnail__link\" href=\"https:\/\/vouille86.fr\/mairie\/maire-election\/\" tabindex=\"-1\" >\n\t\t\t<div class=\"elementor-post__thumbnail\"><img decoding=\"async\" width=\"1536\" height=\"802\" src=\"https:\/\/vouille86.fr\/mairie\/wp-content\/uploads\/2026\/03\/cm2026-1536x802.jpg\" class=\"attachment-1536x1536 size-1536x1536 wp-image-14222\" alt=\"\" srcset=\"https:\/\/vouille86.fr\/mairie\/wp-content\/uploads\/2026\/03\/cm2026-1536x802.jpg 1536w, https:\/\/vouille86.fr\/mairie\/wp-content\/uploads\/2026\/03\/cm2026-300x157.jpg 300w, https:\/\/vouille86.fr\/mairie\/wp-content\/uploads\/2026\/03\/cm2026-1024x535.jpg 1024w, https:\/\/vouille86.fr\/mairie\/wp-content\/uploads\/2026\/03\/cm2026-768x401.jpg 768w, https:\/\/vouille86.fr\/mairie\/wp-content\/uploads\/2026\/03\/cm2026-2048x1070.jpg 2048w\" sizes=\"(max-width: 1536px) 100vw, 1536px\" \/><\/div>\n\t\t<\/a>\n\t\t\t\t<div class=\"elementor-post__text\">\n\t\t\t\t<h3 class=\"elementor-post__title\">\n\t\t\t<a href=\"https:\/\/vouille86.fr\/mairie\/maire-election\/\" >\n\t\t\t\tElection du Maire et des adjoints\t\t\t<\/a>\n\t\t<\/h3>\n\t\t\t\t<div class=\"elementor-post__meta-data\">\n\t\t\t\t\t<span class=\"elementor-post-date\">\n\t\t\t23 mars 2026\t\t<\/span>\n\t\t\t\t<\/div>\n\t\t\t\t<div class=\"elementor-post__excerpt\">\n\t\t\t<p>Suite au 1er tour des \u00e9lections municipales du 15 mars dernier, qui a vu la&#8230;<\/p>\n\t\t<\/div>\n\t\t\t\t<\/div>\n\t\t\t\t<\/article>\n\t\t\t\t<article class=\"elementor-post elementor-grid-item post-14205 post type-post status-publish format-standard has-post-thumbnail hentry category-actualite\" role=\"listitem\">\n\t\t\t\t<a class=\"elementor-post__thumbnail__link\" href=\"https:\/\/vouille86.fr\/mairie\/elections-vouille\/\" tabindex=\"-1\" >\n\t\t\t<div class=\"elementor-post__thumbnail\"><img decoding=\"async\" width=\"981\" height=\"440\" src=\"https:\/\/vouille86.fr\/mairie\/wp-content\/uploads\/2026\/03\/resultatsvouille.png\" class=\"attachment-1536x1536 size-1536x1536 wp-image-14206\" alt=\"\" srcset=\"https:\/\/vouille86.fr\/mairie\/wp-content\/uploads\/2026\/03\/resultatsvouille.png 981w, https:\/\/vouille86.fr\/mairie\/wp-content\/uploads\/2026\/03\/resultatsvouille-300x135.png 300w, https:\/\/vouille86.fr\/mairie\/wp-content\/uploads\/2026\/03\/resultatsvouille-768x344.png 768w\" sizes=\"(max-width: 981px) 100vw, 981px\" \/><\/div>\n\t\t<\/a>\n\t\t\t\t<div class=\"elementor-post__text\">\n\t\t\t\t<h3 class=\"elementor-post__title\">\n\t\t\t<a href=\"https:\/\/vouille86.fr\/mairie\/elections-vouille\/\" >\n\t\t\t\tR\u00e9sultats des \u00e9lections municipales du 15 mars 2026\t\t\t<\/a>\n\t\t<\/h3>\n\t\t\t\t<div class=\"elementor-post__meta-data\">\n\t\t\t\t\t<span class=\"elementor-post-date\">\n\t\t\t16 mars 2026\t\t<\/span>\n\t\t\t\t<\/div>\n\t\t\t\t<div class=\"elementor-post__excerpt\">\n\t\t\t\t\t<\/div>\n\t\t\t\t<\/div>\n\t\t\t\t<\/article>\n\t\t\t\t<article class=\"elementor-post elementor-grid-item post-14173 post type-post status-publish format-standard has-post-thumbnail hentry category-actualite\" role=\"listitem\">\n\t\t\t\t<a class=\"elementor-post__thumbnail__link\" href=\"https:\/\/vouille86.fr\/mairie\/elections-municipales-2026\/\" tabindex=\"-1\" >\n\t\t\t<div class=\"elementor-post__thumbnail\"><img loading=\"lazy\" decoding=\"async\" width=\"1080\" height=\"1080\" src=\"https:\/\/vouille86.fr\/mairie\/wp-content\/uploads\/2026\/03\/piece-physique.jpg\" class=\"attachment-1536x1536 size-1536x1536 wp-image-14174\" alt=\"\" srcset=\"https:\/\/vouille86.fr\/mairie\/wp-content\/uploads\/2026\/03\/piece-physique.jpg 1080w, https:\/\/vouille86.fr\/mairie\/wp-content\/uploads\/2026\/03\/piece-physique-300x300.jpg 300w, https:\/\/vouille86.fr\/mairie\/wp-content\/uploads\/2026\/03\/piece-physique-1024x1024.jpg 1024w, https:\/\/vouille86.fr\/mairie\/wp-content\/uploads\/2026\/03\/piece-physique-150x150.jpg 150w, https:\/\/vouille86.fr\/mairie\/wp-content\/uploads\/2026\/03\/piece-physique-768x768.jpg 768w\" sizes=\"(max-width: 1080px) 100vw, 1080px\" \/><\/div>\n\t\t<\/a>\n\t\t\t\t<div class=\"elementor-post__text\">\n\t\t\t\t<h3 class=\"elementor-post__title\">\n\t\t\t<a href=\"https:\/\/vouille86.fr\/mairie\/elections-municipales-2026\/\" >\n\t\t\t\t\u00c9LECTIONS MUNICIPALES 2026\t\t\t<\/a>\n\t\t<\/h3>\n\t\t\t\t<div class=\"elementor-post__meta-data\">\n\t\t\t\t\t<span class=\"elementor-post-date\">\n\t\t\t9 mars 2026\t\t<\/span>\n\t\t\t\t<\/div>\n\t\t\t\t<div class=\"elementor-post__excerpt\">\n\t\t\t<p>Vouglaisiennes, Vouglaisiens, A l\u2019approche des \u00e9lections municipales 2026, dont le 1er tour aura lieu ce&#8230;<\/p>\n\t\t<\/div>\n\t\t\t\t<\/div>\n\t\t\t\t<\/article>\n\t\t\t\t<article class=\"elementor-post elementor-grid-item post-14025 post type-post status-publish format-standard has-post-thumbnail hentry category-actualite\" role=\"listitem\">\n\t\t\t\t<a class=\"elementor-post__thumbnail__link\" href=\"https:\/\/vouille86.fr\/mairie\/vigilance-foret\/\" tabindex=\"-1\" >\n\t\t\t<div class=\"elementor-post__thumbnail\"><img loading=\"lazy\" decoding=\"async\" width=\"900\" height=\"1200\" src=\"https:\/\/vouille86.fr\/mairie\/wp-content\/uploads\/2022\/04\/foret_de_vouille_1.jpg\" class=\"attachment-1536x1536 size-1536x1536 wp-image-4802\" alt=\"\" srcset=\"https:\/\/vouille86.fr\/mairie\/wp-content\/uploads\/2022\/04\/foret_de_vouille_1.jpg 900w, https:\/\/vouille86.fr\/mairie\/wp-content\/uploads\/2022\/04\/foret_de_vouille_1-225x300.jpg 225w, https:\/\/vouille86.fr\/mairie\/wp-content\/uploads\/2022\/04\/foret_de_vouille_1-768x1024.jpg 768w\" sizes=\"(max-width: 900px) 100vw, 900px\" \/><\/div>\n\t\t<\/a>\n\t\t\t\t<div class=\"elementor-post__text\">\n\t\t\t\t<h3 class=\"elementor-post__title\">\n\t\t\t<a href=\"https:\/\/vouille86.fr\/mairie\/vigilance-foret\/\" >\n\t\t\t\tVigilance en for\u00eat de Vouill\u00e9 [communiqu\u00e9]\t\t\t<\/a>\n\t\t<\/h3>\n\t\t\t\t<div class=\"elementor-post__meta-data\">\n\t\t\t\t\t<span class=\"elementor-post-date\">\n\t\t\t5 f\u00e9vrier 2026\t\t<\/span>\n\t\t\t\t<\/div>\n\t\t\t\t<div class=\"elementor-post__excerpt\">\n\t\t\t<p>L&rsquo;Office National des For\u00eats vous informe : Cette fin d&rsquo;hiver humide sonne la fin des&#8230;<\/p>\n\t\t<\/div>\n\t\t\t\t<\/div>\n\t\t\t\t<\/article>\n\t\t\t\t<article class=\"elementor-post elementor-grid-item post-13874 post type-post status-publish format-standard has-post-thumbnail hentry category-actualite category-a-la-une\" role=\"listitem\">\n\t\t\t\t<a class=\"elementor-post__thumbnail__link\" href=\"https:\/\/vouille86.fr\/mairie\/recensement-de-la-population\/\" tabindex=\"-1\" >\n\t\t\t<div class=\"elementor-post__thumbnail\"><img loading=\"lazy\" decoding=\"async\" width=\"1536\" height=\"531\" src=\"https:\/\/vouille86.fr\/mairie\/wp-content\/uploads\/2026\/01\/2-header-desktop-logo-2026-1536x531.jpg\" class=\"attachment-1536x1536 size-1536x1536 wp-image-13875\" alt=\"\" srcset=\"https:\/\/vouille86.fr\/mairie\/wp-content\/uploads\/2026\/01\/2-header-desktop-logo-2026-1536x531.jpg 1536w, https:\/\/vouille86.fr\/mairie\/wp-content\/uploads\/2026\/01\/2-header-desktop-logo-2026-300x104.jpg 300w, https:\/\/vouille86.fr\/mairie\/wp-content\/uploads\/2026\/01\/2-header-desktop-logo-2026-1024x354.jpg 1024w, https:\/\/vouille86.fr\/mairie\/wp-content\/uploads\/2026\/01\/2-header-desktop-logo-2026-768x265.jpg 768w, https:\/\/vouille86.fr\/mairie\/wp-content\/uploads\/2026\/01\/2-header-desktop-logo-2026-2048x707.jpg 2048w\" sizes=\"(max-width: 1536px) 100vw, 1536px\" \/><\/div>\n\t\t<\/a>\n\t\t\t\t<div class=\"elementor-post__text\">\n\t\t\t\t<h3 class=\"elementor-post__title\">\n\t\t\t<a href=\"https:\/\/vouille86.fr\/mairie\/recensement-de-la-population\/\" >\n\t\t\t\tRecensement de la population\t\t\t<\/a>\n\t\t<\/h3>\n\t\t\t\t<div class=\"elementor-post__meta-data\">\n\t\t\t\t\t<span class=\"elementor-post-date\">\n\t\t\t8 janvier 2026\t\t<\/span>\n\t\t\t\t<\/div>\n\t\t\t\t<div class=\"elementor-post__excerpt\">\n\t\t\t<p>Vouill\u00e9 r\u00e9alise le recensement de sa population du 15 janvier au 14 f\u00e9vrier 2026 pour&#8230;<\/p>\n\t\t<\/div>\n\t\t\t\t<\/div>\n\t\t\t\t<\/article>\n\t\t\t\t<article class=\"elementor-post elementor-grid-item post-13844 post type-post status-publish format-standard has-post-thumbnail hentry category-actualite\" role=\"listitem\">\n\t\t\t\t<a class=\"elementor-post__thumbnail__link\" href=\"https:\/\/vouille86.fr\/mairie\/consultation-publique-plan-local-de-prevention-des-dechets-menagers-et-assimiles\/\" tabindex=\"-1\" >\n\t\t\t<div class=\"elementor-post__thumbnail\"><img loading=\"lazy\" decoding=\"async\" width=\"200\" height=\"141\" src=\"https:\/\/vouille86.fr\/mairie\/wp-content\/uploads\/2022\/05\/CCHP-2.jpg\" class=\"attachment-1536x1536 size-1536x1536 wp-image-6289\" alt=\"\" \/><\/div>\n\t\t<\/a>\n\t\t\t\t<div class=\"elementor-post__text\">\n\t\t\t\t<h3 class=\"elementor-post__title\">\n\t\t\t<a href=\"https:\/\/vouille86.fr\/mairie\/consultation-publique-plan-local-de-prevention-des-dechets-menagers-et-assimiles\/\" >\n\t\t\t\tConsultation publique : Plan Local de Pr\u00e9vention des D\u00e9chets M\u00e9nagers et Assimil\u00e9s\t\t\t<\/a>\n\t\t<\/h3>\n\t\t\t\t<div class=\"elementor-post__meta-data\">\n\t\t\t\t\t<span class=\"elementor-post-date\">\n\t\t\t26 d\u00e9cembre 2025\t\t<\/span>\n\t\t\t\t<\/div>\n\t\t\t\t<div class=\"elementor-post__excerpt\">\n\t\t\t<p>Le Plan Local de Pr\u00e9vention des D\u00e9chets M\u00e9nagers et Assimil\u00e9s (PLPDMA) est soumis \u00e0 consultation&#8230;<\/p>\n\t\t<\/div>\n\t\t\t\t<\/div>\n\t\t\t\t<\/article>\n\t\t\t\t<article class=\"elementor-post elementor-grid-item post-13821 post type-post status-publish format-standard has-post-thumbnail hentry category-actualite\" role=\"listitem\">\n\t\t\t\t<a class=\"elementor-post__thumbnail__link\" href=\"https:\/\/vouille86.fr\/mairie\/fetes-de-fin-dannee-les-collectes-des-dechets-sadaptent\/\" tabindex=\"-1\" >\n\t\t\t<div class=\"elementor-post__thumbnail\"><img loading=\"lazy\" decoding=\"async\" width=\"200\" height=\"141\" src=\"https:\/\/vouille86.fr\/mairie\/wp-content\/uploads\/2022\/05\/CCHP-2.jpg\" class=\"attachment-1536x1536 size-1536x1536 wp-image-6289\" alt=\"\" \/><\/div>\n\t\t<\/a>\n\t\t\t\t<div class=\"elementor-post__text\">\n\t\t\t\t<h3 class=\"elementor-post__title\">\n\t\t\t<a href=\"https:\/\/vouille86.fr\/mairie\/fetes-de-fin-dannee-les-collectes-des-dechets-sadaptent\/\" >\n\t\t\t\tF\u00eates de fin d&rsquo;ann\u00e9e : les collectes des d\u00e9chets s&rsquo;adaptent\t\t\t<\/a>\n\t\t<\/h3>\n\t\t\t\t<div class=\"elementor-post__meta-data\">\n\t\t\t\t\t<span class=\"elementor-post-date\">\n\t\t\t18 d\u00e9cembre 2025\t\t<\/span>\n\t\t\t\t<\/div>\n\t\t\t\t<div class=\"elementor-post__excerpt\">\n\t\t\t<p>Nous vous informons que toutes les d\u00e9chetteries du Haut-Poitou seront ferm\u00e9es le\u00a0mercredi 24 d\u00e9cembre 2025&#8230;<\/p>\n\t\t<\/div>\n\t\t\t\t<\/div>\n\t\t\t\t<\/article>\n\t\t\t\t<article class=\"elementor-post elementor-grid-item post-13810 post type-post status-publish format-standard has-post-thumbnail hentry category-actualite\" role=\"listitem\">\n\t\t\t\t<a class=\"elementor-post__thumbnail__link\" href=\"https:\/\/vouille86.fr\/mairie\/beffroi-vouille\/\" tabindex=\"-1\" >\n\t\t\t<div class=\"elementor-post__thumbnail\"><img loading=\"lazy\" decoding=\"async\" width=\"1536\" height=\"1024\" src=\"https:\/\/vouille86.fr\/mairie\/wp-content\/uploads\/2025\/12\/P1050744-1536x1024.jpg\" class=\"attachment-1536x1536 size-1536x1536 wp-image-13812\" alt=\"\" srcset=\"https:\/\/vouille86.fr\/mairie\/wp-content\/uploads\/2025\/12\/P1050744-1536x1024.jpg 1536w, https:\/\/vouille86.fr\/mairie\/wp-content\/uploads\/2025\/12\/P1050744-300x200.jpg 300w, https:\/\/vouille86.fr\/mairie\/wp-content\/uploads\/2025\/12\/P1050744-1024x683.jpg 1024w, https:\/\/vouille86.fr\/mairie\/wp-content\/uploads\/2025\/12\/P1050744-768x512.jpg 768w, https:\/\/vouille86.fr\/mairie\/wp-content\/uploads\/2025\/12\/P1050744-2048x1365.jpg 2048w\" sizes=\"(max-width: 1536px) 100vw, 1536px\" \/><\/div>\n\t\t<\/a>\n\t\t\t\t<div class=\"elementor-post__text\">\n\t\t\t\t<h3 class=\"elementor-post__title\">\n\t\t\t<a href=\"https:\/\/vouille86.fr\/mairie\/beffroi-vouille\/\" >\n\t\t\t\tUn nouveau beffroi pour l\u2019\u00c9glise de Vouill\u00e9 : le chantier est lanc\u00e9 !\t\t\t<\/a>\n\t\t<\/h3>\n\t\t\t\t<div class=\"elementor-post__meta-data\">\n\t\t\t\t\t<span class=\"elementor-post-date\">\n\t\t\t5 d\u00e9cembre 2025\t\t<\/span>\n\t\t\t\t<\/div>\n\t\t\t\t<div class=\"elementor-post__excerpt\">\n\t\t\t<p>Avec son clocher atypique, car inachev\u00e9, l\u2019\u00e9glise Sainte Radegonde de Vouill\u00e9 est un \u00e9l\u00e9ment incontournable&#8230;<\/p>\n\t\t<\/div>\n\t\t\t\t<\/div>\n\t\t\t\t<\/article>\n\t\t\t\t<\/div>\n\t\t\n\t\t\t\t<div class=\"e-load-more-anchor\" data-page=\"1\" data-max-page=\"8\" data-next-page=\"https:\/\/vouille86.fr\/mairie\/wp-json\/wp\/v2\/pages\/6580\/page\/2\/\"><\/div>\n\t\t\t\t<nav class=\"elementor-pagination\" aria-label=\"Pagination\">\n\t\t\t<span aria-current=\"page\" class=\"page-numbers current\"><span class=\"elementor-screen-only\">Page<\/span>1<\/span>\n<a class=\"page-numbers\" href=\"https:\/\/vouille86.fr\/mairie\/wp-json\/wp\/v2\/pages\/6580\/page\/2\/\"><span class=\"elementor-screen-only\">Page<\/span>2<\/a>\n<a class=\"page-numbers\" href=\"https:\/\/vouille86.fr\/mairie\/wp-json\/wp\/v2\/pages\/6580\/page\/3\/\"><span class=\"elementor-screen-only\">Page<\/span>3<\/a>\n<a class=\"page-numbers\" href=\"https:\/\/vouille86.fr\/mairie\/wp-json\/wp\/v2\/pages\/6580\/page\/4\/\"><span class=\"elementor-screen-only\">Page<\/span>4<\/a>\n<a class=\"page-numbers\" href=\"https:\/\/vouille86.fr\/mairie\/wp-json\/wp\/v2\/pages\/6580\/page\/5\/\"><span class=\"elementor-screen-only\">Page<\/span>5<\/a>\t\t<\/nav>\n\t\t\t\t\t\t<\/div>\n\t\t\t\t<\/div>\n\t\t\t\t\t<\/div>\n\t\t<\/div>\n\t\t\t\t\t<\/div>\n\t\t<\/section>\n\t\t\t\t<\/div>\n\t\t","protected":false},"excerpt":{"rendered":"","protected":false},"author":1,"featured_media":0,"parent":0,"menu_order":0,"comment_status":"closed","ping_status":"closed","template":"elementor_theme","meta":{"_acf_changed":false,"footnotes":""},"class_list":["post-6580","page","type-page","status-publish","hentry"],"acf":[],"_links":{"self":[{"href":"https:\/\/vouille86.fr\/mairie\/wp-json\/wp\/v2\/pages\/6580","targetHints":{"allow":["GET"]}}],"collection":[{"href":"https:\/\/vouille86.fr\/mairie\/wp-json\/wp\/v2\/pages"}],"about":[{"href":"https:\/\/vouille86.fr\/mairie\/wp-json\/wp\/v2\/types\/page"}],"author":[{"embeddable":true,"href":"https:\/\/vouille86.fr\/mairie\/wp-json\/wp\/v2\/users\/1"}],"replies":[{"embeddable":true,"href":"https:\/\/vouille86.fr\/mairie\/wp-json\/wp\/v2\/comments?post=6580"}],"version-history":[{"count":3,"href":"https:\/\/vouille86.fr\/mairie\/wp-json\/wp\/v2\/pages\/6580\/revisions"}],"predecessor-version":[{"id":6585,"href":"https:\/\/vouille86.fr\/mairie\/wp-json\/wp\/v2\/pages\/6580\/revisions\/6585"}],"wp:attachment":[{"href":"https:\/\/vouille86.fr\/mairie\/wp-json\/wp\/v2\/media?parent=6580"}],"curies":[{"name":"wp","href":"https:\/\/api.w.org\/{rel}","templated":true}]}}