{"id":4807,"date":"2022-04-07T15:07:18","date_gmt":"2022-04-07T13:07:18","guid":{"rendered":"https:\/\/vouille86.fr\/mairie\/?page_id=4807"},"modified":"2025-05-19T10:03:34","modified_gmt":"2025-05-19T08:03:34","slug":"promenades-decouvertes","status":"publish","type":"page","link":"https:\/\/vouille86.fr\/mairie\/promenades-decouvertes\/","title":{"rendered":"Promenades &#038; d\u00e9couvertes"},"content":{"rendered":"\t\t<div data-elementor-type=\"wp-page\" data-elementor-id=\"4807\" class=\"elementor elementor-4807\" data-elementor-post-type=\"page\">\n\t\t\t\t\t\t<section class=\"elementor-section elementor-top-section elementor-element elementor-element-300037aa elementor-section-boxed elementor-section-height-default elementor-section-height-default\" data-id=\"300037aa\" data-element_type=\"section\" data-e-type=\"section\">\n\t\t\t\t\t\t<div class=\"elementor-container elementor-column-gap-default\">\n\t\t\t\t\t<div class=\"elementor-column elementor-col-100 elementor-top-column elementor-element elementor-element-492243c\" data-id=\"492243c\" data-element_type=\"column\" data-e-type=\"column\">\n\t\t\t<div class=\"elementor-widget-wrap elementor-element-populated\">\n\t\t\t\t\t\t<div class=\"elementor-element elementor-element-2fac0b7f ariana elementor-widget elementor-widget-global elementor-global-2096 elementor-widget-shortcode\" data-id=\"2fac0b7f\" data-element_type=\"widget\" data-e-type=\"widget\" data-widget_type=\"shortcode.default\">\n\t\t\t\t<div class=\"elementor-widget-container\">\n\t\t\t\t\t<ul id=\"crumbs\"><li><a href=\"https:\/\/vouille86.fr\/mairie\">Accueil<\/a><\/li><\/ul>\t\t<div class=\"elementor-shortcode\"><\/div>\n\t\t\t\t\t\t<\/div>\n\t\t\t\t<\/div>\n\t\t\t\t\t<\/div>\n\t\t<\/div>\n\t\t\t\t\t<\/div>\n\t\t<\/section>\n\t\t\t\t<section class=\"elementor-section elementor-top-section elementor-element elementor-element-710a0528 elementor-section-boxed elementor-section-height-default elementor-section-height-default\" data-id=\"710a0528\" data-element_type=\"section\" data-e-type=\"section\">\n\t\t\t\t\t\t<div class=\"elementor-container elementor-column-gap-default\">\n\t\t\t\t\t<div class=\"elementor-column elementor-col-100 elementor-top-column elementor-element elementor-element-6e57b455\" data-id=\"6e57b455\" data-element_type=\"column\" data-e-type=\"column\">\n\t\t\t<div class=\"elementor-widget-wrap elementor-element-populated\">\n\t\t\t\t\t\t<div class=\"elementor-element elementor-element-794ce692 elementor-widget elementor-widget-heading\" data-id=\"794ce692\" data-element_type=\"widget\" data-e-type=\"widget\" data-widget_type=\"heading.default\">\n\t\t\t\t<div class=\"elementor-widget-container\">\n\t\t\t\t\t<h2 class=\"elementor-heading-title elementor-size-default\">Promenades &#038; d\u00e9couvertes<\/h2>\t\t\t\t<\/div>\n\t\t\t\t<\/div>\n\t\t\t\t<div class=\"elementor-element elementor-element-1340452 elementor-widget elementor-widget-accordion\" data-id=\"1340452\" data-element_type=\"widget\" data-e-type=\"widget\" data-widget_type=\"accordion.default\">\n\t\t\t\t<div class=\"elementor-widget-container\">\n\t\t\t\t\t\t\t<div class=\"elementor-accordion\">\n\t\t\t\t\t\t\t<div class=\"elementor-accordion-item\">\n\t\t\t\t\t<div id=\"elementor-tab-title-2011\" class=\"elementor-tab-title\" data-tab=\"1\" role=\"button\" aria-controls=\"elementor-tab-content-2011\" aria-expanded=\"false\">\n\t\t\t\t\t\t\t\t\t\t\t\t\t<span class=\"elementor-accordion-icon elementor-accordion-icon-left\" aria-hidden=\"true\">\n\t\t\t\t\t\t\t\t\t\t\t\t\t\t\t<span class=\"elementor-accordion-icon-closed\"><i class=\"fas fa-plus\"><\/i><\/span>\n\t\t\t\t\t\t\t\t<span class=\"elementor-accordion-icon-opened\"><i class=\"fas fa-minus\"><\/i><\/span>\n\t\t\t\t\t\t\t\t\t\t\t\t\t\t<\/span>\n\t\t\t\t\t\t\t\t\t\t\t\t<a class=\"elementor-accordion-title\" tabindex=\"0\">\ud83d\udeb6\ud83d\udeb4\u200d\u2642\ufe0f &nbsp SENTIERS P\u00c9DESTRES ET VTT<\/a>\n\t\t\t\t\t<\/div>\n\t\t\t\t\t<div id=\"elementor-tab-content-2011\" class=\"elementor-tab-content elementor-clearfix\" data-tab=\"1\" role=\"region\" aria-labelledby=\"elementor-tab-title-2011\"><p>Les chemins permettent \u00e0 tous de s\u2019initier aux joies de la marche \u00e0 pied ou du v\u00e9lo pour d\u00e9couvrir le territoire et son patrimoine.<\/p><p><strong>Circuit de la Vall\u00e9e de Ravard<\/strong> (balisage bleu)<br \/>Niveau facile : 12km \/ 3h00 \u00e0 4km\/h<br \/>Liaison verte 5km \/ 1h15 \u00e0 4km\/h<br \/><a href=\"https:\/\/vouille86.fr\/mairie\/wp-content\/uploads\/2022\/04\/circuit_vouille_bleu.pdf\">Circuit_vouille_bleu<\/a><\/p><p><strong>Circuit de la for\u00eat de Vouill\u00e9 St Hilaire<\/strong> (balisage rouge)<br \/>Niveau moyen : 18km \/ 4h30 \u00e0 4km\/h<br \/><a href=\"https:\/\/vouille86.fr\/mairie\/wp-content\/uploads\/2022\/04\/circuit_vouille_rouge.pdf\">Circuit_vouille_rouge<\/a><\/p><p><strong>Chemin de Saint-Martin de Ligug\u00e9<\/strong><br \/>Boucle de 500 km d\u2019itin\u00e9rance douce \u00e0 pied ou v\u00e9lo, comprenant Tours, Poitiers, Monts-sur-Guesnes, Fontevraud\u2026<\/p><p><a href=\"https:\/\/vouille86.fr\/mairie\/wp-content\/uploads\/2022\/04\/circuit_valleebouteilles_foret_vouille.pdf\">Circuit_vallee_bouteilles_foret_vouille<\/a><\/p><p><a href=\"https:\/\/vouille86.fr\/mairie\/wp-content\/uploads\/2022\/04\/circuit_vtt.pdf\">Circuit_vtt<\/a><\/p><p>Une<strong> liaison douce accessible aux pi\u00e9tons, coureurs et cyclistes<\/strong>\u00a0a \u00e9t\u00e9 cr\u00e9\u00e9e pour relier Traversonne, la for\u00eat et le centre bourg.<\/p><p>Ci-dessous le trac\u00e9 d&rsquo;une boucle de 14 km avec un d\u00e9part du boulodrome jusqu&rsquo;au parc de la Gorande en passant par Traversonne et la for\u00eat domaniale.<\/p><p>\u00a0<\/p><p><iframe src=\"\/\/umap.openstreetmap.fr\/fr\/map\/mai-a-velo_1208987?scaleControl=false&amp;miniMap=false&amp;scrollWheelZoom=false&amp;zoomControl=true&amp;editMode=disabled&amp;moreControl=true&amp;searchControl=null&amp;tilelayersControl=null&amp;embedControl=null&amp;datalayersControl=true&amp;onLoadPanel=none&amp;captionBar=false&amp;captionMenus=true\" width=\"100%\" height=\"300px\" frameborder=\"0\" allowfullscreen=\"allowfullscreen\"><\/iframe><\/p><p><a href=\"\/\/umap.openstreetmap.fr\/fr\/map\/mai-a-velo_1208987?scaleControl=false&amp;miniMap=false&amp;scrollWheelZoom=true&amp;zoomControl=true&amp;editMode=disabled&amp;moreControl=true&amp;searchControl=null&amp;tilelayersControl=null&amp;embedControl=null&amp;datalayersControl=true&amp;onLoadPanel=none&amp;captionBar=false&amp;captionMenus=true\">Voir en plein \u00e9cran<\/a><\/p><p><img fetchpriority=\"high\" decoding=\"async\" class=\"alignleft size-full wp-image-12704\" src=\"https:\/\/vouille86.fr\/mairie\/wp-content\/uploads\/2025\/03\/chemin_vouilleIGN-003.jpg\" alt=\"\" width=\"1240\" height=\"1752\" srcset=\"https:\/\/vouille86.fr\/mairie\/wp-content\/uploads\/2025\/03\/chemin_vouilleIGN-003.jpg 1240w, https:\/\/vouille86.fr\/mairie\/wp-content\/uploads\/2025\/03\/chemin_vouilleIGN-003-212x300.jpg 212w, https:\/\/vouille86.fr\/mairie\/wp-content\/uploads\/2025\/03\/chemin_vouilleIGN-003-725x1024.jpg 725w, https:\/\/vouille86.fr\/mairie\/wp-content\/uploads\/2025\/03\/chemin_vouilleIGN-003-768x1085.jpg 768w, https:\/\/vouille86.fr\/mairie\/wp-content\/uploads\/2025\/03\/chemin_vouilleIGN-003-1087x1536.jpg 1087w\" sizes=\"(max-width: 1240px) 100vw, 1240px\" \/><\/p><\/div>\n\t\t\t\t<\/div>\n\t\t\t\t\t\t\t<div class=\"elementor-accordion-item\">\n\t\t\t\t\t<div id=\"elementor-tab-title-2012\" class=\"elementor-tab-title\" data-tab=\"2\" role=\"button\" aria-controls=\"elementor-tab-content-2012\" aria-expanded=\"false\">\n\t\t\t\t\t\t\t\t\t\t\t\t\t<span class=\"elementor-accordion-icon elementor-accordion-icon-left\" aria-hidden=\"true\">\n\t\t\t\t\t\t\t\t\t\t\t\t\t\t\t<span class=\"elementor-accordion-icon-closed\"><i class=\"fas fa-plus\"><\/i><\/span>\n\t\t\t\t\t\t\t\t<span class=\"elementor-accordion-icon-opened\"><i class=\"fas fa-minus\"><\/i><\/span>\n\t\t\t\t\t\t\t\t\t\t\t\t\t\t<\/span>\n\t\t\t\t\t\t\t\t\t\t\t\t<a class=\"elementor-accordion-title\" tabindex=\"0\">\ud83d\udcf1JEU DE PISTE CONNECT\u00c9 BALUDIK \u00ab SUR LA PISTE DES PUITS \u00bb<\/a>\n\t\t\t\t\t<\/div>\n\t\t\t\t\t<div id=\"elementor-tab-content-2012\" class=\"elementor-tab-content elementor-clearfix\" data-tab=\"2\" role=\"region\" aria-labelledby=\"elementor-tab-title-2012\"><p><a href=\"https:\/\/vouille86.fr\/mairie\/wp-content\/uploads\/2023\/03\/SentierBaludikVouille2-scaled.jpg\"><img decoding=\"async\" class=\"wp-image-9638 size-thumbnail alignright\" src=\"https:\/\/vouille86.fr\/mairie\/wp-content\/uploads\/2023\/03\/SentierBaludikVouille2-150x150.jpg\" alt=\"\" width=\"150\" height=\"150\" \/><\/a>La Commune de Vouill\u00e9 vous invite \u00e0 participer \u00e0 un nouveau jeu de piste \u00ab\u00a0Sur la piste des puits\u00a0\u00bb avec l&rsquo;application \u00ab\u00a0<a href=\"https:\/\/baludik.fr\/\" target=\"_blank\" rel=\"noopener\" data-saferedirecturl=\"https:\/\/www.google.com\/url?q=https:\/\/baludik.fr\/&amp;source=gmail&amp;ust=1680331717798000&amp;usg=AOvVaw0QWyCevGkaQwR3IhwNnZAw\">Baludik<\/a>\u00a0\u00bb !<\/p><p>Lorsqu\u2019ils \u00e9taient enfants, Clovis et ses amis ont cach\u00e9 une bo\u00eete \u00e0 souvenirs entre les pierres d\u2019un puits du village de Vouill\u00e9. Aujourd\u2019hui, Clovis aimerait la retrouver pour montrer \u00e0 sa petite fille Clotilde tous les tr\u00e9sors qu\u2019elle contient. Le probl\u00e8me c\u2019est qu\u2019il ne se souvient plus vraiment de quel puits il s\u2019agissait&#8230;<\/p><p>Partez \u00e0 l\u2019aventure \u00e0 travers le village et menez l\u2019enqu\u00eate en compagnie de Clovis et Clotilde, pour retrouver la fameuse bo\u00eete \u00e0 souvenirs ! A chaque \u00e9tape, accomplissez les missions et d\u00e9couvrez de nouvelles anecdotes sur l\u2019histoire de Vouill\u00e9 tout en vous amusant.<\/p><p><u>Informations pratiques :<a href=\"https:\/\/vouille86.fr\/mairie\/wp-content\/uploads\/2023\/03\/Mockup-Ville-de-Vouille.png\"><img decoding=\"async\" class=\"size-medium wp-image-9563 alignright\" src=\"https:\/\/vouille86.fr\/mairie\/wp-content\/uploads\/2023\/03\/Mockup-Ville-de-Vouille-278x300.png\" alt=\"\" width=\"278\" height=\"300\" srcset=\"https:\/\/vouille86.fr\/mairie\/wp-content\/uploads\/2023\/03\/Mockup-Ville-de-Vouille-278x300.png 278w, https:\/\/vouille86.fr\/mairie\/wp-content\/uploads\/2023\/03\/Mockup-Ville-de-Vouille-949x1024.png 949w, https:\/\/vouille86.fr\/mairie\/wp-content\/uploads\/2023\/03\/Mockup-Ville-de-Vouille-768x828.png 768w, https:\/\/vouille86.fr\/mairie\/wp-content\/uploads\/2023\/03\/Mockup-Ville-de-Vouille-1424x1536.png 1424w, https:\/\/vouille86.fr\/mairie\/wp-content\/uploads\/2023\/03\/Mockup-Ville-de-Vouille-1899x2048.png 1899w, https:\/\/vouille86.fr\/mairie\/wp-content\/uploads\/2023\/03\/Mockup-Ville-de-Vouille.png 2000w\" sizes=\"(max-width: 278px) 100vw, 278px\" \/><\/a><\/u><\/p><ul><li>Le parcours \u00ab\u00a0sur la piste des puits\u00a0\u00bb fait 4 km et dure environ 2h.<\/li><li>Le d\u00e9part se fait devant l\u2019Office de tourisme du Haut-Poitou.<\/li><li>Application gratuite \u00ab Baludik \u00bb \u00e0 t\u00e9l\u00e9charger sur Android et IOS.<\/li><li>Pour les personnes \u00e0 mobilit\u00e9 r\u00e9duite ou les promeneurs en poussette, des itin\u00e9raires bis sont indiqu\u00e9s dans les indices pour ne pas emprunter les escaliers.<\/li><\/ul><div>Plus d&rsquo;informations : Mairie de Vouill\u00e9 &#8211; 05 49 54 20 30 &#8211;\u00a0<a href=\"mailto:mairie@vouille86.fr\" target=\"_blank\" rel=\"noopener\">mairie@vouille86.fr<\/a>\u00a0&#8211;<a href=\"http:\/\/www.vouille86.fr\/\" target=\"_blank\" rel=\"noopener\" data-saferedirecturl=\"https:\/\/www.google.com\/url?q=http:\/\/www.vouille86.fr&amp;source=gmail&amp;ust=1680331717798000&amp;usg=AOvVaw2T3LyXJWKHy4-NJ-QymQG3\">\u00a0www.vouille86.fr<\/a><\/div><div><a href=\"https:\/\/vouille86.fr\/mairie\/wp-content\/uploads\/2023\/03\/Baludik-logo-bleu.png\"><img loading=\"lazy\" decoding=\"async\" class=\"alignnone wp-image-9561 size-medium\" src=\"https:\/\/vouille86.fr\/mairie\/wp-content\/uploads\/2023\/03\/Baludik-logo-bleu-300x188.png\" alt=\"\" width=\"300\" height=\"188\" srcset=\"https:\/\/vouille86.fr\/mairie\/wp-content\/uploads\/2023\/03\/Baludik-logo-bleu-300x188.png 300w, https:\/\/vouille86.fr\/mairie\/wp-content\/uploads\/2023\/03\/Baludik-logo-bleu.png 567w\" sizes=\"(max-width: 300px) 100vw, 300px\" \/><\/a><\/div><\/div>\n\t\t\t\t<\/div>\n\t\t\t\t\t\t\t<div class=\"elementor-accordion-item\">\n\t\t\t\t\t<div id=\"elementor-tab-title-2013\" class=\"elementor-tab-title\" data-tab=\"3\" role=\"button\" aria-controls=\"elementor-tab-content-2013\" aria-expanded=\"false\">\n\t\t\t\t\t\t\t\t\t\t\t\t\t<span class=\"elementor-accordion-icon elementor-accordion-icon-left\" aria-hidden=\"true\">\n\t\t\t\t\t\t\t\t\t\t\t\t\t\t\t<span class=\"elementor-accordion-icon-closed\"><i class=\"fas fa-plus\"><\/i><\/span>\n\t\t\t\t\t\t\t\t<span class=\"elementor-accordion-icon-opened\"><i class=\"fas fa-minus\"><\/i><\/span>\n\t\t\t\t\t\t\t\t\t\t\t\t\t\t<\/span>\n\t\t\t\t\t\t\t\t\t\t\t\t<a class=\"elementor-accordion-title\" tabindex=\"0\">\ud83d\udcf1 PARCOURS CONNECT\u00c9 \u00ab VOUILL\u00c9, UN VILLAGE CHARG\u00c9 D\u2019HISTOIRE \u00bb<\/a>\n\t\t\t\t\t<\/div>\n\t\t\t\t\t<div id=\"elementor-tab-content-2013\" class=\"elementor-tab-content elementor-clearfix\" data-tab=\"3\" role=\"region\" aria-labelledby=\"elementor-tab-title-2013\"><p>Cr\u00e9\u00e9 par l\u2019association <strong>Vouill\u00e9 et son Histoire<\/strong>, ce parcours de quelques kilom\u00e8tres dans le bourg, fait revivre \u00e0 l\u2019utilisateur les moments phares de l\u2019histoire de Vouill\u00e9 !<br \/><strong>Infos pratiques<\/strong> : Application gratuite \u00abD\u00e9couverte touristique du bourg\u00bb. D\u00e9part du parcours : Place Fran\u00e7ois Albert (centre bourg).<\/p><p>Site internet : <a href=\"https:\/\/507vouillelabataille.com\" target=\"_blank\" rel=\"noopener\">https:\/\/507vouillelabataille.com<\/a><\/p><div id='gallery-1' class='gallery galleryid-4807 gallery-columns-3 gallery-size-thumbnail'><figure class='gallery-item'>\n\t\t\t<div class='gallery-icon portrait'>\n\t\t\t\t<a href='https:\/\/vouille86.fr\/mairie\/wp-content\/uploads\/2022\/04\/1.png'><img loading=\"lazy\" decoding=\"async\" width=\"150\" height=\"150\" src=\"https:\/\/vouille86.fr\/mairie\/wp-content\/uploads\/2022\/04\/1-150x150.png\" class=\"attachment-thumbnail size-thumbnail\" alt=\"\" \/><\/a>\n\t\t\t<\/div><\/figure><figure class='gallery-item'>\n\t\t\t<div class='gallery-icon portrait'>\n\t\t\t\t<a href='https:\/\/vouille86.fr\/mairie\/wp-content\/uploads\/2022\/04\/2.png'><img loading=\"lazy\" decoding=\"async\" width=\"150\" height=\"150\" src=\"https:\/\/vouille86.fr\/mairie\/wp-content\/uploads\/2022\/04\/2-150x150.png\" class=\"attachment-thumbnail size-thumbnail\" alt=\"\" \/><\/a>\n\t\t\t<\/div><\/figure><figure class='gallery-item'>\n\t\t\t<div class='gallery-icon portrait'>\n\t\t\t\t<a href='https:\/\/vouille86.fr\/mairie\/wp-content\/uploads\/2022\/04\/3.png'><img loading=\"lazy\" decoding=\"async\" width=\"150\" height=\"150\" src=\"https:\/\/vouille86.fr\/mairie\/wp-content\/uploads\/2022\/04\/3-150x150.png\" class=\"attachment-thumbnail size-thumbnail\" alt=\"\" \/><\/a>\n\t\t\t<\/div><\/figure><figure class='gallery-item'>\n\t\t\t<div class='gallery-icon portrait'>\n\t\t\t\t<a href='https:\/\/vouille86.fr\/mairie\/wp-content\/uploads\/2022\/04\/4.png'><img loading=\"lazy\" decoding=\"async\" width=\"150\" height=\"150\" src=\"https:\/\/vouille86.fr\/mairie\/wp-content\/uploads\/2022\/04\/4-150x150.png\" class=\"attachment-thumbnail size-thumbnail\" alt=\"\" \/><\/a>\n\t\t\t<\/div><\/figure><figure class='gallery-item'>\n\t\t\t<div class='gallery-icon portrait'>\n\t\t\t\t<a href='https:\/\/vouille86.fr\/mairie\/wp-content\/uploads\/2022\/04\/5.png'><img loading=\"lazy\" decoding=\"async\" width=\"150\" height=\"150\" src=\"https:\/\/vouille86.fr\/mairie\/wp-content\/uploads\/2022\/04\/5-150x150.png\" class=\"attachment-thumbnail size-thumbnail\" alt=\"\" \/><\/a>\n\t\t\t<\/div><\/figure>\n\t\t<\/div>\n<p>Android :<a href=\"https:\/\/play.google.com\/store\/apps\/details?id=com.laurentpeignault.vouille\" target=\"_blank\" rel=\"noopener\">\u00a0https:\/\/play.google.com\/store\/apps\/details?id=com.laurentpeignault.vouille<\/a><\/p><p>iOs : <a href=\"https:\/\/apps.apple.com\/fr\/app\/id1518813927\" target=\"_blank\" rel=\"noopener\">https:\/\/apps.apple.com\/fr\/app\/id1518813927<\/a><\/p><\/div>\n\t\t\t\t<\/div>\n\t\t\t\t\t\t\t<div class=\"elementor-accordion-item\">\n\t\t\t\t\t<div id=\"elementor-tab-title-2014\" class=\"elementor-tab-title\" data-tab=\"4\" role=\"button\" aria-controls=\"elementor-tab-content-2014\" aria-expanded=\"false\">\n\t\t\t\t\t\t\t\t\t\t\t\t\t<span class=\"elementor-accordion-icon elementor-accordion-icon-left\" aria-hidden=\"true\">\n\t\t\t\t\t\t\t\t\t\t\t\t\t\t\t<span class=\"elementor-accordion-icon-closed\"><i class=\"fas fa-plus\"><\/i><\/span>\n\t\t\t\t\t\t\t\t<span class=\"elementor-accordion-icon-opened\"><i class=\"fas fa-minus\"><\/i><\/span>\n\t\t\t\t\t\t\t\t\t\t\t\t\t\t<\/span>\n\t\t\t\t\t\t\t\t\t\t\t\t<a class=\"elementor-accordion-title\" tabindex=\"0\">\ud83c\udf33 &nbsp SENTIER LUDIQUE EN FOR\u00caT DE VOUILL\u00c9<\/a>\n\t\t\t\t\t<\/div>\n\t\t\t\t\t<div id=\"elementor-tab-content-2014\" class=\"elementor-tab-content elementor-clearfix\" data-tab=\"4\" role=\"region\" aria-labelledby=\"elementor-tab-title-2014\"><p><img loading=\"lazy\" decoding=\"async\" class=\"size-medium wp-image-6854 alignleft\" src=\"https:\/\/vouille86.fr\/mairie\/wp-content\/uploads\/2022\/05\/feemerveille-175x300.jpg\" alt=\"\" width=\"175\" height=\"300\" srcset=\"https:\/\/vouille86.fr\/mairie\/wp-content\/uploads\/2022\/05\/feemerveille-175x300.jpg 175w, https:\/\/vouille86.fr\/mairie\/wp-content\/uploads\/2022\/05\/feemerveille-596x1024.jpg 596w, https:\/\/vouille86.fr\/mairie\/wp-content\/uploads\/2022\/05\/feemerveille.jpg 720w\" sizes=\"(max-width: 175px) 100vw, 175px\" \/>Ce sentier propose une d\u00e9couverte nouvelle de la for\u00eat avec l\u2019application<strong> \u00ab\u00a0Sur la Piste de Merveille\u00a0\u00bb<\/strong>. La f\u00e9e Merveille est frapp\u00e9e du mauvais sort et les enfants doivent lui venir en aide gr\u00e2ce \u00e0 l\u2019application !<\/p><p><strong>Infos pratiques :<\/strong> <br \/>Application gratuite \u00abSur la Piste de Merveille\u00bb. <br \/>Infos compl\u00e9mentaires aupr\u00e8s de l\u2019Office de Tourisme du Haut-Poitou. <br \/><strong>D\u00e9part<\/strong> : Bois aux Clercs, parking de la zone du silence (\u00e0 7 km de Vouill\u00e9)<\/p><p><span style=\"text-decoration: underline;\"><strong>T\u00e9l\u00e9chargements:<br \/><\/strong><\/span>Android : <a href=\"https:\/\/play.google.com\/store\/apps\/details?id=net.ateliernature.android.onf.poitiers.explocaching&amp;gl=FR\" target=\"_blank\" rel=\"noopener\">https:\/\/play.google.com\/store\/apps\/details?id=net.ateliernature.android.onf.poitiers.explocaching&amp;gl=FR<\/a><\/p><p>iOs : <a href=\"https:\/\/apps.apple.com\/fr\/app\/sur-la-piste-de-merveille\/id1179814179\" target=\"_blank\" rel=\"noopener\">https:\/\/apps.apple.com\/fr\/app\/sur-la-piste-de-merveille\/id1179814179<\/a><\/p><\/div>\n\t\t\t\t<\/div>\n\t\t\t\t\t\t\t<div class=\"elementor-accordion-item\">\n\t\t\t\t\t<div id=\"elementor-tab-title-2015\" class=\"elementor-tab-title\" data-tab=\"5\" role=\"button\" aria-controls=\"elementor-tab-content-2015\" aria-expanded=\"false\">\n\t\t\t\t\t\t\t\t\t\t\t\t\t<span class=\"elementor-accordion-icon elementor-accordion-icon-left\" aria-hidden=\"true\">\n\t\t\t\t\t\t\t\t\t\t\t\t\t\t\t<span class=\"elementor-accordion-icon-closed\"><i class=\"fas fa-plus\"><\/i><\/span>\n\t\t\t\t\t\t\t\t<span class=\"elementor-accordion-icon-opened\"><i class=\"fas fa-minus\"><\/i><\/span>\n\t\t\t\t\t\t\t\t\t\t\t\t\t\t<\/span>\n\t\t\t\t\t\t\t\t\t\t\t\t<a class=\"elementor-accordion-title\" tabindex=\"0\">\ud83d\udd75\ufe0f\u200d\u2640\ufe0f &nbsp T\u00c8RRA AVENTURA <\/a>\n\t\t\t\t\t<\/div>\n\t\t\t\t\t<div id=\"elementor-tab-content-2015\" class=\"elementor-tab-content elementor-clearfix\" data-tab=\"5\" role=\"region\" aria-labelledby=\"elementor-tab-title-2015\"><p><strong><img loading=\"lazy\" decoding=\"async\" class=\"size-full wp-image-6857 alignleft\" src=\"https:\/\/vouille86.fr\/mairie\/wp-content\/uploads\/2022\/05\/terraventura2.png\" alt=\"\" width=\"180\" height=\"180\" srcset=\"https:\/\/vouille86.fr\/mairie\/wp-content\/uploads\/2022\/05\/terraventura2.png 180w, https:\/\/vouille86.fr\/mairie\/wp-content\/uploads\/2022\/05\/terraventura2-150x150.png 150w\" sizes=\"(max-width: 180px) 100vw, 180px\" \/>Parcours de g\u00e9ocaching \u00ab Sans Clo, ni Vis\u2026 \u00bb<\/strong><br \/>Et si on continuait \u00e0 chasser les tr\u00e9sors avec T\u00e8rra Aventura ?<\/p><p>Suivez Zarthus dans les rues de Vouill\u00e9 et d\u00e9couvrez le patrimoine local et les anecdotes tout en jouant.<\/p><p>Une fois ce parcours valid\u00e9, dirigez-vous vers Ayron o\u00f9 un circuit in\u00e9dit vous attend !<\/p><p><strong>Infos pratiques :<\/strong> Application gratuite ou t\u00e9l\u00e9chargement des fiches parcours sur le site internet <a href=\"http:\/\/www.terra-aventura.fr\" target=\"_blank\" rel=\"noopener\">www.terra-aventura.fr<\/a>.<\/p><p><strong>D\u00e9part :<\/strong> centre bourg<\/p><\/div>\n\t\t\t\t<\/div>\n\t\t\t\t\t\t\t<div class=\"elementor-accordion-item\">\n\t\t\t\t\t<div id=\"elementor-tab-title-2016\" class=\"elementor-tab-title\" data-tab=\"6\" role=\"button\" aria-controls=\"elementor-tab-content-2016\" aria-expanded=\"false\">\n\t\t\t\t\t\t\t\t\t\t\t\t\t<span class=\"elementor-accordion-icon elementor-accordion-icon-left\" aria-hidden=\"true\">\n\t\t\t\t\t\t\t\t\t\t\t\t\t\t\t<span class=\"elementor-accordion-icon-closed\"><i class=\"fas fa-plus\"><\/i><\/span>\n\t\t\t\t\t\t\t\t<span class=\"elementor-accordion-icon-opened\"><i class=\"fas fa-minus\"><\/i><\/span>\n\t\t\t\t\t\t\t\t\t\t\t\t\t\t<\/span>\n\t\t\t\t\t\t\t\t\t\t\t\t<a class=\"elementor-accordion-title\" tabindex=\"0\">ROUTE HISTORIQUE DES ABBAYES ET DES MONUMENTS DU HAUT-POITOU<\/a>\n\t\t\t\t\t<\/div>\n\t\t\t\t\t<div id=\"elementor-tab-content-2016\" class=\"elementor-tab-content elementor-clearfix\" data-tab=\"6\" role=\"region\" aria-labelledby=\"elementor-tab-title-2016\"><p>Vouill\u00e9 fait partie du circuit \u00ab\u00a0M\u00e9lusine\u00a0\u00bb qui fait d\u00e9couvrir aux visiteurs les monuments du Haut-Poitou : <a href=\"https:\/\/routehistorique86.com\/wp-content\/uploads\/2019\/06\/De%CC%81pliant-2019-Route-historique.pdf\" target=\"_blank\" rel=\"noopener\">Parcours<\/a><\/p><p>Plus d&rsquo;informations sur <a href=\"https:\/\/www.routehistorique86.com\" target=\"_blank\" rel=\"noopener\">https:\/\/www.routehistorique86.com<\/a><\/p><\/div>\n\t\t\t\t<\/div>\n\t\t\t\t\t\t\t\t<\/div>\n\t\t\t\t\t\t<\/div>\n\t\t\t\t<\/div>\n\t\t\t\t<div class=\"elementor-element elementor-element-44bbd7b9 elementor-share-buttons--view-icon elementor-share-buttons--skin-minimal elementor-share-buttons--color-custom elementor-share-buttons--shape-square elementor-grid-0 elementor-widget elementor-widget-global elementor-global-2201 elementor-widget-share-buttons\" data-id=\"44bbd7b9\" data-element_type=\"widget\" data-e-type=\"widget\" data-widget_type=\"share-buttons.default\">\n\t\t\t\t<div class=\"elementor-widget-container\">\n\t\t\t\t\t\t\t<div class=\"elementor-grid\" role=\"list\">\n\t\t\t\t\t\t\t\t<div class=\"elementor-grid-item\" role=\"listitem\">\n\t\t\t\t\t\t<div class=\"elementor-share-btn elementor-share-btn_facebook\" role=\"button\" tabindex=\"0\" aria-label=\"Partager sur facebook\">\n\t\t\t\t\t\t\t\t\t\t\t\t\t\t\t<span class=\"elementor-share-btn__icon\">\n\t\t\t\t\t\t\t\t<i class=\"fab fa-facebook\" aria-hidden=\"true\"><\/i>\t\t\t\t\t\t\t<\/span>\n\t\t\t\t\t\t\t\t\t\t\t\t\t\t\t\t\t\t\t\t<\/div>\n\t\t\t\t\t<\/div>\n\t\t\t\t\t\t\t\t\t<div class=\"elementor-grid-item\" role=\"listitem\">\n\t\t\t\t\t\t<div class=\"elementor-share-btn elementor-share-btn_twitter\" role=\"button\" tabindex=\"0\" aria-label=\"Partager sur twitter\">\n\t\t\t\t\t\t\t\t\t\t\t\t\t\t\t<span class=\"elementor-share-btn__icon\">\n\t\t\t\t\t\t\t\t<i class=\"fab fa-twitter\" aria-hidden=\"true\"><\/i>\t\t\t\t\t\t\t<\/span>\n\t\t\t\t\t\t\t\t\t\t\t\t\t\t\t\t\t\t\t\t<\/div>\n\t\t\t\t\t<\/div>\n\t\t\t\t\t\t\t\t\t<div class=\"elementor-grid-item\" role=\"listitem\">\n\t\t\t\t\t\t<div class=\"elementor-share-btn elementor-share-btn_whatsapp\" role=\"button\" tabindex=\"0\" aria-label=\"Partager sur whatsapp\">\n\t\t\t\t\t\t\t\t\t\t\t\t\t\t\t<span class=\"elementor-share-btn__icon\">\n\t\t\t\t\t\t\t\t<i class=\"fab fa-whatsapp\" aria-hidden=\"true\"><\/i>\t\t\t\t\t\t\t<\/span>\n\t\t\t\t\t\t\t\t\t\t\t\t\t\t\t\t\t\t\t\t<\/div>\n\t\t\t\t\t<\/div>\n\t\t\t\t\t\t\t\t\t<div class=\"elementor-grid-item\" role=\"listitem\">\n\t\t\t\t\t\t<div class=\"elementor-share-btn elementor-share-btn_email\" role=\"button\" tabindex=\"0\" aria-label=\"Partager sur email\">\n\t\t\t\t\t\t\t\t\t\t\t\t\t\t\t<span class=\"elementor-share-btn__icon\">\n\t\t\t\t\t\t\t\t<i class=\"fas fa-envelope\" aria-hidden=\"true\"><\/i>\t\t\t\t\t\t\t<\/span>\n\t\t\t\t\t\t\t\t\t\t\t\t\t\t\t\t\t\t\t\t<\/div>\n\t\t\t\t\t<\/div>\n\t\t\t\t\t\t<\/div>\n\t\t\t\t\t\t<\/div>\n\t\t\t\t<\/div>\n\t\t\t\t\t<\/div>\n\t\t<\/div>\n\t\t\t\t\t<\/div>\n\t\t<\/section>\n\t\t\t\t<\/div>\n\t\t","protected":false},"excerpt":{"rendered":"<p>\ud83d\udeb6\ud83d\udeb4\u200d\u2642\ufe0f &#038;nbsp SENTIERS P\u00c9DESTRES ET VTT Les chemins permettent \u00e0 tous de s\u2019initier aux joies de la marche \u00e0 pied ou du v\u00e9lo pour d\u00e9couvrir le territoire et son patrimoine. Circuit de la Vall\u00e9e de Ravard (balisage bleu)Niveau facile : 12km \/ 3h00 \u00e0 4km\/hLiaison verte 5km \/ 1h15 \u00e0 4km\/hCircuit_vouille_bleu Circuit de la for\u00eat&#8230;<\/p>\n","protected":false},"author":1,"featured_media":0,"parent":0,"menu_order":0,"comment_status":"closed","ping_status":"closed","template":"","meta":{"_acf_changed":false,"footnotes":""},"class_list":["post-4807","page","type-page","status-publish","hentry"],"acf":[],"_links":{"self":[{"href":"https:\/\/vouille86.fr\/mairie\/wp-json\/wp\/v2\/pages\/4807","targetHints":{"allow":["GET"]}}],"collection":[{"href":"https:\/\/vouille86.fr\/mairie\/wp-json\/wp\/v2\/pages"}],"about":[{"href":"https:\/\/vouille86.fr\/mairie\/wp-json\/wp\/v2\/types\/page"}],"author":[{"embeddable":true,"href":"https:\/\/vouille86.fr\/mairie\/wp-json\/wp\/v2\/users\/1"}],"replies":[{"embeddable":true,"href":"https:\/\/vouille86.fr\/mairie\/wp-json\/wp\/v2\/comments?post=4807"}],"version-history":[{"count":86,"href":"https:\/\/vouille86.fr\/mairie\/wp-json\/wp\/v2\/pages\/4807\/revisions"}],"predecessor-version":[{"id":12981,"href":"https:\/\/vouille86.fr\/mairie\/wp-json\/wp\/v2\/pages\/4807\/revisions\/12981"}],"wp:attachment":[{"href":"https:\/\/vouille86.fr\/mairie\/wp-json\/wp\/v2\/media?parent=4807"}],"curies":[{"name":"wp","href":"https:\/\/api.w.org\/{rel}","templated":true}]}}