{"id":4750,"date":"2022-04-07T13:47:24","date_gmt":"2022-04-07T11:47:24","guid":{"rendered":"https:\/\/vouille86.fr\/mairie\/?page_id=4750"},"modified":"2025-05-06T16:29:25","modified_gmt":"2025-05-06T14:29:25","slug":"histoire-et-patrimoine","status":"publish","type":"page","link":"https:\/\/vouille86.fr\/mairie\/histoire-et-patrimoine\/","title":{"rendered":"Histoire et patrimoine"},"content":{"rendered":"\t\t<div data-elementor-type=\"wp-page\" data-elementor-id=\"4750\" class=\"elementor elementor-4750\" data-elementor-post-type=\"page\">\n\t\t\t\t\t\t<section class=\"elementor-section elementor-top-section elementor-element elementor-element-4f4c79de elementor-section-boxed elementor-section-height-default elementor-section-height-default\" data-id=\"4f4c79de\" data-element_type=\"section\" data-e-type=\"section\">\n\t\t\t\t\t\t<div class=\"elementor-container elementor-column-gap-default\">\n\t\t\t\t\t<div class=\"elementor-column elementor-col-100 elementor-top-column elementor-element elementor-element-43ab1b98\" data-id=\"43ab1b98\" data-element_type=\"column\" data-e-type=\"column\">\n\t\t\t<div class=\"elementor-widget-wrap elementor-element-populated\">\n\t\t\t\t\t\t<div class=\"elementor-element elementor-element-5243eb04 ariana elementor-widget elementor-widget-global elementor-global-2096 elementor-widget-shortcode\" data-id=\"5243eb04\" data-element_type=\"widget\" data-e-type=\"widget\" data-widget_type=\"shortcode.default\">\n\t\t\t\t<div class=\"elementor-widget-container\">\n\t\t\t\t\t<ul id=\"crumbs\"><li><a href=\"https:\/\/vouille86.fr\/mairie\">Accueil<\/a><\/li><\/ul>\t\t<div class=\"elementor-shortcode\"><\/div>\n\t\t\t\t\t\t<\/div>\n\t\t\t\t<\/div>\n\t\t\t\t\t<\/div>\n\t\t<\/div>\n\t\t\t\t\t<\/div>\n\t\t<\/section>\n\t\t\t\t<section class=\"elementor-section elementor-top-section elementor-element elementor-element-658e5800 elementor-section-boxed elementor-section-height-default elementor-section-height-default\" data-id=\"658e5800\" data-element_type=\"section\" data-e-type=\"section\">\n\t\t\t\t\t\t<div class=\"elementor-container elementor-column-gap-default\">\n\t\t\t\t\t<div class=\"elementor-column elementor-col-100 elementor-top-column elementor-element elementor-element-443451bc\" data-id=\"443451bc\" data-element_type=\"column\" data-e-type=\"column\">\n\t\t\t<div class=\"elementor-widget-wrap elementor-element-populated\">\n\t\t\t\t\t\t<div class=\"elementor-element elementor-element-23660c98 elementor-widget elementor-widget-heading\" data-id=\"23660c98\" data-element_type=\"widget\" data-e-type=\"widget\" data-widget_type=\"heading.default\">\n\t\t\t\t<div class=\"elementor-widget-container\">\n\t\t\t\t\t<h2 class=\"elementor-heading-title elementor-size-default\">Histoire et patrimoine<\/h2>\t\t\t\t<\/div>\n\t\t\t\t<\/div>\n\t\t\t\t<div class=\"elementor-element elementor-element-2f0a197f elementor-widget elementor-widget-text-editor\" data-id=\"2f0a197f\" data-element_type=\"widget\" data-e-type=\"widget\" data-widget_type=\"text-editor.default\">\n\t\t\t\t<div class=\"elementor-widget-container\">\n\t\t\t\t\t\t\t\t\t<p><img fetchpriority=\"high\" decoding=\"async\" class=\"wp-image-6820 size-medium alignright\" src=\"https:\/\/vouille86.fr\/mairie\/wp-content\/uploads\/2022\/05\/P1080293-scaled-e1652191892389-248x300.jpg\" alt=\"sarcophage-m\u00e9rovingien\" width=\"248\" height=\"300\" srcset=\"https:\/\/vouille86.fr\/mairie\/wp-content\/uploads\/2022\/05\/P1080293-scaled-e1652191892389-248x300.jpg 248w, https:\/\/vouille86.fr\/mairie\/wp-content\/uploads\/2022\/05\/P1080293-scaled-e1652191892389-846x1024.jpg 846w, https:\/\/vouille86.fr\/mairie\/wp-content\/uploads\/2022\/05\/P1080293-scaled-e1652191892389-768x929.jpg 768w, https:\/\/vouille86.fr\/mairie\/wp-content\/uploads\/2022\/05\/P1080293-scaled-e1652191892389-1270x1536.jpg 1270w, https:\/\/vouille86.fr\/mairie\/wp-content\/uploads\/2022\/05\/P1080293-scaled-e1652191892389.jpg 1587w\" sizes=\"(max-width: 248px) 100vw, 248px\" \/><\/p><p>En l\u2019an 507, un terrible affrontement eu lieu sur nos terres Vouglaisiennes. Premi\u00e8re des 3 batailles de Poitiers, Clovis, alors Roi des Francs, affronta Alaric II, le roi des Wisigoths (Espagne).<\/p><p>La victoire \u00e0 Vouill\u00e9 par Clovis fut une \u00e9tape fondamentale dans la r\u00e9unification de la Gaule.<\/p><p>M\u00eame si aujourd\u2019hui nous avons peu de vestige de ce pass\u00e9 guerrier, en fl\u00e2nant \u00e0 travers les rues, on peut d\u00e9couvrir le charme de notre centre bourg m\u00e9di\u00e9val et de notre patrimoine b\u00e2ti avec une application num\u00e9rique d\u00e9di\u00e9e : \u00e9glise Sainte-Radegonde, Porte de la Ville, pigeonnier, Grande Maison du XVI\u00e8me si\u00e8cle, fours \u00e0 chaux\u2026<\/p>\t\t\t\t\t\t\t\t<\/div>\n\t\t\t\t<\/div>\n\t\t\t\t<div class=\"elementor-element elementor-element-1aeaac34 elementor-widget elementor-widget-accordion\" data-id=\"1aeaac34\" data-element_type=\"widget\" data-e-type=\"widget\" data-widget_type=\"accordion.default\">\n\t\t\t\t<div class=\"elementor-widget-container\">\n\t\t\t\t\t\t\t<div class=\"elementor-accordion\">\n\t\t\t\t\t\t\t<div class=\"elementor-accordion-item\">\n\t\t\t\t\t<div id=\"elementor-tab-title-4511\" class=\"elementor-tab-title\" data-tab=\"1\" role=\"button\" aria-controls=\"elementor-tab-content-4511\" aria-expanded=\"false\">\n\t\t\t\t\t\t\t\t\t\t\t\t\t<span class=\"elementor-accordion-icon elementor-accordion-icon-left\" aria-hidden=\"true\">\n\t\t\t\t\t\t\t\t\t\t\t\t\t\t\t<span class=\"elementor-accordion-icon-closed\"><i class=\"fas fa-plus\"><\/i><\/span>\n\t\t\t\t\t\t\t\t<span class=\"elementor-accordion-icon-opened\"><i class=\"fas fa-minus\"><\/i><\/span>\n\t\t\t\t\t\t\t\t\t\t\t\t\t\t<\/span>\n\t\t\t\t\t\t\t\t\t\t\t\t<a class=\"elementor-accordion-title\" tabindex=\"0\">ASSOCIATION VOUILLE ET SON HISTOIRE<\/a>\n\t\t\t\t\t<\/div>\n\t\t\t\t\t<div id=\"elementor-tab-content-4511\" class=\"elementor-tab-content elementor-clearfix\" data-tab=\"1\" role=\"region\" aria-labelledby=\"elementor-tab-title-4511\"><p>Retrouvez le Site internet de l\u2019Association Vouill\u00e9 et son Histoire d\u00e9di\u00e9 \u00e0 l\u2019histoire de Vouill\u00e9 :\u00a0<a href=\"https:\/\/507vouillelabataille.com\" target=\"_blank\" rel=\"noopener\">https:\/\/507vouillelabataille.com<\/a><\/p><p>Contact par m\u00e9l : <a href=\"mailto:vouillesonhistoire@orange.fr\">vouillesonhistoire@orange.fr<\/a><\/p><\/div>\n\t\t\t\t<\/div>\n\t\t\t\t\t\t\t<div class=\"elementor-accordion-item\">\n\t\t\t\t\t<div id=\"elementor-tab-title-4512\" class=\"elementor-tab-title\" data-tab=\"2\" role=\"button\" aria-controls=\"elementor-tab-content-4512\" aria-expanded=\"false\">\n\t\t\t\t\t\t\t\t\t\t\t\t\t<span class=\"elementor-accordion-icon elementor-accordion-icon-left\" aria-hidden=\"true\">\n\t\t\t\t\t\t\t\t\t\t\t\t\t\t\t<span class=\"elementor-accordion-icon-closed\"><i class=\"fas fa-plus\"><\/i><\/span>\n\t\t\t\t\t\t\t\t<span class=\"elementor-accordion-icon-opened\"><i class=\"fas fa-minus\"><\/i><\/span>\n\t\t\t\t\t\t\t\t\t\t\t\t\t\t<\/span>\n\t\t\t\t\t\t\t\t\t\t\t\t<a class=\"elementor-accordion-title\" tabindex=\"0\">APPLICATION MOBILE TOURISTIQUE \u201cD\u00e9couverte du bourg\u201d<\/a>\n\t\t\t\t\t<\/div>\n\t\t\t\t\t<div id=\"elementor-tab-content-4512\" class=\"elementor-tab-content elementor-clearfix\" data-tab=\"2\" role=\"region\" aria-labelledby=\"elementor-tab-title-4512\"><div id='gallery-1' class='gallery galleryid-4750 gallery-columns-3 gallery-size-thumbnail'><figure class='gallery-item'>\n\t\t\t<div class='gallery-icon portrait'>\n\t\t\t\t<a href='https:\/\/vouille86.fr\/mairie\/wp-content\/uploads\/2022\/04\/1.png'><img decoding=\"async\" width=\"150\" height=\"150\" src=\"https:\/\/vouille86.fr\/mairie\/wp-content\/uploads\/2022\/04\/1-150x150.png\" class=\"attachment-thumbnail size-thumbnail\" alt=\"\" \/><\/a>\n\t\t\t<\/div><\/figure><figure class='gallery-item'>\n\t\t\t<div class='gallery-icon portrait'>\n\t\t\t\t<a href='https:\/\/vouille86.fr\/mairie\/wp-content\/uploads\/2022\/04\/2.png'><img decoding=\"async\" width=\"150\" height=\"150\" src=\"https:\/\/vouille86.fr\/mairie\/wp-content\/uploads\/2022\/04\/2-150x150.png\" class=\"attachment-thumbnail size-thumbnail\" alt=\"\" \/><\/a>\n\t\t\t<\/div><\/figure><figure class='gallery-item'>\n\t\t\t<div class='gallery-icon portrait'>\n\t\t\t\t<a href='https:\/\/vouille86.fr\/mairie\/wp-content\/uploads\/2022\/04\/3.png'><img loading=\"lazy\" decoding=\"async\" width=\"150\" height=\"150\" src=\"https:\/\/vouille86.fr\/mairie\/wp-content\/uploads\/2022\/04\/3-150x150.png\" class=\"attachment-thumbnail size-thumbnail\" alt=\"\" \/><\/a>\n\t\t\t<\/div><\/figure><figure class='gallery-item'>\n\t\t\t<div class='gallery-icon portrait'>\n\t\t\t\t<a href='https:\/\/vouille86.fr\/mairie\/wp-content\/uploads\/2022\/04\/4.png'><img loading=\"lazy\" decoding=\"async\" width=\"150\" height=\"150\" src=\"https:\/\/vouille86.fr\/mairie\/wp-content\/uploads\/2022\/04\/4-150x150.png\" class=\"attachment-thumbnail size-thumbnail\" alt=\"\" \/><\/a>\n\t\t\t<\/div><\/figure><figure class='gallery-item'>\n\t\t\t<div class='gallery-icon portrait'>\n\t\t\t\t<a href='https:\/\/vouille86.fr\/mairie\/wp-content\/uploads\/2022\/04\/5.png'><img loading=\"lazy\" decoding=\"async\" width=\"150\" height=\"150\" src=\"https:\/\/vouille86.fr\/mairie\/wp-content\/uploads\/2022\/04\/5-150x150.png\" class=\"attachment-thumbnail size-thumbnail\" alt=\"\" \/><\/a>\n\t\t\t<\/div><\/figure>\n\t\t<\/div>\n<p>Android :<a href=\"https:\/\/play.google.com\/store\/apps\/details?id=com.laurentpeignault.vouille\" target=\"_blank\" rel=\"noopener\">\u00a0https:\/\/play.google.com\/store\/apps\/details?id=com.laurentpeignault.vouille<\/a><\/p><p>iOs : <a href=\"https:\/\/apps.apple.com\/fr\/app\/id1518813927\" target=\"_blank\" rel=\"noopener\">https:\/\/apps.apple.com\/fr\/app\/id1518813927<\/a><\/p><\/div>\n\t\t\t\t<\/div>\n\t\t\t\t\t\t\t<div class=\"elementor-accordion-item\">\n\t\t\t\t\t<div id=\"elementor-tab-title-4513\" class=\"elementor-tab-title\" data-tab=\"3\" role=\"button\" aria-controls=\"elementor-tab-content-4513\" aria-expanded=\"false\">\n\t\t\t\t\t\t\t\t\t\t\t\t\t<span class=\"elementor-accordion-icon elementor-accordion-icon-left\" aria-hidden=\"true\">\n\t\t\t\t\t\t\t\t\t\t\t\t\t\t\t<span class=\"elementor-accordion-icon-closed\"><i class=\"fas fa-plus\"><\/i><\/span>\n\t\t\t\t\t\t\t\t<span class=\"elementor-accordion-icon-opened\"><i class=\"fas fa-minus\"><\/i><\/span>\n\t\t\t\t\t\t\t\t\t\t\t\t\t\t<\/span>\n\t\t\t\t\t\t\t\t\t\t\t\t<a class=\"elementor-accordion-title\" tabindex=\"0\">VOUILLE 1939-1945 : Parcours dans l\u2019Histoire  de la Seconde Guerre Mondiale<\/a>\n\t\t\t\t\t<\/div>\n\t\t\t\t\t<div id=\"elementor-tab-content-4513\" class=\"elementor-tab-content elementor-clearfix\" data-tab=\"3\" role=\"region\" aria-labelledby=\"elementor-tab-title-4513\"><p>A l&rsquo;occasion des 80 ans de la Lib\u00e9ration, la Commune de Vouill\u00e9 propose aux habitants un <strong>parcours m\u00e9moriel <\/strong> retra\u00e7ant les \u00e9pisodes marquants de la guerre 1939-1945 sur la commune.<\/p><p><a href=\"https:\/\/vouille86.fr\/mairie\/wp-content\/uploads\/2025\/05\/plaquette-parcours-memoriel.pdf\">Plaquette parcours memoriel<\/a><\/p><p><br \/><iframe src=\"\/\/umap.openstreetmap.fr\/fr\/map\/vouille-1939-1945-parcours-dans-lhistoire-de-la-se_1218246?scaleControl=false&amp;miniMap=false&amp;scrollWheelZoom=false&amp;zoomControl=true&amp;editMode=disabled&amp;moreControl=true&amp;searchControl=null&amp;tilelayersControl=null&amp;embedControl=null&amp;datalayersControl=true&amp;onLoadPanel=none&amp;captionBar=false&amp;captionMenus=true\" width=\"100%\" height=\"300px\" frameborder=\"0\" allowfullscreen=\"allowfullscreen\"><\/iframe><\/p><p><a href=\"\/\/umap.openstreetmap.fr\/fr\/map\/vouille-1939-1945-parcours-dans-lhistoire-de-la-se_1218246?scaleControl=false&amp;miniMap=false&amp;scrollWheelZoom=true&amp;zoomControl=true&amp;editMode=disabled&amp;moreControl=true&amp;searchControl=null&amp;tilelayersControl=null&amp;embedControl=null&amp;datalayersControl=true&amp;onLoadPanel=none&amp;captionBar=false&amp;captionMenus=true\">Voir en plein \u00e9cran<\/a><\/p><h3>Un bombardement meurtrier<\/h3><p>(Panneau rue du stade)<\/p><p><img loading=\"lazy\" decoding=\"async\" class=\"alignleft wp-image-12893 size-medium\" src=\"https:\/\/vouille86.fr\/mairie\/wp-content\/uploads\/2025\/05\/BOMBARDEMENT-300x186.png\" alt=\"\" width=\"300\" height=\"186\" srcset=\"https:\/\/vouille86.fr\/mairie\/wp-content\/uploads\/2025\/05\/BOMBARDEMENT-300x186.png 300w, https:\/\/vouille86.fr\/mairie\/wp-content\/uploads\/2025\/05\/BOMBARDEMENT-768x477.png 768w, https:\/\/vouille86.fr\/mairie\/wp-content\/uploads\/2025\/05\/BOMBARDEMENT.png 788w\" sizes=\"(max-width: 300px) 100vw, 300px\" \/><\/p><p>Le jeudi 20 juin 1940, \u00e0 5h00, des explosions fracassantes retentissent. Les habitants se pr\u00e9cipitent dehors et aper\u00e7oivent un avion bimoteur italien (peut-\u00eatre allemand). Ce bombardement s\u2019est d\u00e9roul\u00e9 deux jours apr\u00e8s celui de Poitiers et quelques jours avant la signature de l\u2019armistice le 22 juin 1940 par le gouvernement Fran\u00e7ais.<\/p><p>Plusieurs lieux d\u2019impacts de bombes sont recens\u00e9s : dans les pr\u00e9s de bords de rivi\u00e8re, sur une remise rue du puits chiez, sur une maison rue de la Barre, dans un jardin ou encore au n\u00b07 de la rue du Grand Champs (photo). Dans cette maison, six personnes ont perdu la vie. N\u2019oublions jamais le nom des victimes : Odile GOUPIL (10 ans), Marie<br \/>MEUNIER (17 ans), Marguerite GOUPIL (30 ans), Aline LEGRAS (61 ans -six jours avant son anniversaire), Blanche FERMANEL (63 ans) et Joseph FERMANEL (63 ans).<\/p><p>La Seconde Guerre mondiale constitue le conflit arm\u00e9 le plus vaste que l\u2019humanit\u00e9 ait connu, mobilisant plus de 100 millions de combattants de 61 nations, et tuant environ 62 millions de personnes, dont une majorit\u00e9 de civils.<\/p><p><em>Sources : Association Vouill\u00e9 et son histoire, collection Jacky CHARLET, Wikip\u00e9dia.<\/em><\/p><h3>Les baraquements<\/h3><p>(panneau sur le stade municipal)<\/p><p><img loading=\"lazy\" decoding=\"async\" class=\"alignleft wp-image-12896 size-medium\" src=\"https:\/\/vouille86.fr\/mairie\/wp-content\/uploads\/2025\/05\/baraquements-300x173.png\" alt=\"\" width=\"300\" height=\"173\" srcset=\"https:\/\/vouille86.fr\/mairie\/wp-content\/uploads\/2025\/05\/baraquements-300x173.png 300w, https:\/\/vouille86.fr\/mairie\/wp-content\/uploads\/2025\/05\/baraquements-768x442.png 768w, https:\/\/vouille86.fr\/mairie\/wp-content\/uploads\/2025\/05\/baraquements.png 920w\" sizes=\"(max-width: 300px) 100vw, 300px\" \/><\/p><p>Apr\u00e8s la signature de l\u2019armistice en juin 1940 et la d\u00e9faite de la France, les combattants de l\u2019arm\u00e9e fran\u00e7aise sont faits prisonniers. Les m\u00e9tropolitains sont envoy\u00e9s en Allemagne et les prisonniers coloniaux et nord-africains sont envoy\u00e9s dans les frontstalags (camps allemands de prisonniers) r\u00e9partis dans la France occup\u00e9e.<\/p><p>\u00c0 Vouill\u00e9, des baraquements ont \u00e9t\u00e9 install\u00e9s au Nord-Est de l\u2019ancien stade de football destin\u00e9s \u00e0 regrouper des s\u00e9n\u00e9galais de l\u2019arm\u00e9e fran\u00e7aise prisonniers de l\u2019arm\u00e9e allemande.<\/p><p><img loading=\"lazy\" decoding=\"async\" class=\"aligncenter wp-image-12895 size-medium\" src=\"https:\/\/vouille86.fr\/mairie\/wp-content\/uploads\/2025\/05\/baraquement-2-253x300.png\" alt=\"\" width=\"253\" height=\"300\" srcset=\"https:\/\/vouille86.fr\/mairie\/wp-content\/uploads\/2025\/05\/baraquement-2-253x300.png 253w, https:\/\/vouille86.fr\/mairie\/wp-content\/uploads\/2025\/05\/baraquement-2.png 397w\" sizes=\"(max-width: 253px) 100vw, 253px\" \/><\/p><p><em>Sources : Association Vouill\u00e9 et son histoire, collection Jacky CHARLET, photo montage par des habitants \u00e0 la demande des allemands pour regrouper des prisonniers noirs s\u00e9n\u00e9galais de l\u2019arm\u00e9e fran\u00e7aise.<\/em><\/p><h3>La piscine municipale<\/h3><p>(panneau chemin de la piscine)<\/p><p><img loading=\"lazy\" decoding=\"async\" class=\"alignleft size-full wp-image-12897\" src=\"https:\/\/vouille86.fr\/mairie\/wp-content\/uploads\/2025\/05\/piscine.png\" alt=\"\" width=\"959\" height=\"589\" srcset=\"https:\/\/vouille86.fr\/mairie\/wp-content\/uploads\/2025\/05\/piscine.png 959w, https:\/\/vouille86.fr\/mairie\/wp-content\/uploads\/2025\/05\/piscine-300x184.png 300w, https:\/\/vouille86.fr\/mairie\/wp-content\/uploads\/2025\/05\/piscine-768x472.png 768w\" sizes=\"(max-width: 959px) 100vw, 959px\" \/><\/p><p>Apr\u00e8s la prise de Royan du 17 avril 1945, le d\u00e9barquement et la lib\u00e9ration d\u2019Ol\u00e9ron du<br \/>3 mai, le premier groupe du 12e r\u00e9giment d\u2019artillerie stationne \u00e0 Vouill\u00e9 pendant trois mois. L\u2019\u00e9tat-major et la colonne de ravitaillement sont fix\u00e9s dans la demeure de M. Petit, rue de la Galmandrie. La premi\u00e8re batterie est \u00e0 Traversonne dans les locaux de la boucherie de M. Simoneau, la seconde \u00e0 Frozes et la troisi\u00e8me \u00e0 Chir\u00e9-en-Montreuil.<\/p><p>Command\u00e9 par le colonel Jacques Baratte, le 1er r\u00e9giment d\u2019artillerie entreprend le 20 juin 1945, la construction d\u2019une piscine qui sera creus\u00e9e par des prisonniers allemands de<br \/>Poitiers. Une des premi\u00e8res piscines du d\u00e9partement ! Les travaux se sont achev\u00e9s en trois mois. Destin\u00e9s au d\u00e9part \u00e0 l\u2019entra\u00eenement et \u00e0 la formation pr\u00e9-militaire, la piscine a ouvert ses portes au public en 1947.<\/p><p><em>Sources : Association Vouill\u00e9 et son Histoire, propos recueillis aupr\u00e8s de Marcel Courtey et compl\u00e9t\u00e9s par le bulletin municipal de l\u2019\u00e9t\u00e9 1990.<\/em><\/p><h3>L\u2019accueil des r\u00e9fugi\u00e9s Mosellans<\/h3><p>(panneau place Fran\u00e7ois Albert)<\/p><p>En septembre 1939, lors de la d\u00e9claration de la Seconde Guerre Mondiale, les habitants de Veckring et Budling, communes situ\u00e9es aux abords de la \u00ab Ligne Maginot \u00bb en Moselle, ont d\u00fb, en quelques heures, tout abandonner pour se r\u00e9fugier loin du conflit.<\/p><p>D\u00e9bute pour eux une longue p\u00e9riode d\u2019exode, \u00e0 pied, en charrette, puis en train, qui les conduit \u00e0 l\u2019autre bout de la France jusqu\u2019\u00e0 la gare de Villiers. Les agriculteurs de Vouill\u00e9 et des communes voisines les attendent, et organisent leur transfert dans les fermes poitevines. Tout n\u2019a pas \u00e9t\u00e9 facile \u00e0 leur arriv\u00e9e :<br \/>s\u00e9paration des familles, abandon de leurs biens, logements de fortune, barri\u00e8re de la langue (certains d\u2019entre eux parlaient le patois ancestral). Ils resteront jusqu\u2019\u00e0 l\u2019armistice de juin 1940, qui pr\u00e9voyait notamment leur retour en Moselle.<br \/>Certains d\u2019entre eux sont n\u00e9anmoins rest\u00e9s dans la Vienne jusqu\u2019\u00e0 la fin de l\u2019Occupation, rejoints par de nombreuses autres personnes d\u00e9plac\u00e9es, de l\u2019\u00e9tranger ou d\u2019autres r\u00e9gions fran\u00e7aises, du fait des al\u00e9as de la guerre.<\/p><p>\u00c0 Vouill\u00e9, de cet exode, il en est rest\u00e9 des liens ind\u00e9fectibles que de nombreux \u00e9changes contribuent \u00e0 maintenir, avec les familles concern\u00e9es et leurs descendants, mais aussi les \u00e9lus de nos communes, et les associations locales.<\/p><p><img loading=\"lazy\" decoding=\"async\" class=\"alignleft wp-image-12898 size-medium\" src=\"https:\/\/vouille86.fr\/mairie\/wp-content\/uploads\/2025\/05\/20190908_090907_2-300x169.jpg\" alt=\"\" width=\"300\" height=\"169\" srcset=\"https:\/\/vouille86.fr\/mairie\/wp-content\/uploads\/2025\/05\/20190908_090907_2-300x169.jpg 300w, https:\/\/vouille86.fr\/mairie\/wp-content\/uploads\/2025\/05\/20190908_090907_2-1024x576.jpg 1024w, https:\/\/vouille86.fr\/mairie\/wp-content\/uploads\/2025\/05\/20190908_090907_2-768x432.jpg 768w, https:\/\/vouille86.fr\/mairie\/wp-content\/uploads\/2025\/05\/20190908_090907_2-1536x864.jpg 1536w, https:\/\/vouille86.fr\/mairie\/wp-content\/uploads\/2025\/05\/20190908_090907_2-2048x1152.jpg 2048w\" sizes=\"(max-width: 300px) 100vw, 300px\" \/><\/p><\/div>\n\t\t\t\t<\/div>\n\t\t\t\t\t\t\t\t<\/div>\n\t\t\t\t\t\t<\/div>\n\t\t\t\t<\/div>\n\t\t\t\t<div class=\"elementor-element elementor-element-278b30c elementor-share-buttons--view-icon elementor-share-buttons--skin-minimal elementor-share-buttons--color-custom elementor-share-buttons--shape-square elementor-grid-0 elementor-widget elementor-widget-global elementor-global-2201 elementor-widget-share-buttons\" data-id=\"278b30c\" data-element_type=\"widget\" data-e-type=\"widget\" data-widget_type=\"share-buttons.default\">\n\t\t\t\t<div class=\"elementor-widget-container\">\n\t\t\t\t\t\t\t<div class=\"elementor-grid\" role=\"list\">\n\t\t\t\t\t\t\t\t<div class=\"elementor-grid-item\" role=\"listitem\">\n\t\t\t\t\t\t<div class=\"elementor-share-btn elementor-share-btn_facebook\" role=\"button\" tabindex=\"0\" aria-label=\"Partager sur facebook\">\n\t\t\t\t\t\t\t\t\t\t\t\t\t\t\t<span class=\"elementor-share-btn__icon\">\n\t\t\t\t\t\t\t\t<i class=\"fab fa-facebook\" aria-hidden=\"true\"><\/i>\t\t\t\t\t\t\t<\/span>\n\t\t\t\t\t\t\t\t\t\t\t\t\t\t\t\t\t\t\t\t<\/div>\n\t\t\t\t\t<\/div>\n\t\t\t\t\t\t\t\t\t<div class=\"elementor-grid-item\" role=\"listitem\">\n\t\t\t\t\t\t<div class=\"elementor-share-btn elementor-share-btn_twitter\" role=\"button\" tabindex=\"0\" aria-label=\"Partager sur twitter\">\n\t\t\t\t\t\t\t\t\t\t\t\t\t\t\t<span class=\"elementor-share-btn__icon\">\n\t\t\t\t\t\t\t\t<i class=\"fab fa-twitter\" aria-hidden=\"true\"><\/i>\t\t\t\t\t\t\t<\/span>\n\t\t\t\t\t\t\t\t\t\t\t\t\t\t\t\t\t\t\t\t<\/div>\n\t\t\t\t\t<\/div>\n\t\t\t\t\t\t\t\t\t<div class=\"elementor-grid-item\" role=\"listitem\">\n\t\t\t\t\t\t<div class=\"elementor-share-btn elementor-share-btn_whatsapp\" role=\"button\" tabindex=\"0\" aria-label=\"Partager sur whatsapp\">\n\t\t\t\t\t\t\t\t\t\t\t\t\t\t\t<span class=\"elementor-share-btn__icon\">\n\t\t\t\t\t\t\t\t<i class=\"fab fa-whatsapp\" aria-hidden=\"true\"><\/i>\t\t\t\t\t\t\t<\/span>\n\t\t\t\t\t\t\t\t\t\t\t\t\t\t\t\t\t\t\t\t<\/div>\n\t\t\t\t\t<\/div>\n\t\t\t\t\t\t\t\t\t<div class=\"elementor-grid-item\" role=\"listitem\">\n\t\t\t\t\t\t<div class=\"elementor-share-btn elementor-share-btn_email\" role=\"button\" tabindex=\"0\" aria-label=\"Partager sur email\">\n\t\t\t\t\t\t\t\t\t\t\t\t\t\t\t<span class=\"elementor-share-btn__icon\">\n\t\t\t\t\t\t\t\t<i class=\"fas fa-envelope\" aria-hidden=\"true\"><\/i>\t\t\t\t\t\t\t<\/span>\n\t\t\t\t\t\t\t\t\t\t\t\t\t\t\t\t\t\t\t\t<\/div>\n\t\t\t\t\t<\/div>\n\t\t\t\t\t\t<\/div>\n\t\t\t\t\t\t<\/div>\n\t\t\t\t<\/div>\n\t\t\t\t\t<\/div>\n\t\t<\/div>\n\t\t\t\t\t<\/div>\n\t\t<\/section>\n\t\t\t\t<\/div>\n\t\t","protected":false},"excerpt":{"rendered":"<p>En l\u2019an 507, un terrible affrontement eu lieu sur nos terres Vouglaisiennes. Premi\u00e8re des 3 batailles de Poitiers, Clovis, alors Roi des Francs, affronta Alaric II, le roi des Wisigoths (Espagne). La victoire \u00e0 Vouill\u00e9 par Clovis fut une \u00e9tape fondamentale dans la r\u00e9unification de la Gaule. M\u00eame si aujourd\u2019hui nous avons peu de vestige&#8230;<\/p>\n","protected":false},"author":1,"featured_media":0,"parent":0,"menu_order":0,"comment_status":"closed","ping_status":"closed","template":"","meta":{"_acf_changed":false,"footnotes":""},"class_list":["post-4750","page","type-page","status-publish","hentry"],"acf":[],"_links":{"self":[{"href":"https:\/\/vouille86.fr\/mairie\/wp-json\/wp\/v2\/pages\/4750","targetHints":{"allow":["GET"]}}],"collection":[{"href":"https:\/\/vouille86.fr\/mairie\/wp-json\/wp\/v2\/pages"}],"about":[{"href":"https:\/\/vouille86.fr\/mairie\/wp-json\/wp\/v2\/types\/page"}],"author":[{"embeddable":true,"href":"https:\/\/vouille86.fr\/mairie\/wp-json\/wp\/v2\/users\/1"}],"replies":[{"embeddable":true,"href":"https:\/\/vouille86.fr\/mairie\/wp-json\/wp\/v2\/comments?post=4750"}],"version-history":[{"count":52,"href":"https:\/\/vouille86.fr\/mairie\/wp-json\/wp\/v2\/pages\/4750\/revisions"}],"predecessor-version":[{"id":12944,"href":"https:\/\/vouille86.fr\/mairie\/wp-json\/wp\/v2\/pages\/4750\/revisions\/12944"}],"wp:attachment":[{"href":"https:\/\/vouille86.fr\/mairie\/wp-json\/wp\/v2\/media?parent=4750"}],"curies":[{"name":"wp","href":"https:\/\/api.w.org\/{rel}","templated":true}]}}