{"id":4060,"date":"2022-03-29T15:29:34","date_gmt":"2022-03-29T13:29:34","guid":{"rendered":"https:\/\/vouille86.fr\/mairie\/?page_id=4060"},"modified":"2025-11-20T10:25:56","modified_gmt":"2025-11-20T09:25:56","slug":"cimetieres","status":"publish","type":"page","link":"https:\/\/vouille86.fr\/mairie\/cimetieres\/","title":{"rendered":"Cimeti\u00e8res"},"content":{"rendered":"\t\t<div data-elementor-type=\"wp-page\" data-elementor-id=\"4060\" class=\"elementor elementor-4060\" data-elementor-post-type=\"page\">\n\t\t\t\t\t\t<section class=\"elementor-section elementor-top-section elementor-element elementor-element-22cff5fe elementor-section-boxed elementor-section-height-default elementor-section-height-default\" data-id=\"22cff5fe\" data-element_type=\"section\" data-e-type=\"section\">\n\t\t\t\t\t\t<div class=\"elementor-container elementor-column-gap-default\">\n\t\t\t\t\t<div class=\"elementor-column elementor-col-100 elementor-top-column elementor-element elementor-element-30a426c0\" data-id=\"30a426c0\" data-element_type=\"column\" data-e-type=\"column\">\n\t\t\t<div class=\"elementor-widget-wrap elementor-element-populated\">\n\t\t\t\t\t\t<div class=\"elementor-element elementor-element-48db3d85 ariana elementor-widget elementor-widget-global elementor-global-2096 elementor-widget-shortcode\" data-id=\"48db3d85\" data-element_type=\"widget\" data-e-type=\"widget\" data-widget_type=\"shortcode.default\">\n\t\t\t\t<div class=\"elementor-widget-container\">\n\t\t\t\t\t<ul id=\"crumbs\"><li><a href=\"https:\/\/vouille86.fr\/mairie\">Accueil<\/a><\/li><\/ul>\t\t<div class=\"elementor-shortcode\"><\/div>\n\t\t\t\t\t\t<\/div>\n\t\t\t\t<\/div>\n\t\t\t\t\t<\/div>\n\t\t<\/div>\n\t\t\t\t\t<\/div>\n\t\t<\/section>\n\t\t\t\t<section class=\"elementor-section elementor-top-section elementor-element elementor-element-44b170c1 elementor-section-boxed elementor-section-height-default elementor-section-height-default\" data-id=\"44b170c1\" data-element_type=\"section\" data-e-type=\"section\">\n\t\t\t\t\t\t<div class=\"elementor-container elementor-column-gap-default\">\n\t\t\t\t\t<div class=\"elementor-column elementor-col-100 elementor-top-column elementor-element elementor-element-31b800a2\" data-id=\"31b800a2\" data-element_type=\"column\" data-e-type=\"column\">\n\t\t\t<div class=\"elementor-widget-wrap elementor-element-populated\">\n\t\t\t\t\t\t<div class=\"elementor-element elementor-element-197c3d58 elementor-widget elementor-widget-heading\" data-id=\"197c3d58\" data-element_type=\"widget\" data-e-type=\"widget\" data-widget_type=\"heading.default\">\n\t\t\t\t<div class=\"elementor-widget-container\">\n\t\t\t\t\t<h2 class=\"elementor-heading-title elementor-size-default\">Cimeti\u00e8res<\/h2>\t\t\t\t<\/div>\n\t\t\t\t<\/div>\n\t\t\t\t<div class=\"elementor-element elementor-element-5e25ba47 elementor-widget elementor-widget-text-editor\" data-id=\"5e25ba47\" data-element_type=\"widget\" data-e-type=\"widget\" data-widget_type=\"text-editor.default\">\n\t\t\t\t<div class=\"elementor-widget-container\">\n\t\t\t\t\t\t\t\t\t<p>La commune compte deux cimeti\u00e8res :<\/p><ul><li>cimeti\u00e8re du Bois du Colombier (rue du Marest)<\/li><li>cimeti\u00e8re de la Vigne Palliat (rue de Bourjollly)<\/li><\/ul><div id='gallery-1' class='gallery galleryid-4060 gallery-columns-2 gallery-size-medium'><figure class='gallery-item'>\n\t\t\t<div class='gallery-icon landscape'>\n\t\t\t\t<a href='https:\/\/vouille86.fr\/mairie\/wp-content\/uploads\/2022\/06\/P1010921-scaled.jpg'><img fetchpriority=\"high\" decoding=\"async\" width=\"300\" height=\"200\" src=\"https:\/\/vouille86.fr\/mairie\/wp-content\/uploads\/2022\/06\/P1010921-300x200.jpg\" class=\"attachment-medium size-medium\" alt=\"\" srcset=\"https:\/\/vouille86.fr\/mairie\/wp-content\/uploads\/2022\/06\/P1010921-300x200.jpg 300w, https:\/\/vouille86.fr\/mairie\/wp-content\/uploads\/2022\/06\/P1010921-1024x683.jpg 1024w, https:\/\/vouille86.fr\/mairie\/wp-content\/uploads\/2022\/06\/P1010921-768x512.jpg 768w, https:\/\/vouille86.fr\/mairie\/wp-content\/uploads\/2022\/06\/P1010921-1536x1024.jpg 1536w, https:\/\/vouille86.fr\/mairie\/wp-content\/uploads\/2022\/06\/P1010921-2048x1365.jpg 2048w\" sizes=\"(max-width: 300px) 100vw, 300px\" \/><\/a>\n\t\t\t<\/div><\/figure><figure class='gallery-item'>\n\t\t\t<div class='gallery-icon landscape'>\n\t\t\t\t<a href='https:\/\/vouille86.fr\/mairie\/wp-content\/uploads\/2022\/06\/DSC_0413-scaled.jpg'><img decoding=\"async\" width=\"300\" height=\"200\" src=\"https:\/\/vouille86.fr\/mairie\/wp-content\/uploads\/2022\/06\/DSC_0413-300x200.jpg\" class=\"attachment-medium size-medium\" alt=\"\" srcset=\"https:\/\/vouille86.fr\/mairie\/wp-content\/uploads\/2022\/06\/DSC_0413-300x200.jpg 300w, https:\/\/vouille86.fr\/mairie\/wp-content\/uploads\/2022\/06\/DSC_0413-1024x683.jpg 1024w, https:\/\/vouille86.fr\/mairie\/wp-content\/uploads\/2022\/06\/DSC_0413-768x512.jpg 768w, https:\/\/vouille86.fr\/mairie\/wp-content\/uploads\/2022\/06\/DSC_0413-1536x1024.jpg 1536w, https:\/\/vouille86.fr\/mairie\/wp-content\/uploads\/2022\/06\/DSC_0413-2048x1365.jpg 2048w\" sizes=\"(max-width: 300px) 100vw, 300px\" \/><\/a>\n\t\t\t<\/div><\/figure>\n\t\t<\/div>\n\t\t\t\t\t\t\t\t<\/div>\n\t\t\t\t<\/div>\n\t\t\t\t<div class=\"elementor-element elementor-element-312da955 elementor-widget elementor-widget-accordion\" data-id=\"312da955\" data-element_type=\"widget\" data-e-type=\"widget\" data-widget_type=\"accordion.default\">\n\t\t\t\t<div class=\"elementor-widget-container\">\n\t\t\t\t\t\t\t<div class=\"elementor-accordion\">\n\t\t\t\t\t\t\t<div class=\"elementor-accordion-item\">\n\t\t\t\t\t<div id=\"elementor-tab-title-8251\" class=\"elementor-tab-title\" data-tab=\"1\" role=\"button\" aria-controls=\"elementor-tab-content-8251\" aria-expanded=\"false\">\n\t\t\t\t\t\t\t\t\t\t\t\t\t<span class=\"elementor-accordion-icon elementor-accordion-icon-left\" aria-hidden=\"true\">\n\t\t\t\t\t\t\t\t\t\t\t\t\t\t\t<span class=\"elementor-accordion-icon-closed\"><i class=\"fas fa-plus\"><\/i><\/span>\n\t\t\t\t\t\t\t\t<span class=\"elementor-accordion-icon-opened\"><i class=\"fas fa-minus\"><\/i><\/span>\n\t\t\t\t\t\t\t\t\t\t\t\t\t\t<\/span>\n\t\t\t\t\t\t\t\t\t\t\t\t<a class=\"elementor-accordion-title\" tabindex=\"0\">HORAIRES D\u2019OUVERTURE DES CIMETI\u00c8RES<\/a>\n\t\t\t\t\t<\/div>\n\t\t\t\t\t<div id=\"elementor-tab-content-8251\" class=\"elementor-tab-content elementor-clearfix\" data-tab=\"1\" role=\"region\" aria-labelledby=\"elementor-tab-title-8251\"><p>Les cimeti\u00e8res du Bois du Colombier et de la Vigne Palliat sont ouverts au public :<\/p><ul><li>Du 1er novembre au 31 mars : de 8h \u00e0 19h30<\/li><li class=\"last-child\">Du 1er avril au 31 octobre : de 8h \u00e0 21h<\/li><\/ul><div class=\"\" data-block=\"true\" data-editor=\"9pq9b\" data-offset-key=\"55tjv-0-0\"><div class=\"_1mf _1mj\" data-offset-key=\"55tjv-0-0\">\u00a0<\/div><\/div><div class=\"\" data-block=\"true\" data-editor=\"9pq9b\" data-offset-key=\"6qaa1-0-0\"><div class=\"_1mf _1mj\" data-offset-key=\"6qaa1-0-0\"><span data-offset-key=\"6qaa1-0-0\">L&rsquo;ouverture et la fermeture du cimeti\u00e8re du Bois du Colombier sera automatis\u00e9 \u00e9lectroniquement (comme le nouveau), \u00e0 partir du 6 janvier 2025.<\/span><\/div><\/div><div class=\"\" data-block=\"true\" data-editor=\"9pq9b\" data-offset-key=\"1h1r4-0-0\">\u00a0<\/div><div class=\"\" data-block=\"true\" data-editor=\"9pq9b\" data-offset-key=\"2s7tq-0-0\"><div class=\"_1mf _1mj\" data-offset-key=\"2s7tq-0-0\">\u00a0<\/div><\/div><div class=\"\" data-block=\"true\" data-editor=\"9pq9b\" data-offset-key=\"7pbpa-0-0\"><div class=\"_1mf _1mj\" data-offset-key=\"7pbpa-0-0\"><span data-offset-key=\"7pbpa-0-0\">Tous les portails seront ferm\u00e9s \u00e0 cl\u00e9, et l&rsquo;entr\u00e9e se fera uniquement par le portillon.<\/span><\/div><\/div><div class=\"\" data-block=\"true\" data-editor=\"9pq9b\" data-offset-key=\"6rva-0-0\"><div class=\"_1mf _1mj\" data-offset-key=\"6rva-0-0\">\u00a0<\/div><\/div><div class=\"\" data-block=\"true\" data-editor=\"9pq9b\" data-offset-key=\"c4ibb-0-0\"><div class=\"_1mf _1mj\" data-offset-key=\"c4ibb-0-0\"><span data-offset-key=\"c4ibb-0-0\">Les points d&rsquo;eau seront ferm\u00e9s pour la p\u00e9riode hivernale \u00e0 partir du lundi 16 d\u00e9cembre 2024 jusqu&rsquo;au 21 mars 2025.<\/span><\/div><\/div><div class=\"\" data-block=\"true\" data-editor=\"9pq9b\" data-offset-key=\"9ak2b-0-0\"><div class=\"_1mf _1mj\" data-offset-key=\"9ak2b-0-0\"><span data-offset-key=\"9ak2b-0-0\">\u00a0<\/span><\/div><\/div><div class=\"\" data-block=\"true\" data-editor=\"9pq9b\" data-offset-key=\"4ilfk-0-0\"><div class=\"_1mf _1mj\" data-offset-key=\"4ilfk-0-0\"><span data-offset-key=\"4ilfk-0-0\">Pour tous renseignements, merci de vous rapprocher de la mairie.<\/span><\/div><\/div><p><img decoding=\"async\" class=\"alignnone size-full wp-image-4071\" src=\"https:\/\/vouille86.fr\/mairie\/wp-content\/uploads\/2022\/03\/cimetiere_ouverture.jpg\" alt=\"\" width=\"1004\" height=\"753\" srcset=\"https:\/\/vouille86.fr\/mairie\/wp-content\/uploads\/2022\/03\/cimetiere_ouverture.jpg 1004w, https:\/\/vouille86.fr\/mairie\/wp-content\/uploads\/2022\/03\/cimetiere_ouverture-300x225.jpg 300w, https:\/\/vouille86.fr\/mairie\/wp-content\/uploads\/2022\/03\/cimetiere_ouverture-768x576.jpg 768w\" sizes=\"(max-width: 1004px) 100vw, 1004px\" \/><\/p><\/div>\n\t\t\t\t<\/div>\n\t\t\t\t\t\t\t<div class=\"elementor-accordion-item\">\n\t\t\t\t\t<div id=\"elementor-tab-title-8252\" class=\"elementor-tab-title\" data-tab=\"2\" role=\"button\" aria-controls=\"elementor-tab-content-8252\" aria-expanded=\"false\">\n\t\t\t\t\t\t\t\t\t\t\t\t\t<span class=\"elementor-accordion-icon elementor-accordion-icon-left\" aria-hidden=\"true\">\n\t\t\t\t\t\t\t\t\t\t\t\t\t\t\t<span class=\"elementor-accordion-icon-closed\"><i class=\"fas fa-plus\"><\/i><\/span>\n\t\t\t\t\t\t\t\t<span class=\"elementor-accordion-icon-opened\"><i class=\"fas fa-minus\"><\/i><\/span>\n\t\t\t\t\t\t\t\t\t\t\t\t\t\t<\/span>\n\t\t\t\t\t\t\t\t\t\t\t\t<a class=\"elementor-accordion-title\" tabindex=\"0\">DES CIMETI\u00c8RES PAYSAGERS<\/a>\n\t\t\t\t\t<\/div>\n\t\t\t\t\t<div id=\"elementor-tab-content-8252\" class=\"elementor-tab-content elementor-clearfix\" data-tab=\"2\" role=\"region\" aria-labelledby=\"elementor-tab-title-8252\"><div id=\"mep_0\" class=\"mejs-container mejs-video\" tabindex=\"0\" role=\"application\" aria-label=\"Lecteur vid\u00e9o\"><div class=\"mejs-inner\"><div class=\"mejs-controls\"><div class=\"mejs-button mejs-playpause-button mejs-play\">\u00a0<\/div><\/div><\/div><\/div><div class=\"wp-playlist-tracks\"><div class=\"wp-playlist-item wp-playlist-playing\"><div style=\"width: 800px;\" class=\"wp-video\"><!--[if lt IE 9]><script>document.createElement('video');<\/script><![endif]-->\n<video class=\"wp-video-shortcode\" id=\"video-4060-1\" width=\"800\" height=\"450\" preload=\"metadata\" controls=\"controls\"><source type=\"video\/mp4\" src=\"https:\/\/vouille86.fr\/mairie\/wp-content\/uploads\/2022\/07\/P1020255.mp4?_=1\" \/><a href=\"https:\/\/vouille86.fr\/mairie\/wp-content\/uploads\/2022\/07\/P1020255.mp4\">https:\/\/vouille86.fr\/mairie\/wp-content\/uploads\/2022\/07\/P1020255.mp4<\/a><\/video><\/div><p>Comme l\u2019ensemble des espaces publics de la commune, les cimeti\u00e8res de Vouill\u00e9 sont g\u00e9r\u00e9s sans utiliser de pesticides, dont l\u2019impact sur la sant\u00e9 et l\u2019environnement ne sont plus \u00e0 d\u00e9montrer.<\/p><\/div><\/div><p>Avec la mise en place d\u2019une gestion \u00ab z\u00e9ro pesticides \u00bb dans les espaces verts de la commune, le projet de v\u00e9g\u00e9talisation du cimeti\u00e8re du Bois du Colombier a d\u00e9but\u00e9 en 2017 avec l\u2019aide des jeunes de Scouts Entente.<\/p><p>Les all\u00e9es ont \u00e9t\u00e9 engazonn\u00e9es et des m\u00e9langes fleuris ont \u00e9t\u00e9 sem\u00e9s entre les s\u00e9pultures pour apporter une plus-value paysag\u00e8re et ainsi limiter l\u2019invasion d\u2019herbes folles. Ce lieu de recueillement est aujourd\u2019hui plus vert et est devenu un v\u00e9ritable refuge pour la biodiversit\u00e9. Le\u00a0<strong>prix sp\u00e9cial \u00ab Cimeti\u00e8re paysager \u00bb\u00a0<\/strong>d\u00e9cern\u00e9 par le label r\u00e9compense la d\u00e9marche initi\u00e9e par la commune et met en lumi\u00e8re l\u2019ensemble du travail engag\u00e9.<\/p><\/div>\n\t\t\t\t<\/div>\n\t\t\t\t\t\t\t<div class=\"elementor-accordion-item\">\n\t\t\t\t\t<div id=\"elementor-tab-title-8253\" class=\"elementor-tab-title\" data-tab=\"3\" role=\"button\" aria-controls=\"elementor-tab-content-8253\" aria-expanded=\"false\">\n\t\t\t\t\t\t\t\t\t\t\t\t\t<span class=\"elementor-accordion-icon elementor-accordion-icon-left\" aria-hidden=\"true\">\n\t\t\t\t\t\t\t\t\t\t\t\t\t\t\t<span class=\"elementor-accordion-icon-closed\"><i class=\"fas fa-plus\"><\/i><\/span>\n\t\t\t\t\t\t\t\t<span class=\"elementor-accordion-icon-opened\"><i class=\"fas fa-minus\"><\/i><\/span>\n\t\t\t\t\t\t\t\t\t\t\t\t\t\t<\/span>\n\t\t\t\t\t\t\t\t\t\t\t\t<a class=\"elementor-accordion-title\" tabindex=\"0\">R\u00c9GLEMENT<\/a>\n\t\t\t\t\t<\/div>\n\t\t\t\t\t<div id=\"elementor-tab-content-8253\" class=\"elementor-tab-content elementor-clearfix\" data-tab=\"3\" role=\"region\" aria-labelledby=\"elementor-tab-title-8253\"><p>Mis \u00e0 jour le 30\/05\/2023<\/p><p><a href=\"https:\/\/vouille86.fr\/mairie\/wp-content\/uploads\/2023\/05\/Arrete-111-reglement-cimetieres_25-mai-2023-AR.pdf\">Arret\u00e9 111 r\u00e8glement cimeti\u00e8res 2023<\/a><\/p><\/div>\n\t\t\t\t<\/div>\n\t\t\t\t\t\t\t\t<\/div>\n\t\t\t\t\t\t<\/div>\n\t\t\t\t<\/div>\n\t\t\t\t<div class=\"elementor-element elementor-element-37fd7afd elementor-share-buttons--view-icon elementor-share-buttons--skin-minimal elementor-share-buttons--color-custom elementor-share-buttons--shape-square elementor-grid-0 elementor-widget elementor-widget-global elementor-global-2201 elementor-widget-share-buttons\" data-id=\"37fd7afd\" data-element_type=\"widget\" data-e-type=\"widget\" data-widget_type=\"share-buttons.default\">\n\t\t\t\t<div class=\"elementor-widget-container\">\n\t\t\t\t\t\t\t<div class=\"elementor-grid\" role=\"list\">\n\t\t\t\t\t\t\t\t<div class=\"elementor-grid-item\" role=\"listitem\">\n\t\t\t\t\t\t<div class=\"elementor-share-btn elementor-share-btn_facebook\" role=\"button\" tabindex=\"0\" aria-label=\"Partager sur facebook\">\n\t\t\t\t\t\t\t\t\t\t\t\t\t\t\t<span class=\"elementor-share-btn__icon\">\n\t\t\t\t\t\t\t\t<i class=\"fab fa-facebook\" aria-hidden=\"true\"><\/i>\t\t\t\t\t\t\t<\/span>\n\t\t\t\t\t\t\t\t\t\t\t\t\t\t\t\t\t\t\t\t<\/div>\n\t\t\t\t\t<\/div>\n\t\t\t\t\t\t\t\t\t<div class=\"elementor-grid-item\" role=\"listitem\">\n\t\t\t\t\t\t<div class=\"elementor-share-btn elementor-share-btn_twitter\" role=\"button\" tabindex=\"0\" aria-label=\"Partager sur twitter\">\n\t\t\t\t\t\t\t\t\t\t\t\t\t\t\t<span class=\"elementor-share-btn__icon\">\n\t\t\t\t\t\t\t\t<i class=\"fab fa-twitter\" aria-hidden=\"true\"><\/i>\t\t\t\t\t\t\t<\/span>\n\t\t\t\t\t\t\t\t\t\t\t\t\t\t\t\t\t\t\t\t<\/div>\n\t\t\t\t\t<\/div>\n\t\t\t\t\t\t\t\t\t<div class=\"elementor-grid-item\" role=\"listitem\">\n\t\t\t\t\t\t<div class=\"elementor-share-btn elementor-share-btn_whatsapp\" role=\"button\" tabindex=\"0\" aria-label=\"Partager sur whatsapp\">\n\t\t\t\t\t\t\t\t\t\t\t\t\t\t\t<span class=\"elementor-share-btn__icon\">\n\t\t\t\t\t\t\t\t<i class=\"fab fa-whatsapp\" aria-hidden=\"true\"><\/i>\t\t\t\t\t\t\t<\/span>\n\t\t\t\t\t\t\t\t\t\t\t\t\t\t\t\t\t\t\t\t<\/div>\n\t\t\t\t\t<\/div>\n\t\t\t\t\t\t\t\t\t<div class=\"elementor-grid-item\" role=\"listitem\">\n\t\t\t\t\t\t<div class=\"elementor-share-btn elementor-share-btn_email\" role=\"button\" tabindex=\"0\" aria-label=\"Partager sur email\">\n\t\t\t\t\t\t\t\t\t\t\t\t\t\t\t<span class=\"elementor-share-btn__icon\">\n\t\t\t\t\t\t\t\t<i class=\"fas fa-envelope\" aria-hidden=\"true\"><\/i>\t\t\t\t\t\t\t<\/span>\n\t\t\t\t\t\t\t\t\t\t\t\t\t\t\t\t\t\t\t\t<\/div>\n\t\t\t\t\t<\/div>\n\t\t\t\t\t\t<\/div>\n\t\t\t\t\t\t<\/div>\n\t\t\t\t<\/div>\n\t\t\t\t\t<\/div>\n\t\t<\/div>\n\t\t\t\t\t<\/div>\n\t\t<\/section>\n\t\t\t\t<\/div>\n\t\t","protected":false},"excerpt":{"rendered":"<p>La commune compte deux cimeti\u00e8res : cimeti\u00e8re du Bois du Colombier (rue du Marest) cimeti\u00e8re de la Vigne Palliat (rue de Bourjollly) HORAIRES D\u2019OUVERTURE DES CIMETI\u00c8RES Les cimeti\u00e8res du Bois du Colombier et de la Vigne Palliat sont ouverts au public : Du 1er novembre au 31 mars : de 8h \u00e0 19h30 Du 1er&#8230;<\/p>\n","protected":false},"author":1,"featured_media":0,"parent":0,"menu_order":0,"comment_status":"closed","ping_status":"closed","template":"","meta":{"_acf_changed":false,"footnotes":""},"class_list":["post-4060","page","type-page","status-publish","hentry"],"acf":[],"_links":{"self":[{"href":"https:\/\/vouille86.fr\/mairie\/wp-json\/wp\/v2\/pages\/4060","targetHints":{"allow":["GET"]}}],"collection":[{"href":"https:\/\/vouille86.fr\/mairie\/wp-json\/wp\/v2\/pages"}],"about":[{"href":"https:\/\/vouille86.fr\/mairie\/wp-json\/wp\/v2\/types\/page"}],"author":[{"embeddable":true,"href":"https:\/\/vouille86.fr\/mairie\/wp-json\/wp\/v2\/users\/1"}],"replies":[{"embeddable":true,"href":"https:\/\/vouille86.fr\/mairie\/wp-json\/wp\/v2\/comments?post=4060"}],"version-history":[{"count":49,"href":"https:\/\/vouille86.fr\/mairie\/wp-json\/wp\/v2\/pages\/4060\/revisions"}],"predecessor-version":[{"id":13779,"href":"https:\/\/vouille86.fr\/mairie\/wp-json\/wp\/v2\/pages\/4060\/revisions\/13779"}],"wp:attachment":[{"href":"https:\/\/vouille86.fr\/mairie\/wp-json\/wp\/v2\/media?parent=4060"}],"curies":[{"name":"wp","href":"https:\/\/api.w.org\/{rel}","templated":true}]}}