{"id":4015,"date":"2022-03-29T15:15:48","date_gmt":"2022-03-29T13:15:48","guid":{"rendered":"https:\/\/vouille86.fr\/mairie\/?page_id=4015"},"modified":"2025-10-20T08:48:41","modified_gmt":"2025-10-20T06:48:41","slug":"ma-ville-a-du-coeur","status":"publish","type":"page","link":"https:\/\/vouille86.fr\/mairie\/ma-ville-a-du-coeur\/","title":{"rendered":"Ma ville \u00e0 du coeur"},"content":{"rendered":"\t\t<div data-elementor-type=\"wp-page\" data-elementor-id=\"4015\" class=\"elementor elementor-4015\" data-elementor-post-type=\"page\">\n\t\t\t\t\t\t<section class=\"elementor-section elementor-top-section elementor-element elementor-element-23d3c641 elementor-section-boxed elementor-section-height-default elementor-section-height-default\" data-id=\"23d3c641\" data-element_type=\"section\" data-e-type=\"section\">\n\t\t\t\t\t\t<div class=\"elementor-container elementor-column-gap-default\">\n\t\t\t\t\t<div class=\"elementor-column elementor-col-100 elementor-top-column elementor-element elementor-element-3ae67bcc\" data-id=\"3ae67bcc\" data-element_type=\"column\" data-e-type=\"column\">\n\t\t\t<div class=\"elementor-widget-wrap elementor-element-populated\">\n\t\t\t\t\t\t<div class=\"elementor-element elementor-element-5a43c6e8 ariana elementor-widget elementor-widget-global elementor-global-2096 elementor-widget-shortcode\" data-id=\"5a43c6e8\" data-element_type=\"widget\" data-e-type=\"widget\" data-widget_type=\"shortcode.default\">\n\t\t\t\t<div class=\"elementor-widget-container\">\n\t\t\t\t\t<ul id=\"crumbs\"><li><a href=\"https:\/\/vouille86.fr\/mairie\">Accueil<\/a><\/li><\/ul>\t\t<div class=\"elementor-shortcode\"><\/div>\n\t\t\t\t\t\t<\/div>\n\t\t\t\t<\/div>\n\t\t\t\t\t<\/div>\n\t\t<\/div>\n\t\t\t\t\t<\/div>\n\t\t<\/section>\n\t\t\t\t<section class=\"elementor-section elementor-top-section elementor-element elementor-element-775ebb6e elementor-section-boxed elementor-section-height-default elementor-section-height-default\" data-id=\"775ebb6e\" data-element_type=\"section\" data-e-type=\"section\">\n\t\t\t\t\t\t<div class=\"elementor-container elementor-column-gap-default\">\n\t\t\t\t\t<div class=\"elementor-column elementor-col-100 elementor-top-column elementor-element elementor-element-5215ac1d\" data-id=\"5215ac1d\" data-element_type=\"column\" data-e-type=\"column\">\n\t\t\t<div class=\"elementor-widget-wrap elementor-element-populated\">\n\t\t\t\t\t\t<div class=\"elementor-element elementor-element-20ae2c5a elementor-widget elementor-widget-heading\" data-id=\"20ae2c5a\" data-element_type=\"widget\" data-e-type=\"widget\" data-widget_type=\"heading.default\">\n\t\t\t\t<div class=\"elementor-widget-container\">\n\t\t\t\t\t<h2 class=\"elementor-heading-title elementor-size-default\">Ma ville \u00e0 du coeur<\/h2>\t\t\t\t<\/div>\n\t\t\t\t<\/div>\n\t\t\t\t<div class=\"elementor-element elementor-element-452b1cd4 elementor-widget elementor-widget-accordion\" data-id=\"452b1cd4\" data-element_type=\"widget\" data-e-type=\"widget\" data-widget_type=\"accordion.default\">\n\t\t\t\t<div class=\"elementor-widget-container\">\n\t\t\t\t\t\t\t<div class=\"elementor-accordion\">\n\t\t\t\t\t\t\t<div class=\"elementor-accordion-item\">\n\t\t\t\t\t<div id=\"elementor-tab-title-1161\" class=\"elementor-tab-title\" data-tab=\"1\" role=\"button\" aria-controls=\"elementor-tab-content-1161\" aria-expanded=\"false\">\n\t\t\t\t\t\t\t\t\t\t\t\t\t<span class=\"elementor-accordion-icon elementor-accordion-icon-left\" aria-hidden=\"true\">\n\t\t\t\t\t\t\t\t\t\t\t\t\t\t\t<span class=\"elementor-accordion-icon-closed\"><i class=\"fas fa-plus\"><\/i><\/span>\n\t\t\t\t\t\t\t\t<span class=\"elementor-accordion-icon-opened\"><i class=\"fas fa-minus\"><\/i><\/span>\n\t\t\t\t\t\t\t\t\t\t\t\t\t\t<\/span>\n\t\t\t\t\t\t\t\t\t\t\t\t<a class=\"elementor-accordion-title\" tabindex=\"0\">MA COMMUNE A DU C\u0152UR<\/a>\n\t\t\t\t\t<\/div>\n\t\t\t\t\t<div id=\"elementor-tab-content-1161\" class=\"elementor-tab-content elementor-clearfix\" data-tab=\"1\" role=\"region\" aria-labelledby=\"elementor-tab-title-1161\">Depuis 2008, la commune s\u2019est engag\u00e9e dans un plan de secours qui vise \u00e0 l\u2019installation de <strong>d\u00e9fibrillateurs<\/strong> semi automatiques <strong>disponibles 24h\/24, sept jours sur 7<\/strong>.\n\nCes mat\u00e9riels ont \u00e9t\u00e9 plac\u00e9s dans des endroits strat\u00e9giques (<strong>salles de sport, salles des f\u00eates, centre bourg<\/strong>) ou \u00e0 proximit\u00e9 imm\u00e9diate.\nUn d\u00e9fibrillateur se trouve \u00e0 moins de 300m de chaque b\u00e2timent public ou lieux de festivit\u00e9s.\n\n<strong>Quatre d\u2019entre eux sont externes<\/strong> :\n<ol>\n \t<li>fa\u00e7ade de la mairie (rue de la Galmanderie),<\/li>\n \t<li>gymnase de Braunsbach (rue de Braunsbach),<\/li>\n \t<li>complexe sportif des Maillots (rue des Maillots)<\/li>\n \t<li>salle de la Gorande (rue du Moulin neuf))<\/li>\n<\/ol>\nUn DAE situ\u00e9 \u00e0 l&rsquo;int\u00e9rieur de deux b\u00e2timents est disponible aux heures d\u2019ouverture (ces horaires peuvent \u00eatre modifi\u00e9s en raison des conditions climatiques) :\n<ol>\n \t<li>la piscine en \u00e9t\u00e9 (chemin de la piscine),<\/li>\n \t<li>m\u00e9diath\u00e8que le reste du temps (Basses rues) : lundi 16h-18h30 \/ mardi 10h-12h30 et 16h-18h30 \/ mercredi 9h-12h30 et 14h30-18h30 \/ vendredi 15h-18h30 \/ samedi 10h-12h30<\/li>\n<\/ol>\nAvec le partenariat des pompiers de la Vienne (SDIS86) des formations ont \u00e9t\u00e9 r\u00e9alis\u00e9es pour informer les agents municipaux et les associations sur l\u2019utilisation de ces mat\u00e9riels.\n\n<strong>Des panneaux indicateurs pr\u00e9cisent l\u2019emplacement exact de ces mat\u00e9riels de secours.<\/strong>\n\n<iframe allow='fullscreen; geolocation; clipboard-read; clipboard-write' sandbox='allow-scripts allow-same-origin' scrolling='no' frameBorder='0' src='https:\/\/www.defibrillateurs.info\/index.php' width='100%' height='600'><\/iframe><\/div>\n\t\t\t\t<\/div>\n\t\t\t\t\t\t\t\t<\/div>\n\t\t\t\t\t\t<\/div>\n\t\t\t\t<\/div>\n\t\t\t\t<div class=\"elementor-element elementor-element-28060542 elementor-share-buttons--view-icon elementor-share-buttons--skin-minimal elementor-share-buttons--color-custom elementor-share-buttons--shape-square elementor-grid-0 elementor-widget elementor-widget-global elementor-global-2201 elementor-widget-share-buttons\" data-id=\"28060542\" data-element_type=\"widget\" data-e-type=\"widget\" data-widget_type=\"share-buttons.default\">\n\t\t\t\t<div class=\"elementor-widget-container\">\n\t\t\t\t\t\t\t<div class=\"elementor-grid\" role=\"list\">\n\t\t\t\t\t\t\t\t<div class=\"elementor-grid-item\" role=\"listitem\">\n\t\t\t\t\t\t<div class=\"elementor-share-btn elementor-share-btn_facebook\" role=\"button\" tabindex=\"0\" aria-label=\"Partager sur facebook\">\n\t\t\t\t\t\t\t\t\t\t\t\t\t\t\t<span class=\"elementor-share-btn__icon\">\n\t\t\t\t\t\t\t\t<i class=\"fab fa-facebook\" aria-hidden=\"true\"><\/i>\t\t\t\t\t\t\t<\/span>\n\t\t\t\t\t\t\t\t\t\t\t\t\t\t\t\t\t\t\t\t<\/div>\n\t\t\t\t\t<\/div>\n\t\t\t\t\t\t\t\t\t<div class=\"elementor-grid-item\" role=\"listitem\">\n\t\t\t\t\t\t<div class=\"elementor-share-btn elementor-share-btn_twitter\" role=\"button\" tabindex=\"0\" aria-label=\"Partager sur twitter\">\n\t\t\t\t\t\t\t\t\t\t\t\t\t\t\t<span class=\"elementor-share-btn__icon\">\n\t\t\t\t\t\t\t\t<i class=\"fab fa-twitter\" aria-hidden=\"true\"><\/i>\t\t\t\t\t\t\t<\/span>\n\t\t\t\t\t\t\t\t\t\t\t\t\t\t\t\t\t\t\t\t<\/div>\n\t\t\t\t\t<\/div>\n\t\t\t\t\t\t\t\t\t<div class=\"elementor-grid-item\" role=\"listitem\">\n\t\t\t\t\t\t<div class=\"elementor-share-btn elementor-share-btn_whatsapp\" role=\"button\" tabindex=\"0\" aria-label=\"Partager sur whatsapp\">\n\t\t\t\t\t\t\t\t\t\t\t\t\t\t\t<span class=\"elementor-share-btn__icon\">\n\t\t\t\t\t\t\t\t<i class=\"fab fa-whatsapp\" aria-hidden=\"true\"><\/i>\t\t\t\t\t\t\t<\/span>\n\t\t\t\t\t\t\t\t\t\t\t\t\t\t\t\t\t\t\t\t<\/div>\n\t\t\t\t\t<\/div>\n\t\t\t\t\t\t\t\t\t<div class=\"elementor-grid-item\" role=\"listitem\">\n\t\t\t\t\t\t<div class=\"elementor-share-btn elementor-share-btn_email\" role=\"button\" tabindex=\"0\" aria-label=\"Partager sur email\">\n\t\t\t\t\t\t\t\t\t\t\t\t\t\t\t<span class=\"elementor-share-btn__icon\">\n\t\t\t\t\t\t\t\t<i class=\"fas fa-envelope\" aria-hidden=\"true\"><\/i>\t\t\t\t\t\t\t<\/span>\n\t\t\t\t\t\t\t\t\t\t\t\t\t\t\t\t\t\t\t\t<\/div>\n\t\t\t\t\t<\/div>\n\t\t\t\t\t\t<\/div>\n\t\t\t\t\t\t<\/div>\n\t\t\t\t<\/div>\n\t\t\t\t\t<\/div>\n\t\t<\/div>\n\t\t\t\t\t<\/div>\n\t\t<\/section>\n\t\t\t\t<\/div>\n\t\t","protected":false},"excerpt":{"rendered":"<p>MA COMMUNE A DU C\u0152UR Depuis 2008, la commune s\u2019est engag\u00e9e dans un plan de secours qui vise \u00e0 l\u2019installation de d\u00e9fibrillateurs semi automatiques disponibles 24h\/24, sept jours sur 7. Ces mat\u00e9riels ont \u00e9t\u00e9 plac\u00e9s dans des endroits strat\u00e9giques (salles de sport, salles des f\u00eates, centre bourg) ou \u00e0 proximit\u00e9 imm\u00e9diate. Un d\u00e9fibrillateur se trouve&#8230;<\/p>\n","protected":false},"author":1,"featured_media":0,"parent":0,"menu_order":0,"comment_status":"closed","ping_status":"closed","template":"","meta":{"_acf_changed":false,"footnotes":""},"class_list":["post-4015","page","type-page","status-publish","hentry"],"acf":[],"_links":{"self":[{"href":"https:\/\/vouille86.fr\/mairie\/wp-json\/wp\/v2\/pages\/4015","targetHints":{"allow":["GET"]}}],"collection":[{"href":"https:\/\/vouille86.fr\/mairie\/wp-json\/wp\/v2\/pages"}],"about":[{"href":"https:\/\/vouille86.fr\/mairie\/wp-json\/wp\/v2\/types\/page"}],"author":[{"embeddable":true,"href":"https:\/\/vouille86.fr\/mairie\/wp-json\/wp\/v2\/users\/1"}],"replies":[{"embeddable":true,"href":"https:\/\/vouille86.fr\/mairie\/wp-json\/wp\/v2\/comments?post=4015"}],"version-history":[{"count":13,"href":"https:\/\/vouille86.fr\/mairie\/wp-json\/wp\/v2\/pages\/4015\/revisions"}],"predecessor-version":[{"id":13602,"href":"https:\/\/vouille86.fr\/mairie\/wp-json\/wp\/v2\/pages\/4015\/revisions\/13602"}],"wp:attachment":[{"href":"https:\/\/vouille86.fr\/mairie\/wp-json\/wp\/v2\/media?parent=4015"}],"curies":[{"name":"wp","href":"https:\/\/api.w.org\/{rel}","templated":true}]}}