{"id":3825,"date":"2022-03-29T12:26:25","date_gmt":"2022-03-29T10:26:25","guid":{"rendered":"https:\/\/vouille86.fr\/mairie\/?page_id=3825"},"modified":"2025-08-29T10:35:07","modified_gmt":"2025-08-29T08:35:07","slug":"jeunesse","status":"publish","type":"page","link":"https:\/\/vouille86.fr\/mairie\/jeunesse\/","title":{"rendered":"Jeunesse"},"content":{"rendered":"\t\t<div data-elementor-type=\"wp-page\" data-elementor-id=\"3825\" class=\"elementor elementor-3825\" data-elementor-post-type=\"page\">\n\t\t\t\t\t\t<section class=\"elementor-section elementor-top-section elementor-element elementor-element-3fba60cc elementor-section-boxed elementor-section-height-default elementor-section-height-default\" data-id=\"3fba60cc\" data-element_type=\"section\" data-e-type=\"section\">\n\t\t\t\t\t\t<div class=\"elementor-container elementor-column-gap-default\">\n\t\t\t\t\t<div class=\"elementor-column elementor-col-100 elementor-top-column elementor-element elementor-element-21bc8bb1\" data-id=\"21bc8bb1\" data-element_type=\"column\" data-e-type=\"column\">\n\t\t\t<div class=\"elementor-widget-wrap elementor-element-populated\">\n\t\t\t\t\t\t<div class=\"elementor-element elementor-element-193c668b ariana elementor-widget elementor-widget-global elementor-global-2096 elementor-widget-shortcode\" data-id=\"193c668b\" data-element_type=\"widget\" data-e-type=\"widget\" data-widget_type=\"shortcode.default\">\n\t\t\t\t<div class=\"elementor-widget-container\">\n\t\t\t\t\t<ul id=\"crumbs\"><li><a href=\"https:\/\/vouille86.fr\/mairie\">Accueil<\/a><\/li><\/ul>\t\t<div class=\"elementor-shortcode\"><\/div>\n\t\t\t\t\t\t<\/div>\n\t\t\t\t<\/div>\n\t\t\t\t\t<\/div>\n\t\t<\/div>\n\t\t\t\t\t<\/div>\n\t\t<\/section>\n\t\t\t\t<section class=\"elementor-section elementor-top-section elementor-element elementor-element-699f94fd elementor-section-boxed elementor-section-height-default elementor-section-height-default\" data-id=\"699f94fd\" data-element_type=\"section\" data-e-type=\"section\">\n\t\t\t\t\t\t<div class=\"elementor-container elementor-column-gap-default\">\n\t\t\t\t\t<div class=\"elementor-column elementor-col-100 elementor-top-column elementor-element elementor-element-3e307936\" data-id=\"3e307936\" data-element_type=\"column\" data-e-type=\"column\">\n\t\t\t<div class=\"elementor-widget-wrap elementor-element-populated\">\n\t\t\t\t\t\t<div class=\"elementor-element elementor-element-780c97f4 elementor-widget elementor-widget-heading\" data-id=\"780c97f4\" data-element_type=\"widget\" data-e-type=\"widget\" data-widget_type=\"heading.default\">\n\t\t\t\t<div class=\"elementor-widget-container\">\n\t\t\t\t\t<h2 class=\"elementor-heading-title elementor-size-default\">Jeunesse<\/h2>\t\t\t\t<\/div>\n\t\t\t\t<\/div>\n\t\t\t\t<div class=\"elementor-element elementor-element-1842613f elementor-widget elementor-widget-accordion\" data-id=\"1842613f\" data-element_type=\"widget\" data-e-type=\"widget\" data-widget_type=\"accordion.default\">\n\t\t\t\t<div class=\"elementor-widget-container\">\n\t\t\t\t\t\t\t<div class=\"elementor-accordion\">\n\t\t\t\t\t\t\t<div class=\"elementor-accordion-item\">\n\t\t\t\t\t<div id=\"elementor-tab-title-4071\" class=\"elementor-tab-title\" data-tab=\"1\" role=\"button\" aria-controls=\"elementor-tab-content-4071\" aria-expanded=\"false\">\n\t\t\t\t\t\t\t\t\t\t\t\t\t<span class=\"elementor-accordion-icon elementor-accordion-icon-left\" aria-hidden=\"true\">\n\t\t\t\t\t\t\t\t\t\t\t\t\t\t\t<span class=\"elementor-accordion-icon-closed\"><i class=\"fas fa-plus\"><\/i><\/span>\n\t\t\t\t\t\t\t\t<span class=\"elementor-accordion-icon-opened\"><i class=\"fas fa-minus\"><\/i><\/span>\n\t\t\t\t\t\t\t\t\t\t\t\t\t\t<\/span>\n\t\t\t\t\t\t\t\t\t\t\t\t<a class=\"elementor-accordion-title\" tabindex=\"0\">CENTRE SOCIOCULTUREL LA CASE<\/a>\n\t\t\t\t\t<\/div>\n\t\t\t\t\t<div id=\"elementor-tab-content-4071\" class=\"elementor-tab-content elementor-clearfix\" data-tab=\"1\" role=\"region\" aria-labelledby=\"elementor-tab-title-4071\"><p><strong>Coordonn\u00e9es :<\/strong><\/p><p>Centre Socioculturel La Case<\/p><p>4 rue du stade 86190 Vouill\u00e9<\/p><p>Les horaires d\u2019ouverture de l\u2019accueil :<\/p><div class=\"gmail_default\">Hors vacances scolaires :<\/div><div class=\"gmail_default\">Lundi &#8211; Mardi : 14h00 &#8211; 18h30<\/div><div class=\"gmail_default\">Mercredi &#8211; Vendredi : 10h30 &#8211; 12h30 et 14h00 &#8211; 18h30<\/div><div class=\"gmail_default\">Jeudi : Ferm\u00e9<\/div><div>\u00a0<\/div><div class=\"gmail_default\">Vacances scolaires :<\/div><div class=\"gmail_default\">Lundi &#8211; Mardi : 13h30 &#8211; 18h30<\/div><div class=\"gmail_default\">Mercredi -Vendredi : 10h30 &#8211; 12h30 et 13h30 &#8211; 18h30<\/div><div class=\"gmail_default\">Jeudi : 13h30 &#8211; 16h00<\/div><div>\u00a0<\/div><p>Num\u00e9ro de t\u00e9l\u00e9phone : 05 49 51 49 92<\/p><p>M\u00e9l : <a href=\"mailto:accueil@lacase-csc86.org\">accueil@lacase-csc86.org<\/a><\/p><p><blockquote class=\"wp-embedded-content\" data-secret=\"BXwcjx9nBD\"><a href=\"https:\/\/lacase.centres-sociaux.fr\/\">Accueil<\/a><\/blockquote><iframe class=\"wp-embedded-content\" sandbox=\"allow-scripts\" security=\"restricted\" style=\"position: absolute; clip: rect(1px, 1px, 1px, 1px);\" title=\"\u00ab\u00a0Accueil\u00a0\u00bb &#8212; Centre Socio Culturel La CASE\" src=\"https:\/\/lacase.centres-sociaux.fr\/embed\/#?secret=c2OGVC5QE5#?secret=BXwcjx9nBD\" data-secret=\"BXwcjx9nBD\" width=\"600\" height=\"338\" frameborder=\"0\" marginwidth=\"0\" marginheight=\"0\" scrolling=\"no\"><\/iframe><\/p><\/div>\n\t\t\t\t<\/div>\n\t\t\t\t\t\t\t<div class=\"elementor-accordion-item\">\n\t\t\t\t\t<div id=\"elementor-tab-title-4072\" class=\"elementor-tab-title\" data-tab=\"2\" role=\"button\" aria-controls=\"elementor-tab-content-4072\" aria-expanded=\"false\">\n\t\t\t\t\t\t\t\t\t\t\t\t\t<span class=\"elementor-accordion-icon elementor-accordion-icon-left\" aria-hidden=\"true\">\n\t\t\t\t\t\t\t\t\t\t\t\t\t\t\t<span class=\"elementor-accordion-icon-closed\"><i class=\"fas fa-plus\"><\/i><\/span>\n\t\t\t\t\t\t\t\t<span class=\"elementor-accordion-icon-opened\"><i class=\"fas fa-minus\"><\/i><\/span>\n\t\t\t\t\t\t\t\t\t\t\t\t\t\t<\/span>\n\t\t\t\t\t\t\t\t\t\t\t\t<a class=\"elementor-accordion-title\" tabindex=\"0\">MISSION LOCALE D\u2019INSERTION DU POITOU<\/a>\n\t\t\t\t\t<\/div>\n\t\t\t\t\t<div id=\"elementor-tab-content-4072\" class=\"elementor-tab-content elementor-clearfix\" data-tab=\"2\" role=\"region\" aria-labelledby=\"elementor-tab-title-4072\"><p><strong>La Mission Locale d\u2019Insertion du Poitou (MLI) \u00e0 votre \u00e9coute et \u00e0 votre service !<\/strong><\/p><p>La MLI accueille <strong>tous les jeunes de 16 \u00e0 25 ans<\/strong> sortis du syst\u00e8me scolaire et qui souhaitent \u00eatre conseill\u00e9s et guid\u00e9s pour r\u00e9ussir leur insertion professionnelle.<\/p><p>Les demandes sont vari\u00e9es : faire le point sur son <strong>orientation<\/strong>, rechercher une <strong>formation<\/strong>, \u00eatre conseill\u00e9 dans sa recherche <strong>d\u2019emploi<\/strong>, s\u2019informer sur les <strong>aides<\/strong> utiles au <strong>quotidien<\/strong> \u2026<\/p><p>La MLI porte \u00e9galement une action sp\u00e9cifique d\u2019accueil, d\u2019information et de conseil en mati\u00e8re d\u2019emploi et formation de <strong>toute personne de + de 26<\/strong> ans du territoire.<\/p><p>La MLI propose aussi une offre de services en direction des entreprises de fa\u00e7on \u00e0 :<\/p><ul><li>Promouvoir leurs activit\u00e9s,<\/li><li>Analyser leurs besoins,<\/li><li>Rapprocher employeur et candidat pour un recrutement r\u00e9ussi,<\/li><li>S\u00e9curiser le parcours professionnel.<\/li><\/ul><p><strong>Tous les mois des ateliers et des animations sont organis\u00e9es, suivez les actualit\u00e9s sur <a href=\"https:\/\/www.mli-poitiers.asso.fr\" target=\"_blank\" rel=\"noopener\">www.mli-poitiers.asso.fr<\/a> et rejoignez-nous sur notre page Facebook \u2018Mission Locale d\u2019Insertion du Poitou\u2019.<\/strong><\/p><p><strong>Pour prendre rendez-vous<\/strong>, un num\u00e9ro \u00e0 composer :<br \/><a href=\"tel:0549300850\">05 49 30 08 50<\/a><\/p><p>30 rue des Feuillants 86000 POITIERS.<\/p><p><strong>Notre adresse email :<\/strong> <a href=\"mailto:secretariat@mli-poitiers.asso.fr\">secretariat@mli-poitiers.asso.fr<\/a><\/p><p><strong>Un point d\u2019accueil dans votre commune :<br \/><\/strong>L\u2019atout de la Mission Locale est son ancrage sur le territoire de Grand Poitiers et du Haut Poitou. En effet, son si\u00e8ge est \u00e0 Poitiers, mais elle intervient aussi en proximit\u00e9 dans le cadre de permanences sur plusieurs communes environnantes.<\/p><ul><li>A Vouill\u00e9 \u2013 2bis Basses Rues.<\/li><li>Du lundi au vendredi de 9h00 \u00e0 12h30 et de 13h30 \u00e0 17h00.<\/li><li>Le mardi de 9h00 \u00e0 12h30.<\/li><li>Sur rendez-vous.<\/li><\/ul><div><img fetchpriority=\"high\" decoding=\"async\" class=\"aligncenter size-full wp-image-3842\" src=\"https:\/\/vouille86.fr\/mairie\/wp-content\/uploads\/2022\/03\/Logo_MLIP.png\" alt=\"\" width=\"450\" height=\"434\" srcset=\"https:\/\/vouille86.fr\/mairie\/wp-content\/uploads\/2022\/03\/Logo_MLIP.png 450w, https:\/\/vouille86.fr\/mairie\/wp-content\/uploads\/2022\/03\/Logo_MLIP-300x289.png 300w\" sizes=\"(max-width: 450px) 100vw, 450px\" \/><\/div><\/div>\n\t\t\t\t<\/div>\n\t\t\t\t\t\t\t<div class=\"elementor-accordion-item\">\n\t\t\t\t\t<div id=\"elementor-tab-title-4073\" class=\"elementor-tab-title\" data-tab=\"3\" role=\"button\" aria-controls=\"elementor-tab-content-4073\" aria-expanded=\"false\">\n\t\t\t\t\t\t\t\t\t\t\t\t\t<span class=\"elementor-accordion-icon elementor-accordion-icon-left\" aria-hidden=\"true\">\n\t\t\t\t\t\t\t\t\t\t\t\t\t\t\t<span class=\"elementor-accordion-icon-closed\"><i class=\"fas fa-plus\"><\/i><\/span>\n\t\t\t\t\t\t\t\t<span class=\"elementor-accordion-icon-opened\"><i class=\"fas fa-minus\"><\/i><\/span>\n\t\t\t\t\t\t\t\t\t\t\t\t\t\t<\/span>\n\t\t\t\t\t\t\t\t\t\t\t\t<a class=\"elementor-accordion-title\" tabindex=\"0\">ACTUALIT\u00c9S<\/a>\n\t\t\t\t\t<\/div>\n\t\t\t\t\t<div id=\"elementor-tab-content-4073\" class=\"elementor-tab-content elementor-clearfix\" data-tab=\"3\" role=\"region\" aria-labelledby=\"elementor-tab-title-4073\"><\/div>\n\t\t\t\t<\/div>\n\t\t\t\t\t\t\t\t<\/div>\n\t\t\t\t\t\t<\/div>\n\t\t\t\t<\/div>\n\t\t\t\t<div class=\"elementor-element elementor-element-296d3e20 elementor-share-buttons--view-icon elementor-share-buttons--skin-minimal elementor-share-buttons--color-custom elementor-share-buttons--shape-square elementor-grid-0 elementor-widget elementor-widget-global elementor-global-2201 elementor-widget-share-buttons\" data-id=\"296d3e20\" data-element_type=\"widget\" data-e-type=\"widget\" data-widget_type=\"share-buttons.default\">\n\t\t\t\t<div class=\"elementor-widget-container\">\n\t\t\t\t\t\t\t<div class=\"elementor-grid\" role=\"list\">\n\t\t\t\t\t\t\t\t<div class=\"elementor-grid-item\" role=\"listitem\">\n\t\t\t\t\t\t<div class=\"elementor-share-btn elementor-share-btn_facebook\" role=\"button\" tabindex=\"0\" aria-label=\"Partager sur facebook\">\n\t\t\t\t\t\t\t\t\t\t\t\t\t\t\t<span class=\"elementor-share-btn__icon\">\n\t\t\t\t\t\t\t\t<i class=\"fab fa-facebook\" aria-hidden=\"true\"><\/i>\t\t\t\t\t\t\t<\/span>\n\t\t\t\t\t\t\t\t\t\t\t\t\t\t\t\t\t\t\t\t<\/div>\n\t\t\t\t\t<\/div>\n\t\t\t\t\t\t\t\t\t<div class=\"elementor-grid-item\" role=\"listitem\">\n\t\t\t\t\t\t<div class=\"elementor-share-btn elementor-share-btn_twitter\" role=\"button\" tabindex=\"0\" aria-label=\"Partager sur twitter\">\n\t\t\t\t\t\t\t\t\t\t\t\t\t\t\t<span class=\"elementor-share-btn__icon\">\n\t\t\t\t\t\t\t\t<i class=\"fab fa-twitter\" aria-hidden=\"true\"><\/i>\t\t\t\t\t\t\t<\/span>\n\t\t\t\t\t\t\t\t\t\t\t\t\t\t\t\t\t\t\t\t<\/div>\n\t\t\t\t\t<\/div>\n\t\t\t\t\t\t\t\t\t<div class=\"elementor-grid-item\" role=\"listitem\">\n\t\t\t\t\t\t<div class=\"elementor-share-btn elementor-share-btn_whatsapp\" role=\"button\" tabindex=\"0\" aria-label=\"Partager sur whatsapp\">\n\t\t\t\t\t\t\t\t\t\t\t\t\t\t\t<span class=\"elementor-share-btn__icon\">\n\t\t\t\t\t\t\t\t<i class=\"fab fa-whatsapp\" aria-hidden=\"true\"><\/i>\t\t\t\t\t\t\t<\/span>\n\t\t\t\t\t\t\t\t\t\t\t\t\t\t\t\t\t\t\t\t<\/div>\n\t\t\t\t\t<\/div>\n\t\t\t\t\t\t\t\t\t<div class=\"elementor-grid-item\" role=\"listitem\">\n\t\t\t\t\t\t<div class=\"elementor-share-btn elementor-share-btn_email\" role=\"button\" tabindex=\"0\" aria-label=\"Partager sur email\">\n\t\t\t\t\t\t\t\t\t\t\t\t\t\t\t<span class=\"elementor-share-btn__icon\">\n\t\t\t\t\t\t\t\t<i class=\"fas fa-envelope\" aria-hidden=\"true\"><\/i>\t\t\t\t\t\t\t<\/span>\n\t\t\t\t\t\t\t\t\t\t\t\t\t\t\t\t\t\t\t\t<\/div>\n\t\t\t\t\t<\/div>\n\t\t\t\t\t\t<\/div>\n\t\t\t\t\t\t<\/div>\n\t\t\t\t<\/div>\n\t\t\t\t\t<\/div>\n\t\t<\/div>\n\t\t\t\t\t<\/div>\n\t\t<\/section>\n\t\t\t\t<\/div>\n\t\t","protected":false},"excerpt":{"rendered":"<p>CENTRE SOCIOCULTUREL LA CASE Coordonn\u00e9es : Centre Socioculturel La Case 4 rue du stade 86190 Vouill\u00e9 Les horaires d\u2019ouverture de l\u2019accueil : Hors vacances scolaires :Lundi &#8211; Mardi : 14h00 &#8211; 18h30Mercredi &#8211; Vendredi : 10h30 &#8211; 12h30 et 14h00 &#8211; 18h30Jeudi : Ferm\u00e9\u00a0Vacances scolaires :Lundi &#8211; Mardi : 13h30 &#8211; 18h30Mercredi -Vendredi : 10h30&#8230;<\/p>\n","protected":false},"author":1,"featured_media":0,"parent":0,"menu_order":0,"comment_status":"closed","ping_status":"closed","template":"","meta":{"_acf_changed":false,"footnotes":""},"class_list":["post-3825","page","type-page","status-publish","hentry"],"acf":[],"_links":{"self":[{"href":"https:\/\/vouille86.fr\/mairie\/wp-json\/wp\/v2\/pages\/3825","targetHints":{"allow":["GET"]}}],"collection":[{"href":"https:\/\/vouille86.fr\/mairie\/wp-json\/wp\/v2\/pages"}],"about":[{"href":"https:\/\/vouille86.fr\/mairie\/wp-json\/wp\/v2\/types\/page"}],"author":[{"embeddable":true,"href":"https:\/\/vouille86.fr\/mairie\/wp-json\/wp\/v2\/users\/1"}],"replies":[{"embeddable":true,"href":"https:\/\/vouille86.fr\/mairie\/wp-json\/wp\/v2\/comments?post=3825"}],"version-history":[{"count":43,"href":"https:\/\/vouille86.fr\/mairie\/wp-json\/wp\/v2\/pages\/3825\/revisions"}],"predecessor-version":[{"id":13422,"href":"https:\/\/vouille86.fr\/mairie\/wp-json\/wp\/v2\/pages\/3825\/revisions\/13422"}],"wp:attachment":[{"href":"https:\/\/vouille86.fr\/mairie\/wp-json\/wp\/v2\/media?parent=3825"}],"curies":[{"name":"wp","href":"https:\/\/api.w.org\/{rel}","templated":true}]}}