{"id":3739,"date":"2022-03-29T09:42:55","date_gmt":"2022-03-29T07:42:55","guid":{"rendered":"https:\/\/vouille86.fr\/mairie\/?page_id=3739"},"modified":"2025-09-05T16:49:57","modified_gmt":"2025-09-05T14:49:57","slug":"petite-enfance","status":"publish","type":"page","link":"https:\/\/vouille86.fr\/mairie\/petite-enfance\/","title":{"rendered":"Petite Enfance"},"content":{"rendered":"\t\t<div data-elementor-type=\"wp-page\" data-elementor-id=\"3739\" class=\"elementor elementor-3739\" data-elementor-post-type=\"page\">\n\t\t\t\t\t\t<section class=\"elementor-section elementor-top-section elementor-element elementor-element-2b2a5277 elementor-section-boxed elementor-section-height-default elementor-section-height-default\" data-id=\"2b2a5277\" data-element_type=\"section\" data-e-type=\"section\">\n\t\t\t\t\t\t<div class=\"elementor-container elementor-column-gap-default\">\n\t\t\t\t\t<div class=\"elementor-column elementor-col-100 elementor-top-column elementor-element elementor-element-29436251\" data-id=\"29436251\" data-element_type=\"column\" data-e-type=\"column\">\n\t\t\t<div class=\"elementor-widget-wrap elementor-element-populated\">\n\t\t\t\t\t\t<div class=\"elementor-element elementor-element-2db89671 ariana elementor-widget elementor-widget-global elementor-global-2096 elementor-widget-shortcode\" data-id=\"2db89671\" data-element_type=\"widget\" data-e-type=\"widget\" data-widget_type=\"shortcode.default\">\n\t\t\t\t<div class=\"elementor-widget-container\">\n\t\t\t\t\t<ul id=\"crumbs\"><li><a href=\"https:\/\/vouille86.fr\/mairie\">Accueil<\/a><\/li><\/ul>\t\t<div class=\"elementor-shortcode\"><\/div>\n\t\t\t\t\t\t<\/div>\n\t\t\t\t<\/div>\n\t\t\t\t\t<\/div>\n\t\t<\/div>\n\t\t\t\t\t<\/div>\n\t\t<\/section>\n\t\t\t\t<section class=\"elementor-section elementor-top-section elementor-element elementor-element-d85fa4c elementor-section-boxed elementor-section-height-default elementor-section-height-default\" data-id=\"d85fa4c\" data-element_type=\"section\" data-e-type=\"section\">\n\t\t\t\t\t\t<div class=\"elementor-container elementor-column-gap-default\">\n\t\t\t\t\t<div class=\"elementor-column elementor-col-100 elementor-top-column elementor-element elementor-element-2e2fb884\" data-id=\"2e2fb884\" data-element_type=\"column\" data-e-type=\"column\">\n\t\t\t<div class=\"elementor-widget-wrap elementor-element-populated\">\n\t\t\t\t\t\t<div class=\"elementor-element elementor-element-75a79f76 elementor-widget elementor-widget-heading\" data-id=\"75a79f76\" data-element_type=\"widget\" data-e-type=\"widget\" data-widget_type=\"heading.default\">\n\t\t\t\t<div class=\"elementor-widget-container\">\n\t\t\t\t\t<h2 class=\"elementor-heading-title elementor-size-default\">Petite Enfance<\/h2>\t\t\t\t<\/div>\n\t\t\t\t<\/div>\n\t\t\t\t<div class=\"elementor-element elementor-element-12da433 elementor-alert-info elementor-widget elementor-widget-alert\" data-id=\"12da433\" data-element_type=\"widget\" data-e-type=\"widget\" data-widget_type=\"alert.default\">\n\t\t\t\t<div class=\"elementor-widget-container\">\n\t\t\t\t\t\t\t<div class=\"elementor-alert\" role=\"alert\">\n\n\t\t\t\t\t\t<span class=\"elementor-alert-title\">Coordonn\u00e9es de L\u2019\u00eele \u00f4 doudou<\/span>\n\t\t\t\n\t\t\t\t\t\t<span class=\"elementor-alert-description\"><b>Charlotte SINQSOUS<\/b> (Responsable multi-accueil)<br>\nAdresse : 2 ter rue du stade<br>\nT\u00e9l. : <a href=\"tel:0549546271\">05 49 54 62 71<\/a><br>\nE-mail : <a href=\"ileodoudou@cc-hautpoitou.fr\">ileodoudou@cc-hautpoitou.fr<\/a><br><\/span>\n\t\t\t\n\t\t\t\t\t\t<button type=\"button\" class=\"elementor-alert-dismiss\" aria-label=\"Ignorer cette alerte.\">\n\t\t\t\t\t\t\t\t\t<span aria-hidden=\"true\">&times;<\/span>\n\t\t\t\t\t\t\t<\/button>\n\t\t\t\n\t\t<\/div>\n\t\t\t\t\t\t<\/div>\n\t\t\t\t<\/div>\n\t\t\t\t<div class=\"elementor-element elementor-element-b29af3c elementor-widget elementor-widget-text-editor\" data-id=\"b29af3c\" data-element_type=\"widget\" data-e-type=\"widget\" data-widget_type=\"text-editor.default\">\n\t\t\t\t<div class=\"elementor-widget-container\">\n\t\t\t\t\t\t\t\t\t<p>La Maison de la Petite Enfance \u00ab<strong>l\u2019\u00eele \u00f4 doudou<\/strong>\u00bb, g\u00e9r\u00e9e par la Communaut\u00e9 de Communes du Haut-Poitou propose aux familles un multi-accueil agr\u00e9e pour accueillir 15 enfants simultan\u00e9ment \u00e2g\u00e9s entre 10 semaines \u00e0 3 ans.<\/p>\t\t\t\t\t\t\t\t<\/div>\n\t\t\t\t<\/div>\n\t\t\t\t<div class=\"elementor-element elementor-element-12d07687 elementor-widget elementor-widget-accordion\" data-id=\"12d07687\" data-element_type=\"widget\" data-e-type=\"widget\" data-widget_type=\"accordion.default\">\n\t\t\t\t<div class=\"elementor-widget-container\">\n\t\t\t\t\t\t\t<div class=\"elementor-accordion\">\n\t\t\t\t\t\t\t<div class=\"elementor-accordion-item\">\n\t\t\t\t\t<div id=\"elementor-tab-title-3151\" class=\"elementor-tab-title\" data-tab=\"1\" role=\"button\" aria-controls=\"elementor-tab-content-3151\" aria-expanded=\"false\">\n\t\t\t\t\t\t\t\t\t\t\t\t\t<span class=\"elementor-accordion-icon elementor-accordion-icon-left\" aria-hidden=\"true\">\n\t\t\t\t\t\t\t\t\t\t\t\t\t\t\t<span class=\"elementor-accordion-icon-closed\"><i class=\"fas fa-plus\"><\/i><\/span>\n\t\t\t\t\t\t\t\t<span class=\"elementor-accordion-icon-opened\"><i class=\"fas fa-minus\"><\/i><\/span>\n\t\t\t\t\t\t\t\t\t\t\t\t\t\t<\/span>\n\t\t\t\t\t\t\t\t\t\t\t\t<a class=\"elementor-accordion-title\" tabindex=\"0\">RELAIS PETITE ENFANCE<\/a>\n\t\t\t\t\t<\/div>\n\t\t\t\t\t<div id=\"elementor-tab-content-3151\" class=\"elementor-tab-content elementor-clearfix\" data-tab=\"1\" role=\"region\" aria-labelledby=\"elementor-tab-title-3151\"><p>C\u2019est un service itin\u00e9rant pour les parents, futurs parents, assistant(e)s maternel(le)s agr\u00e9es et garde \u00e0 domicile.<\/p><p>Missions \u00e0 destination des familles :\u00a0<\/p><ul><li>Informer sur l&rsquo;ensemble des modes d&rsquo;accueil<\/li><li>Accompagner les parents dans l&rsquo;appropriation de leur r\u00f4le de particulier employeur<\/li><li>Favoriser la mise en relation avec l&rsquo;offre d&rsquo;accueil<\/li><li>Valoriser l&rsquo;offre de service de monenfant.fr et r\u00e9pondre aux demandes des familles<\/li><\/ul><p>Missions \u00e0 destination des professionnels de l&rsquo;accueil individuel<\/p><ul><li>Informer sur le cadre d&rsquo;exercice du m\u00e9tier d&rsquo;assistant maternel<\/li><li>Proposer des temps d&rsquo;\u00e9changes et d&rsquo;\u00e9coute et organiser des temps collectifs<\/li><li>Accompagner le parcours en formation continue<\/li><li>Lutter contre la sous-activit\u00e9 subie et promouvoir le m\u00e9tier d&rsquo;assistant maternel<\/li><li>Informer et assister les assistants maternels dans le cadre de leurs d\u00e9marches sur monenfant.fr<\/li><\/ul><p>Secteur d&rsquo;intervention<\/p><p>Ayron \u2013 Boivre La Vall\u00e9e \u2013 Chalandray \u2013 Cherves \u2013 Chir\u00e9 en Montreuil \u2013 Frozes \u2013 Latill\u00e9 \u2013 Maill\u00e9 \u2013 Quincay \u2013 Vouill\u00e9 \u2013 Vouzailles<\/p><p>Plaquette d&rsquo;informations :<a href=\"https:\/\/vouille86.fr\/mairie\/wp-content\/uploads\/2023\/04\/Relais-Petite-Enfance.pdf\"> Relais Petite Enfance<\/a><\/p><p><strong>Coordonn\u00e9es :<\/strong><\/p><p style=\"font-weight: 400;\">Communaut\u00e9 de communes du Haut-Poitou<\/p><p style=\"font-weight: 400;\">Responsable : Natacha Blanchard &amp; Alice Th\u00e9venard<\/p><p style=\"font-weight: 400;\">2 Basses rues &#8211; 86190 Vouill\u00e9<\/p><p style=\"font-weight: 400;\">05.49.51.14.40<\/p><p style=\"font-weight: 400;\">06.23.42.19.71 (Natacha Blanchard)<\/p><p style=\"font-weight: 400;\">06.26.45.25.14 (Alice Th\u00e9venard)<\/p><p style=\"font-weight: 400;\"><a href=\"mailto:rpe@cc-hautpoitou.fr\">rpe@cc-hautpoitou.fr<\/a><\/p><p style=\"font-weight: 400;\">Les accueils se font sur rendez-vous.<\/p><\/div>\n\t\t\t\t<\/div>\n\t\t\t\t\t\t\t<div class=\"elementor-accordion-item\">\n\t\t\t\t\t<div id=\"elementor-tab-title-3152\" class=\"elementor-tab-title\" data-tab=\"2\" role=\"button\" aria-controls=\"elementor-tab-content-3152\" aria-expanded=\"false\">\n\t\t\t\t\t\t\t\t\t\t\t\t\t<span class=\"elementor-accordion-icon elementor-accordion-icon-left\" aria-hidden=\"true\">\n\t\t\t\t\t\t\t\t\t\t\t\t\t\t\t<span class=\"elementor-accordion-icon-closed\"><i class=\"fas fa-plus\"><\/i><\/span>\n\t\t\t\t\t\t\t\t<span class=\"elementor-accordion-icon-opened\"><i class=\"fas fa-minus\"><\/i><\/span>\n\t\t\t\t\t\t\t\t\t\t\t\t\t\t<\/span>\n\t\t\t\t\t\t\t\t\t\t\t\t<a class=\"elementor-accordion-title\" tabindex=\"0\">C\u2019EST QUOI LE LIEU D\u2019ACCUEIL ENFANTS PARENTS ITIN\u00c9RANT?<\/a>\n\t\t\t\t\t<\/div>\n\t\t\t\t\t<div id=\"elementor-tab-content-3152\" class=\"elementor-tab-content elementor-clearfix\" data-tab=\"2\" role=\"region\" aria-labelledby=\"elementor-tab-title-3152\"><p><strong>C\u2019est quoi le Lieu d\u2019Accueil Enfants Parents Itin\u00e9rant?<br \/><\/strong><br \/>Un lieu de jeux et de d\u00e9couvertes o\u00f9 les enfants (de 0 \u00e0 6 ans) vivent des exp\u00e9riences de socialisation et de partage aupr\u00e8s de leurs parents (l\u2019enfant est sous la responsabilit\u00e9 de son accompagnant pendant toute la dur\u00e9e de l\u2019accueil). Chacun peut prendre du temps pour soi, se d\u00e9tendre\u2026<\/p><p>C\u2019est un lieu convivial, d\u2019\u00e9changes, qui respecte l\u2019anonymat et la singularit\u00e9 de chaque famille. La fr\u00e9quentation est libre, sans inscription et gratuite.<\/p><p>Les s\u00e9ances ont lieu les lundis, mardis, jeudis et vendredis de 9h30 \u00e0 11h30 en p\u00e9riode scolaire actuellement sur 6 communes de l\u2019ancien territoire.<\/p><p><strong>Prochaines s\u00e9ances<\/strong><\/p><p><img fetchpriority=\"high\" decoding=\"async\" class=\"alignleft size-full wp-image-11552\" src=\"https:\/\/vouille86.fr\/mairie\/wp-content\/uploads\/2024\/09\/laep-septembre-2024.jpg\" alt=\"\" width=\"1654\" height=\"2339\" \/><\/p><p><strong><img decoding=\"async\" class=\"alignnone size-full wp-image-3752\" src=\"https:\/\/vouille86.fr\/mairie\/wp-content\/uploads\/2022\/03\/Petite-enfance.jpg\" alt=\"\" width=\"768\" height=\"470\" srcset=\"https:\/\/vouille86.fr\/mairie\/wp-content\/uploads\/2022\/03\/Petite-enfance.jpg 768w, https:\/\/vouille86.fr\/mairie\/wp-content\/uploads\/2022\/03\/Petite-enfance-300x184.jpg 300w\" sizes=\"(max-width: 768px) 100vw, 768px\" \/><\/strong><\/p><\/div>\n\t\t\t\t<\/div>\n\t\t\t\t\t\t\t<div class=\"elementor-accordion-item\">\n\t\t\t\t\t<div id=\"elementor-tab-title-3153\" class=\"elementor-tab-title\" data-tab=\"3\" role=\"button\" aria-controls=\"elementor-tab-content-3153\" aria-expanded=\"false\">\n\t\t\t\t\t\t\t\t\t\t\t\t\t<span class=\"elementor-accordion-icon elementor-accordion-icon-left\" aria-hidden=\"true\">\n\t\t\t\t\t\t\t\t\t\t\t\t\t\t\t<span class=\"elementor-accordion-icon-closed\"><i class=\"fas fa-plus\"><\/i><\/span>\n\t\t\t\t\t\t\t\t<span class=\"elementor-accordion-icon-opened\"><i class=\"fas fa-minus\"><\/i><\/span>\n\t\t\t\t\t\t\t\t\t\t\t\t\t\t<\/span>\n\t\t\t\t\t\t\t\t\t\t\t\t<a class=\"elementor-accordion-title\" tabindex=\"0\">S\u00c9ANCES PR\u00c9AM\u2019BULLES DES PARENTS<\/a>\n\t\t\t\t\t<\/div>\n\t\t\t\t\t<div id=\"elementor-tab-content-3153\" class=\"elementor-tab-content elementor-clearfix\" data-tab=\"3\" role=\"region\" aria-labelledby=\"elementor-tab-title-3153\"><p><strong>Ces s\u00e9ances ont lieu ponctuellement, en g\u00e9n\u00e9ral une fois par mois, le vendredi apr\u00e8s-midi de 14h \u00e0 16h \u00e0 la Salle Socio-\u00e9ducative de la Preille.<\/strong><\/p><p>Elles sont pens\u00e9es comme une bulle de \u00ab bien na\u00eetre \u00bb, un cocon pour laisser place aux \u00e9changes, questionnements, \u00e9motions \u2026 autour de l\u2019arriv\u00e9e d e l\u2019enfant et de la \u00ab naissance \u00bb de ses parents. Comme pour toutes les s\u00e9ances du LAEPI les enfants sont \u00e9galement les bienvenus. s<\/p><p><strong>Coordonn\u00e9es :<\/strong><br \/>Annick Bouill\u00e9 et Catherine Launay-Querr\u00e9 (Co-accueillantes du LAEPI) au <a href=\"tel:0626842966\">06 26 84 29 66<\/a> ou par e-mail \u00e0 <a href=\"mailto:laepi@cc-hautpoitou.fr\">laepi@cc-hautpoitou.fr<\/a><\/p><p>La Caf et la MSA participent au financement de ce service<\/p><p>Le LAEPI est un service propos\u00e9 par la Communaut\u00e9 de communes du Haut-Poitou \u2013 <a href=\"tel:0549519307\">05 49 51 93 07<\/a> \u2013 10 avenue de l\u2019Europe \u00e0 Neuville-de-Poitou<\/p><\/div>\n\t\t\t\t<\/div>\n\t\t\t\t\t\t\t<div class=\"elementor-accordion-item\">\n\t\t\t\t\t<div id=\"elementor-tab-title-3154\" class=\"elementor-tab-title\" data-tab=\"4\" role=\"button\" aria-controls=\"elementor-tab-content-3154\" aria-expanded=\"false\">\n\t\t\t\t\t\t\t\t\t\t\t\t\t<span class=\"elementor-accordion-icon elementor-accordion-icon-left\" aria-hidden=\"true\">\n\t\t\t\t\t\t\t\t\t\t\t\t\t\t\t<span class=\"elementor-accordion-icon-closed\"><i class=\"fas fa-plus\"><\/i><\/span>\n\t\t\t\t\t\t\t\t<span class=\"elementor-accordion-icon-opened\"><i class=\"fas fa-minus\"><\/i><\/span>\n\t\t\t\t\t\t\t\t\t\t\t\t\t\t<\/span>\n\t\t\t\t\t\t\t\t\t\t\t\t<a class=\"elementor-accordion-title\" tabindex=\"0\">LA PARENTH\u00c8SE ENFANTS-PARENTS<\/a>\n\t\t\t\t\t<\/div>\n\t\t\t\t\t<div id=\"elementor-tab-content-3154\" class=\"elementor-tab-content elementor-clearfix\" data-tab=\"4\" role=\"region\" aria-labelledby=\"elementor-tab-title-3154\"><p>LA Parenth\u00e8se enfants-parents : qu\u2019est ce qu\u2019 un Lieu d\u2019Accueil Enfants Parents ?<\/p><p>Le LAEP est un lieu am\u00e9nag\u00e9 pour PARTAGER, DECOUVRIR, ECHANGER, JOUER \u2026 entre les futurs-parents, les jeunes-enfants (d\u00e8s la naissance et jusqu\u2019\u00e0 6 ans selon les structures) et leurs parents (ou r\u00e9f\u00e9rents parentaux).<\/p><p>Deux accueillant(e)s professionnel(le)s sont \u00e0 l\u2019\u00e9coute.<\/p><p>L\u2019espace et le cadre sont pens\u00e9s pour proposer un lieu convivial, dans un climat de respect mutuel \u00ab Venez comme vous \u00eates !\u00bb.<\/p><p>L\u2019acc\u00e8s est libre, gratuit et anonyme, \u00ab vous arrivez quand vous voulez, restez le temps que vous voulez et revenez quand vous voulez \u00bb.<\/p><p>Chaque parent reste avec son (ses) enfant(s) le temps de l\u2019accueil, le LAEP n\u2019est pas un mode de garde.<\/p><p>Vous pouvez venir \u00e0 Vouill\u00e9 ou ailleurs . Nous vous accueillerons avec plaisir. N&rsquo;h\u00e9sitez pas \u00e0 nous contacter si besoin.\u00a0<\/p><p>Contacts :\u00a0 Catherine Launay Querr\u00e9 et Annick Bouill\u00e9 0626842966 laepi@cc-hautpoitou.fr<\/p><p><em>Le calendrier des s\u00e9ances est diffus\u00e9 sur notre page Facebook ou bien contacter la mairie ou les r\u00e9f\u00e9rentes.<\/em><\/p><p>\u00a0<\/p><p><a href=\"https:\/\/vouille86.fr\/mairie\/wp-content\/uploads\/2022\/07\/Parenthese-AfficheA3-2022_page-0001.jpg\"><img decoding=\"async\" class=\"wp-image-7796 size-medium aligncenter\" src=\"https:\/\/vouille86.fr\/mairie\/wp-content\/uploads\/2022\/07\/Parenthese-AfficheA3-2022_page-0001-212x300.jpg\" alt=\"\" width=\"212\" height=\"300\" srcset=\"https:\/\/vouille86.fr\/mairie\/wp-content\/uploads\/2022\/07\/Parenthese-AfficheA3-2022_page-0001-212x300.jpg 212w, https:\/\/vouille86.fr\/mairie\/wp-content\/uploads\/2022\/07\/Parenthese-AfficheA3-2022_page-0001-724x1024.jpg 724w, https:\/\/vouille86.fr\/mairie\/wp-content\/uploads\/2022\/07\/Parenthese-AfficheA3-2022_page-0001-768x1086.jpg 768w, https:\/\/vouille86.fr\/mairie\/wp-content\/uploads\/2022\/07\/Parenthese-AfficheA3-2022_page-0001-1086x1536.jpg 1086w, https:\/\/vouille86.fr\/mairie\/wp-content\/uploads\/2022\/07\/Parenthese-AfficheA3-2022_page-0001-1448x2048.jpg 1448w, https:\/\/vouille86.fr\/mairie\/wp-content\/uploads\/2022\/07\/Parenthese-AfficheA3-2022_page-0001.jpg 1754w\" sizes=\"(max-width: 212px) 100vw, 212px\" \/><\/a><\/p><p><a href=\"https:\/\/vouille86.fr\/mairie\/wp-content\/uploads\/2022\/07\/Parenthese-plaquette-A5-2021-1_page-0001.jpg\"><img loading=\"lazy\" decoding=\"async\" class=\"wp-image-7797 size-medium alignnone\" src=\"https:\/\/vouille86.fr\/mairie\/wp-content\/uploads\/2022\/07\/Parenthese-plaquette-A5-2021-1_page-0001-300x212.jpg\" alt=\"\" width=\"300\" height=\"212\" srcset=\"https:\/\/vouille86.fr\/mairie\/wp-content\/uploads\/2022\/07\/Parenthese-plaquette-A5-2021-1_page-0001-300x212.jpg 300w, https:\/\/vouille86.fr\/mairie\/wp-content\/uploads\/2022\/07\/Parenthese-plaquette-A5-2021-1_page-0001-1024x725.jpg 1024w, https:\/\/vouille86.fr\/mairie\/wp-content\/uploads\/2022\/07\/Parenthese-plaquette-A5-2021-1_page-0001-768x543.jpg 768w, https:\/\/vouille86.fr\/mairie\/wp-content\/uploads\/2022\/07\/Parenthese-plaquette-A5-2021-1_page-0001-1536x1087.jpg 1536w, https:\/\/vouille86.fr\/mairie\/wp-content\/uploads\/2022\/07\/Parenthese-plaquette-A5-2021-1_page-0001.jpg 1754w\" sizes=\"(max-width: 300px) 100vw, 300px\" \/><\/a> <a href=\"https:\/\/vouille86.fr\/mairie\/wp-content\/uploads\/2022\/07\/Parenthese-plaquette-A5-2021-1_page-0002.jpg\"><img loading=\"lazy\" decoding=\"async\" class=\"alignnone wp-image-7798 size-medium\" src=\"https:\/\/vouille86.fr\/mairie\/wp-content\/uploads\/2022\/07\/Parenthese-plaquette-A5-2021-1_page-0002-300x212.jpg\" alt=\"\" width=\"300\" height=\"212\" srcset=\"https:\/\/vouille86.fr\/mairie\/wp-content\/uploads\/2022\/07\/Parenthese-plaquette-A5-2021-1_page-0002-300x212.jpg 300w, https:\/\/vouille86.fr\/mairie\/wp-content\/uploads\/2022\/07\/Parenthese-plaquette-A5-2021-1_page-0002-1024x725.jpg 1024w, https:\/\/vouille86.fr\/mairie\/wp-content\/uploads\/2022\/07\/Parenthese-plaquette-A5-2021-1_page-0002-768x543.jpg 768w, https:\/\/vouille86.fr\/mairie\/wp-content\/uploads\/2022\/07\/Parenthese-plaquette-A5-2021-1_page-0002-1536x1087.jpg 1536w, https:\/\/vouille86.fr\/mairie\/wp-content\/uploads\/2022\/07\/Parenthese-plaquette-A5-2021-1_page-0002.jpg 1754w\" sizes=\"(max-width: 300px) 100vw, 300px\" \/><\/a><\/p><p>\u00a0<\/p><\/div>\n\t\t\t\t<\/div>\n\t\t\t\t\t\t\t\t<\/div>\n\t\t\t\t\t\t<\/div>\n\t\t\t\t<\/div>\n\t\t\t\t<div class=\"elementor-element elementor-element-34848cd4 elementor-share-buttons--view-icon elementor-share-buttons--skin-minimal elementor-share-buttons--color-custom elementor-share-buttons--shape-square elementor-grid-0 elementor-widget elementor-widget-global elementor-global-2201 elementor-widget-share-buttons\" data-id=\"34848cd4\" data-element_type=\"widget\" data-e-type=\"widget\" data-widget_type=\"share-buttons.default\">\n\t\t\t\t<div class=\"elementor-widget-container\">\n\t\t\t\t\t\t\t<div class=\"elementor-grid\" role=\"list\">\n\t\t\t\t\t\t\t\t<div class=\"elementor-grid-item\" role=\"listitem\">\n\t\t\t\t\t\t<div class=\"elementor-share-btn elementor-share-btn_facebook\" role=\"button\" tabindex=\"0\" aria-label=\"Partager sur facebook\">\n\t\t\t\t\t\t\t\t\t\t\t\t\t\t\t<span class=\"elementor-share-btn__icon\">\n\t\t\t\t\t\t\t\t<i class=\"fab fa-facebook\" aria-hidden=\"true\"><\/i>\t\t\t\t\t\t\t<\/span>\n\t\t\t\t\t\t\t\t\t\t\t\t\t\t\t\t\t\t\t\t<\/div>\n\t\t\t\t\t<\/div>\n\t\t\t\t\t\t\t\t\t<div class=\"elementor-grid-item\" role=\"listitem\">\n\t\t\t\t\t\t<div class=\"elementor-share-btn elementor-share-btn_twitter\" role=\"button\" tabindex=\"0\" aria-label=\"Partager sur twitter\">\n\t\t\t\t\t\t\t\t\t\t\t\t\t\t\t<span class=\"elementor-share-btn__icon\">\n\t\t\t\t\t\t\t\t<i class=\"fab fa-twitter\" aria-hidden=\"true\"><\/i>\t\t\t\t\t\t\t<\/span>\n\t\t\t\t\t\t\t\t\t\t\t\t\t\t\t\t\t\t\t\t<\/div>\n\t\t\t\t\t<\/div>\n\t\t\t\t\t\t\t\t\t<div class=\"elementor-grid-item\" role=\"listitem\">\n\t\t\t\t\t\t<div class=\"elementor-share-btn elementor-share-btn_whatsapp\" role=\"button\" tabindex=\"0\" aria-label=\"Partager sur whatsapp\">\n\t\t\t\t\t\t\t\t\t\t\t\t\t\t\t<span class=\"elementor-share-btn__icon\">\n\t\t\t\t\t\t\t\t<i class=\"fab fa-whatsapp\" aria-hidden=\"true\"><\/i>\t\t\t\t\t\t\t<\/span>\n\t\t\t\t\t\t\t\t\t\t\t\t\t\t\t\t\t\t\t\t<\/div>\n\t\t\t\t\t<\/div>\n\t\t\t\t\t\t\t\t\t<div class=\"elementor-grid-item\" role=\"listitem\">\n\t\t\t\t\t\t<div class=\"elementor-share-btn elementor-share-btn_email\" role=\"button\" tabindex=\"0\" aria-label=\"Partager sur email\">\n\t\t\t\t\t\t\t\t\t\t\t\t\t\t\t<span class=\"elementor-share-btn__icon\">\n\t\t\t\t\t\t\t\t<i class=\"fas fa-envelope\" aria-hidden=\"true\"><\/i>\t\t\t\t\t\t\t<\/span>\n\t\t\t\t\t\t\t\t\t\t\t\t\t\t\t\t\t\t\t\t<\/div>\n\t\t\t\t\t<\/div>\n\t\t\t\t\t\t<\/div>\n\t\t\t\t\t\t<\/div>\n\t\t\t\t<\/div>\n\t\t\t\t\t<\/div>\n\t\t<\/div>\n\t\t\t\t\t<\/div>\n\t\t<\/section>\n\t\t\t\t<\/div>\n\t\t","protected":false},"excerpt":{"rendered":"<p>Coordonn\u00e9es de L\u2019\u00eele \u00f4 doudou Charlotte SINQSOUS (Responsable multi-accueil) Adresse : 2 ter rue du stade T\u00e9l. : 05 49 54 62 71 E-mail : ileodoudou@cc-hautpoitou.fr &times; La Maison de la Petite Enfance \u00abl\u2019\u00eele \u00f4 doudou\u00bb, g\u00e9r\u00e9e par la Communaut\u00e9 de Communes du Haut-Poitou propose aux familles un multi-accueil agr\u00e9e pour accueillir 15 enfants simultan\u00e9ment&#8230;<\/p>\n","protected":false},"author":1,"featured_media":0,"parent":0,"menu_order":0,"comment_status":"closed","ping_status":"closed","template":"","meta":{"_acf_changed":false,"footnotes":""},"class_list":["post-3739","page","type-page","status-publish","hentry"],"acf":[],"_links":{"self":[{"href":"https:\/\/vouille86.fr\/mairie\/wp-json\/wp\/v2\/pages\/3739","targetHints":{"allow":["GET"]}}],"collection":[{"href":"https:\/\/vouille86.fr\/mairie\/wp-json\/wp\/v2\/pages"}],"about":[{"href":"https:\/\/vouille86.fr\/mairie\/wp-json\/wp\/v2\/types\/page"}],"author":[{"embeddable":true,"href":"https:\/\/vouille86.fr\/mairie\/wp-json\/wp\/v2\/users\/1"}],"replies":[{"embeddable":true,"href":"https:\/\/vouille86.fr\/mairie\/wp-json\/wp\/v2\/comments?post=3739"}],"version-history":[{"count":54,"href":"https:\/\/vouille86.fr\/mairie\/wp-json\/wp\/v2\/pages\/3739\/revisions"}],"predecessor-version":[{"id":13473,"href":"https:\/\/vouille86.fr\/mairie\/wp-json\/wp\/v2\/pages\/3739\/revisions\/13473"}],"wp:attachment":[{"href":"https:\/\/vouille86.fr\/mairie\/wp-json\/wp\/v2\/media?parent=3739"}],"curies":[{"name":"wp","href":"https:\/\/api.w.org\/{rel}","templated":true}]}}