{"id":3462,"date":"2022-03-28T13:59:44","date_gmt":"2022-03-28T11:59:44","guid":{"rendered":"https:\/\/vouille86.fr\/mairie\/?page_id=3462"},"modified":"2025-01-06T10:39:19","modified_gmt":"2025-01-06T09:39:19","slug":"reseau","status":"publish","type":"page","link":"https:\/\/vouille86.fr\/mairie\/reseau\/","title":{"rendered":"R\u00e9seaux"},"content":{"rendered":"\t\t<div data-elementor-type=\"wp-page\" data-elementor-id=\"3462\" class=\"elementor elementor-3462\" data-elementor-post-type=\"page\">\n\t\t\t\t\t\t<section class=\"elementor-section elementor-top-section elementor-element elementor-element-615a56c7 elementor-section-boxed elementor-section-height-default elementor-section-height-default\" data-id=\"615a56c7\" data-element_type=\"section\" data-e-type=\"section\">\n\t\t\t\t\t\t<div class=\"elementor-container elementor-column-gap-default\">\n\t\t\t\t\t<div class=\"elementor-column elementor-col-100 elementor-top-column elementor-element elementor-element-c3e4c34\" data-id=\"c3e4c34\" data-element_type=\"column\" data-e-type=\"column\">\n\t\t\t<div class=\"elementor-widget-wrap elementor-element-populated\">\n\t\t\t\t\t\t<div class=\"elementor-element elementor-element-29936ca7 ariana elementor-widget elementor-widget-global elementor-global-2096 elementor-widget-shortcode\" data-id=\"29936ca7\" data-element_type=\"widget\" data-e-type=\"widget\" data-widget_type=\"shortcode.default\">\n\t\t\t\t<div class=\"elementor-widget-container\">\n\t\t\t\t\t<ul id=\"crumbs\"><li><a href=\"https:\/\/vouille86.fr\/mairie\">Accueil<\/a><\/li><\/ul>\t\t<div class=\"elementor-shortcode\"><\/div>\n\t\t\t\t\t\t<\/div>\n\t\t\t\t<\/div>\n\t\t\t\t\t<\/div>\n\t\t<\/div>\n\t\t\t\t\t<\/div>\n\t\t<\/section>\n\t\t\t\t<section class=\"elementor-section elementor-top-section elementor-element elementor-element-7ad216ed elementor-section-boxed elementor-section-height-default elementor-section-height-default\" data-id=\"7ad216ed\" data-element_type=\"section\" data-e-type=\"section\">\n\t\t\t\t\t\t<div class=\"elementor-container elementor-column-gap-default\">\n\t\t\t\t\t<div class=\"elementor-column elementor-col-100 elementor-top-column elementor-element elementor-element-6670c2c2\" data-id=\"6670c2c2\" data-element_type=\"column\" data-e-type=\"column\">\n\t\t\t<div class=\"elementor-widget-wrap elementor-element-populated\">\n\t\t\t\t\t\t<div class=\"elementor-element elementor-element-16be2271 elementor-widget elementor-widget-heading\" data-id=\"16be2271\" data-element_type=\"widget\" data-e-type=\"widget\" data-widget_type=\"heading.default\">\n\t\t\t\t<div class=\"elementor-widget-container\">\n\t\t\t\t\t<h2 class=\"elementor-heading-title elementor-size-default\">R\u00e9seaux<\/h2>\t\t\t\t<\/div>\n\t\t\t\t<\/div>\n\t\t\t\t<div class=\"elementor-element elementor-element-41a38f45 elementor-widget elementor-widget-accordion\" data-id=\"41a38f45\" data-element_type=\"widget\" data-e-type=\"widget\" data-widget_type=\"accordion.default\">\n\t\t\t\t<div class=\"elementor-widget-container\">\n\t\t\t\t\t\t\t<div class=\"elementor-accordion\">\n\t\t\t\t\t\t\t<div class=\"elementor-accordion-item\">\n\t\t\t\t\t<div id=\"elementor-tab-title-1101\" class=\"elementor-tab-title\" data-tab=\"1\" role=\"button\" aria-controls=\"elementor-tab-content-1101\" aria-expanded=\"false\">\n\t\t\t\t\t\t\t\t\t\t\t\t\t<span class=\"elementor-accordion-icon elementor-accordion-icon-left\" aria-hidden=\"true\">\n\t\t\t\t\t\t\t\t\t\t\t\t\t\t\t<span class=\"elementor-accordion-icon-closed\"><i class=\"fas fa-plus\"><\/i><\/span>\n\t\t\t\t\t\t\t\t<span class=\"elementor-accordion-icon-opened\"><i class=\"fas fa-minus\"><\/i><\/span>\n\t\t\t\t\t\t\t\t\t\t\t\t\t\t<\/span>\n\t\t\t\t\t\t\t\t\t\t\t\t<a class=\"elementor-accordion-title\" tabindex=\"0\">EAUX DE VIENNE SIVEER<\/a>\n\t\t\t\t\t<\/div>\n\t\t\t\t\t<div id=\"elementor-tab-content-1101\" class=\"elementor-tab-content elementor-clearfix\" data-tab=\"1\" role=\"region\" aria-labelledby=\"elementor-tab-title-1101\"><p>Abonnement, r\u00e9siliation, transfert d\u2019abonnement\u2026 Pour toutes vos d\u00e9marches, que vous soyez propri\u00e9taire ou locataire, nous vous invitons \u00e0 devez t\u00e9l\u00e9charger le document associ\u00e9, le compl\u00e9ter et le transmettre par courrier ou par mail \u00e0 votre centre de rattachement.<a href=\"https:\/\/www.eauxdevienne.fr\/je-localise-mon-centre\/\" data-type=\"URL\" data-id=\"https:\/\/www.eauxdevienne.fr\/je-localise-mon-centre\/\"> Pour conna\u00eetre le centre dont d\u00e9pend votre commune, cliquez ici<\/a>.<\/p><p><blockquote class=\"wp-embedded-content\" data-secret=\"tudZBcCM3T\"><a href=\"https:\/\/www.eauxdevienne.fr\/infos-pratiques\/jemmenage-je-demenage\/\">J&#8217;emm\u00e9nage \/ Je d\u00e9m\u00e9nage<\/a><\/blockquote><iframe class=\"wp-embedded-content\" sandbox=\"allow-scripts\" security=\"restricted\" style=\"position: absolute; clip: rect(1px, 1px, 1px, 1px);\" title=\"\u00ab\u00a0J&#8217;emm\u00e9nage \/ Je d\u00e9m\u00e9nage\u00a0\u00bb &#8212; Eaux de Vienne\" src=\"https:\/\/www.eauxdevienne.fr\/infos-pratiques\/jemmenage-je-demenage\/embed\/#?secret=BVL6U0r4YV#?secret=tudZBcCM3T\" data-secret=\"tudZBcCM3T\" width=\"600\" height=\"338\" frameborder=\"0\" marginwidth=\"0\" marginheight=\"0\" scrolling=\"no\"><\/iframe><\/p><p><span style=\"text-decoration: underline;\">Communiqu\u00e9 du 06 janvier 2025\u00a0<\/span><\/p><p>Dans le cadre de l\u2019am\u00e9lioration de ses services, Eaux de Vienne a mis en place, depuis le 1<sub><sup>er<\/sup><\/sub>\u00a0janvier 2025, une nouvelle organisation concernant la rel\u00e8ve des compteurs d\u2019eau. D\u00e9sormais,\u00a0<strong>deux rel\u00e8ves r\u00e9elles<\/strong>\u00a0de votre compteur seront effectu\u00e9es chaque ann\u00e9e. Cette \u00e9volution a pour objectif\u00a0:<\/p><ul class=\"wp-block-list\"><li>De garantir une facturation plus pr\u00e9cise\u00a0: \u00a0vous recevrez chaque ann\u00e9e deux factures calcul\u00e9es sur votre consommation r\u00e9elle et non pas une facture au r\u00e9el et une estimative<\/li><li>D\u2019am\u00e9liorer le suivi et la gestion de vos consommations d\u2019eau<\/li><li>De d\u00e9tecter plus rapidement d\u2019\u00e9ventuelles anomalies, telles que les fuites<\/li><li>De vous permettre d\u2019avoir une meilleure ma\u00eetrise de votre consommation d\u2019eau et de votre budget<\/li><\/ul><p><strong>Ce que cela change pour vous \u00e0 partir du 1<sup>er<\/sup>\u00a0janvier, si vous \u00eates mensualis\u00e9<\/strong>\u00a0:<\/p><ul class=\"wp-block-list\"><li>Avant\u00a0: 10 \u00e9ch\u00e9ances + 1\u00a0facture r\u00e9elle<\/li><li>Apr\u00e8s\u00a0: 5 \u00e9ch\u00e9ances + 1\u00a0facture r\u00e9elle, deux fois par an<\/li><\/ul><p><strong>Si vous n\u2019\u00eates pas mensualis\u00e9<\/strong>\u00a0:<\/p><ul class=\"wp-block-list\"><li>Avant\u00a0: 1\u00a0facture r\u00e9elle + 1\u00a0facture estimative<\/li><li>Apr\u00e8s\u00a0: 2\u00a0factures r\u00e9elles<\/li><\/ul><\/div>\n\t\t\t\t<\/div>\n\t\t\t\t\t\t\t<div class=\"elementor-accordion-item\">\n\t\t\t\t\t<div id=\"elementor-tab-title-1102\" class=\"elementor-tab-title\" data-tab=\"2\" role=\"button\" aria-controls=\"elementor-tab-content-1102\" aria-expanded=\"false\">\n\t\t\t\t\t\t\t\t\t\t\t\t\t<span class=\"elementor-accordion-icon elementor-accordion-icon-left\" aria-hidden=\"true\">\n\t\t\t\t\t\t\t\t\t\t\t\t\t\t\t<span class=\"elementor-accordion-icon-closed\"><i class=\"fas fa-plus\"><\/i><\/span>\n\t\t\t\t\t\t\t\t<span class=\"elementor-accordion-icon-opened\"><i class=\"fas fa-minus\"><\/i><\/span>\n\t\t\t\t\t\t\t\t\t\t\t\t\t\t<\/span>\n\t\t\t\t\t\t\t\t\t\t\t\t<a class=\"elementor-accordion-title\" tabindex=\"0\">SOREGIES<\/a>\n\t\t\t\t\t<\/div>\n\t\t\t\t\t<div id=\"elementor-tab-content-1102\" class=\"elementor-tab-content elementor-clearfix\" data-tab=\"2\" role=\"region\" aria-labelledby=\"elementor-tab-title-1102\"><p class=\"texte\">N\u00e9 il y a pr\u00e8s d\u2019un si\u00e8cle \u00e0 Poitiers et r\u00e9solument tourn\u00e9 vers l\u2019avenir, le groupe SOR\u00c9GIES est un \u00e9nerg\u00e9ticien int\u00e9gr\u00e9 : production et fourniture de gaz et d\u2019\u00e9lectricit\u00e9, gestion des r\u00e9seaux de distribution, \u00e9clairage public, services \u00e9nerg\u00e9tiques et mobilit\u00e9s d\u00e9carbon\u00e9es.<\/p><p>Pour en savoir plus :<a href=\"https:\/\/www.soregies.fr\/\">\u00a0https:\/\/www.soregies.fr\/<\/a><\/p><\/div>\n\t\t\t\t<\/div>\n\t\t\t\t\t\t\t\t<\/div>\n\t\t\t\t\t\t<\/div>\n\t\t\t\t<\/div>\n\t\t\t\t<div class=\"elementor-element elementor-element-14b1f899 elementor-share-buttons--view-icon elementor-share-buttons--skin-minimal elementor-share-buttons--color-custom elementor-share-buttons--shape-square elementor-grid-0 elementor-widget elementor-widget-global elementor-global-2201 elementor-widget-share-buttons\" data-id=\"14b1f899\" data-element_type=\"widget\" data-e-type=\"widget\" data-widget_type=\"share-buttons.default\">\n\t\t\t\t<div class=\"elementor-widget-container\">\n\t\t\t\t\t\t\t<div class=\"elementor-grid\" role=\"list\">\n\t\t\t\t\t\t\t\t<div class=\"elementor-grid-item\" role=\"listitem\">\n\t\t\t\t\t\t<div class=\"elementor-share-btn elementor-share-btn_facebook\" role=\"button\" tabindex=\"0\" aria-label=\"Partager sur facebook\">\n\t\t\t\t\t\t\t\t\t\t\t\t\t\t\t<span class=\"elementor-share-btn__icon\">\n\t\t\t\t\t\t\t\t<i class=\"fab fa-facebook\" aria-hidden=\"true\"><\/i>\t\t\t\t\t\t\t<\/span>\n\t\t\t\t\t\t\t\t\t\t\t\t\t\t\t\t\t\t\t\t<\/div>\n\t\t\t\t\t<\/div>\n\t\t\t\t\t\t\t\t\t<div class=\"elementor-grid-item\" role=\"listitem\">\n\t\t\t\t\t\t<div class=\"elementor-share-btn elementor-share-btn_twitter\" role=\"button\" tabindex=\"0\" aria-label=\"Partager sur twitter\">\n\t\t\t\t\t\t\t\t\t\t\t\t\t\t\t<span class=\"elementor-share-btn__icon\">\n\t\t\t\t\t\t\t\t<i class=\"fab fa-twitter\" aria-hidden=\"true\"><\/i>\t\t\t\t\t\t\t<\/span>\n\t\t\t\t\t\t\t\t\t\t\t\t\t\t\t\t\t\t\t\t<\/div>\n\t\t\t\t\t<\/div>\n\t\t\t\t\t\t\t\t\t<div class=\"elementor-grid-item\" role=\"listitem\">\n\t\t\t\t\t\t<div class=\"elementor-share-btn elementor-share-btn_whatsapp\" role=\"button\" tabindex=\"0\" aria-label=\"Partager sur whatsapp\">\n\t\t\t\t\t\t\t\t\t\t\t\t\t\t\t<span class=\"elementor-share-btn__icon\">\n\t\t\t\t\t\t\t\t<i class=\"fab fa-whatsapp\" aria-hidden=\"true\"><\/i>\t\t\t\t\t\t\t<\/span>\n\t\t\t\t\t\t\t\t\t\t\t\t\t\t\t\t\t\t\t\t<\/div>\n\t\t\t\t\t<\/div>\n\t\t\t\t\t\t\t\t\t<div class=\"elementor-grid-item\" role=\"listitem\">\n\t\t\t\t\t\t<div class=\"elementor-share-btn elementor-share-btn_email\" role=\"button\" tabindex=\"0\" aria-label=\"Partager sur email\">\n\t\t\t\t\t\t\t\t\t\t\t\t\t\t\t<span class=\"elementor-share-btn__icon\">\n\t\t\t\t\t\t\t\t<i class=\"fas fa-envelope\" aria-hidden=\"true\"><\/i>\t\t\t\t\t\t\t<\/span>\n\t\t\t\t\t\t\t\t\t\t\t\t\t\t\t\t\t\t\t\t<\/div>\n\t\t\t\t\t<\/div>\n\t\t\t\t\t\t<\/div>\n\t\t\t\t\t\t<\/div>\n\t\t\t\t<\/div>\n\t\t\t\t\t<\/div>\n\t\t<\/div>\n\t\t\t\t\t<\/div>\n\t\t<\/section>\n\t\t\t\t<\/div>\n\t\t","protected":false},"excerpt":{"rendered":"<p>EAUX DE VIENNE SIVEER Abonnement, r\u00e9siliation, transfert d\u2019abonnement\u2026 Pour toutes vos d\u00e9marches, que vous soyez propri\u00e9taire ou locataire, nous vous invitons \u00e0 devez t\u00e9l\u00e9charger le document associ\u00e9, le compl\u00e9ter et le transmettre par courrier ou par mail \u00e0 votre centre de rattachement. Pour conna\u00eetre le centre dont d\u00e9pend votre commune, cliquez ici. J&#8217;emm\u00e9nage \/ Je&#8230;<\/p>\n","protected":false},"author":1,"featured_media":0,"parent":0,"menu_order":0,"comment_status":"closed","ping_status":"closed","template":"","meta":{"_acf_changed":false,"footnotes":""},"class_list":["post-3462","page","type-page","status-publish","hentry"],"acf":[],"_links":{"self":[{"href":"https:\/\/vouille86.fr\/mairie\/wp-json\/wp\/v2\/pages\/3462","targetHints":{"allow":["GET"]}}],"collection":[{"href":"https:\/\/vouille86.fr\/mairie\/wp-json\/wp\/v2\/pages"}],"about":[{"href":"https:\/\/vouille86.fr\/mairie\/wp-json\/wp\/v2\/types\/page"}],"author":[{"embeddable":true,"href":"https:\/\/vouille86.fr\/mairie\/wp-json\/wp\/v2\/users\/1"}],"replies":[{"embeddable":true,"href":"https:\/\/vouille86.fr\/mairie\/wp-json\/wp\/v2\/comments?post=3462"}],"version-history":[{"count":22,"href":"https:\/\/vouille86.fr\/mairie\/wp-json\/wp\/v2\/pages\/3462\/revisions"}],"predecessor-version":[{"id":12087,"href":"https:\/\/vouille86.fr\/mairie\/wp-json\/wp\/v2\/pages\/3462\/revisions\/12087"}],"wp:attachment":[{"href":"https:\/\/vouille86.fr\/mairie\/wp-json\/wp\/v2\/media?parent=3462"}],"curies":[{"name":"wp","href":"https:\/\/api.w.org\/{rel}","templated":true}]}}