{"id":3398,"date":"2022-03-28T10:10:41","date_gmt":"2022-03-28T08:10:41","guid":{"rendered":"https:\/\/vouille86.fr\/mairie\/?page_id=3398"},"modified":"2025-10-14T11:03:15","modified_gmt":"2025-10-14T09:03:15","slug":"plan-local-durbanisme-plu","status":"publish","type":"page","link":"https:\/\/vouille86.fr\/mairie\/plan-local-durbanisme-plu\/","title":{"rendered":"Plan Local d\u2019Urbanisme (PLU)"},"content":{"rendered":"\t\t<div data-elementor-type=\"wp-page\" data-elementor-id=\"3398\" class=\"elementor elementor-3398\" data-elementor-post-type=\"page\">\n\t\t\t\t\t\t<section class=\"elementor-section elementor-top-section elementor-element elementor-element-c3ced2d elementor-section-boxed elementor-section-height-default elementor-section-height-default\" data-id=\"c3ced2d\" data-element_type=\"section\" data-e-type=\"section\">\n\t\t\t\t\t\t<div class=\"elementor-container elementor-column-gap-default\">\n\t\t\t\t\t<div class=\"elementor-column elementor-col-100 elementor-top-column elementor-element elementor-element-10172563\" data-id=\"10172563\" data-element_type=\"column\" data-e-type=\"column\">\n\t\t\t<div class=\"elementor-widget-wrap elementor-element-populated\">\n\t\t\t\t\t\t<div class=\"elementor-element elementor-element-7fd08eed ariana elementor-widget elementor-widget-global elementor-global-2096 elementor-widget-shortcode\" data-id=\"7fd08eed\" data-element_type=\"widget\" data-e-type=\"widget\" data-widget_type=\"shortcode.default\">\n\t\t\t\t<div class=\"elementor-widget-container\">\n\t\t\t\t\t<ul id=\"crumbs\"><li><a href=\"https:\/\/vouille86.fr\/mairie\">Accueil<\/a><\/li><\/ul>\t\t<div class=\"elementor-shortcode\"><\/div>\n\t\t\t\t\t\t<\/div>\n\t\t\t\t<\/div>\n\t\t\t\t\t<\/div>\n\t\t<\/div>\n\t\t\t\t\t<\/div>\n\t\t<\/section>\n\t\t\t\t<section class=\"elementor-section elementor-top-section elementor-element elementor-element-6d1837d5 elementor-section-boxed elementor-section-height-default elementor-section-height-default\" data-id=\"6d1837d5\" data-element_type=\"section\" data-e-type=\"section\">\n\t\t\t\t\t\t<div class=\"elementor-container elementor-column-gap-default\">\n\t\t\t\t\t<div class=\"elementor-column elementor-col-100 elementor-top-column elementor-element elementor-element-712344bf\" data-id=\"712344bf\" data-element_type=\"column\" data-e-type=\"column\">\n\t\t\t<div class=\"elementor-widget-wrap elementor-element-populated\">\n\t\t\t\t\t\t<div class=\"elementor-element elementor-element-4aa0639c elementor-widget elementor-widget-heading\" data-id=\"4aa0639c\" data-element_type=\"widget\" data-e-type=\"widget\" data-widget_type=\"heading.default\">\n\t\t\t\t<div class=\"elementor-widget-container\">\n\t\t\t\t\t<h2 class=\"elementor-heading-title elementor-size-default\">Plan Local d\u2019Urbanisme (PLU)<\/h2>\t\t\t\t<\/div>\n\t\t\t\t<\/div>\n\t\t\t\t<div class=\"elementor-element elementor-element-1b935f52 elementor-widget elementor-widget-text-editor\" data-id=\"1b935f52\" data-element_type=\"widget\" data-e-type=\"widget\" data-widget_type=\"text-editor.default\">\n\t\t\t\t<div class=\"elementor-widget-container\">\n\t\t\t\t\t\t\t\t\t<p><b>Un plan local d\u2019urbanisme (PLU)<\/b> est un document fixant les normes de l\u2019urbanisme pour la commune.<\/p><p>Le PLU \u00e9tablit ainsi les principales r\u00e8gles applicables \u00e0 l\u2019utilisation du sol sur la commune. Il est \u00e9labor\u00e9 par la Commune.<\/p><p>Apr\u00e8s son \u00e9laboration, le PLU peut \u00e9ventuellement \u00eatre r\u00e9vis\u00e9 ou modifi\u00e9, le PLU a succ\u00e9d\u00e9 \u00e0 l\u2019ancien plan d\u2019occupation des sols (POS) ou encore l\u2019ancienne Carte Communale.<\/p>\t\t\t\t\t\t\t\t<\/div>\n\t\t\t\t<\/div>\n\t\t\t\t<div class=\"elementor-element elementor-element-e0d3e63 elementor-alert-info elementor-widget elementor-widget-alert\" data-id=\"e0d3e63\" data-element_type=\"widget\" data-e-type=\"widget\" data-widget_type=\"alert.default\">\n\t\t\t\t<div class=\"elementor-widget-container\">\n\t\t\t\t\t\t\t<div class=\"elementor-alert\" role=\"alert\">\n\n\t\t\t\t\t\t<span class=\"elementor-alert-title\">Information<\/span>\n\t\t\t\n\t\t\t\t\t\t<span class=\"elementor-alert-description\">Tous les documents du PLU sont disponibles en mairie !<\/span>\n\t\t\t\n\t\t\t\n\t\t<\/div>\n\t\t\t\t\t\t<\/div>\n\t\t\t\t<\/div>\n\t\t\t\t<div class=\"elementor-element elementor-element-78d89d74 elementor-widget elementor-widget-accordion\" data-id=\"78d89d74\" data-element_type=\"widget\" data-e-type=\"widget\" data-widget_type=\"accordion.default\">\n\t\t\t\t<div class=\"elementor-widget-container\">\n\t\t\t\t\t\t\t<div class=\"elementor-accordion\">\n\t\t\t\t\t\t\t<div class=\"elementor-accordion-item\">\n\t\t\t\t\t<div id=\"elementor-tab-title-2021\" class=\"elementor-tab-title\" data-tab=\"1\" role=\"button\" aria-controls=\"elementor-tab-content-2021\" aria-expanded=\"false\">\n\t\t\t\t\t\t\t\t\t\t\t\t\t<span class=\"elementor-accordion-icon elementor-accordion-icon-left\" aria-hidden=\"true\">\n\t\t\t\t\t\t\t\t\t\t\t\t\t\t\t<span class=\"elementor-accordion-icon-closed\"><i class=\"fas fa-plus\"><\/i><\/span>\n\t\t\t\t\t\t\t\t<span class=\"elementor-accordion-icon-opened\"><i class=\"fas fa-minus\"><\/i><\/span>\n\t\t\t\t\t\t\t\t\t\t\t\t\t\t<\/span>\n\t\t\t\t\t\t\t\t\t\t\t\t<a class=\"elementor-accordion-title\" tabindex=\"0\">LE PLU COMPREND<\/a>\n\t\t\t\t\t<\/div>\n\t\t\t\t\t<div id=\"elementor-tab-content-2021\" class=\"elementor-tab-content elementor-clearfix\" data-tab=\"1\" role=\"region\" aria-labelledby=\"elementor-tab-title-2021\"><ul><li>Un <strong>rapport de pr\u00e9sentation<\/strong>, qui explique les choix effectu\u00e9s pour mod\u00e9rer la consommation de l\u2019espace et lutter contre l\u2019\u00e9talement urbain, en s\u2019appuyant sur un diagnostic territorial et une analyse de la consommation d\u2019espaces naturels, agricoles et forestiers.<\/li><li>Un <strong>projet d\u2019am\u00e9nagement et de d\u00e9veloppement durable (PADD) <\/strong>qui fixe des objectifs chiffr\u00e9s de mod\u00e9ration de la consommation de l\u2019espace et de lutte contre l\u2019\u00e9talement urbain.<\/li><li>Le<strong> zonage, le r\u00e8glement, les orientations d\u2019am\u00e9nagement<\/strong>, et plus g\u00e9n\u00e9ralement l\u2019ensemble des autres pi\u00e8ces du dossier, doivent \u00eatre \u00e9tablies en coh\u00e9rence avec celui\u2011ci.<\/li><li>Des <strong>orientations d\u2019am\u00e9nagement et de programmation (OAP)<\/strong> qui comprennent des dispositions portant sur l\u2019am\u00e9nagement, l\u2019habitat, les transports et les d\u00e9placements des zones \u00e0 urbaniser.<\/li><li>Un <strong>r\u00e8glement <\/strong>qui d\u00e9limite les zones urbaines (U), les zones \u00e0 urbaniser (AU), les zones agricoles (A) et les zones naturelles et foresti\u00e8res (N), et fixe les r\u00e8gles g\u00e9n\u00e9rales d\u2019urbanisation.<\/li><li>Des <strong>annexes <\/strong>(servitudes d\u2019utilit\u00e9 publique, liste des lotissements, sch\u00e9mas des r\u00e9seaux d\u2019eau et d\u2019assainissement, ZAC\u2026).<\/li><\/ul><\/div>\n\t\t\t\t<\/div>\n\t\t\t\t\t\t\t<div class=\"elementor-accordion-item\">\n\t\t\t\t\t<div id=\"elementor-tab-title-2022\" class=\"elementor-tab-title\" data-tab=\"2\" role=\"button\" aria-controls=\"elementor-tab-content-2022\" aria-expanded=\"false\">\n\t\t\t\t\t\t\t\t\t\t\t\t\t<span class=\"elementor-accordion-icon elementor-accordion-icon-left\" aria-hidden=\"true\">\n\t\t\t\t\t\t\t\t\t\t\t\t\t\t\t<span class=\"elementor-accordion-icon-closed\"><i class=\"fas fa-plus\"><\/i><\/span>\n\t\t\t\t\t\t\t\t<span class=\"elementor-accordion-icon-opened\"><i class=\"fas fa-minus\"><\/i><\/span>\n\t\t\t\t\t\t\t\t\t\t\t\t\t\t<\/span>\n\t\t\t\t\t\t\t\t\t\t\t\t<a class=\"elementor-accordion-title\" tabindex=\"0\">PRINCIPALES ZONES DU PLU SUR VOUILL\u00c9<\/a>\n\t\t\t\t\t<\/div>\n\t\t\t\t\t<div id=\"elementor-tab-content-2022\" class=\"elementor-tab-content elementor-clearfix\" data-tab=\"2\" role=\"region\" aria-labelledby=\"elementor-tab-title-2022\"><ul><li><strong>En vert\u00a0:<\/strong> les zones dites naturelles <em>(secteurs de la commune, \u00e9quip\u00e9s ou non, \u00e0 prot\u00e9ger en raison soit de la qualit\u00e9 des sites, des milieux naturels, des paysages et de leur int\u00e9r\u00eat, notamment du point de vue esth\u00e9tique, historique ou \u00e9cologique, soit de l\u2019existence d\u2019une exploitation foresti\u00e8re, soit de leur caract\u00e8re d\u2019espaces naturels.)<\/em><\/li><li><strong>En orange\u00a0:<\/strong> les zones urbanis\u00e9es <em>(elles correspondent \u00e0 l\u2019ensemble des secteurs aujourd\u2019hui urbanis\u00e9s (ou a vocation de l\u2019\u00eatre), \u00e0 l\u2019exception des zones d\u2019activit\u00e9s.)<\/em><\/li><li><strong>En jaune\u00a0:<\/strong> les zones agricoles <em>(secteur de la commune \u00e0 prot\u00e9ger en raison du potentiel agronomique, biologique ou \u00e9conomique des terres agricoles)<\/em><\/li><\/ul><\/div>\n\t\t\t\t<\/div>\n\t\t\t\t\t\t\t<div class=\"elementor-accordion-item\">\n\t\t\t\t\t<div id=\"elementor-tab-title-2023\" class=\"elementor-tab-title\" data-tab=\"3\" role=\"button\" aria-controls=\"elementor-tab-content-2023\" aria-expanded=\"false\">\n\t\t\t\t\t\t\t\t\t\t\t\t\t<span class=\"elementor-accordion-icon elementor-accordion-icon-left\" aria-hidden=\"true\">\n\t\t\t\t\t\t\t\t\t\t\t\t\t\t\t<span class=\"elementor-accordion-icon-closed\"><i class=\"fas fa-plus\"><\/i><\/span>\n\t\t\t\t\t\t\t\t<span class=\"elementor-accordion-icon-opened\"><i class=\"fas fa-minus\"><\/i><\/span>\n\t\t\t\t\t\t\t\t\t\t\t\t\t\t<\/span>\n\t\t\t\t\t\t\t\t\t\t\t\t<a class=\"elementor-accordion-title\" tabindex=\"0\">DANS QUELLE ZONE DU PLU SE SITUE MON TERRAIN ?<\/a>\n\t\t\t\t\t<\/div>\n\t\t\t\t\t<div id=\"elementor-tab-content-2023\" class=\"elementor-tab-content elementor-clearfix\" data-tab=\"3\" role=\"region\" aria-labelledby=\"elementor-tab-title-2023\"><p>Pour plus d&rsquo;informations, merci de transmettre votre demande au service urbanisme \u00e0 l\u2019adresse : <br \/><a href=\"mailto:urbanisme@vouille86.fr\">urbanisme@vouille86.fr <\/a>en pr\u00e9cisant <strong>les num\u00e9ros de parcelles<\/strong> concern\u00e9es.<\/p><p><a href=\"https:\/\/vouille86.fr\/mairie\/wp-content\/uploads\/2022\/07\/Reglement-Zones-PLU-Annexes.pdf\">R\u00e9glement Zones PLU &#8211; Annexes<\/a><\/p><p><a href=\"https:\/\/vouille86.fr\/mairie\/wp-content\/uploads\/2022\/07\/Zone-A-Vouille-PLU-2018.pdf\">Zone A Vouill\u00e9 PLU 2018<\/a><\/p><p><a href=\"https:\/\/vouille86.fr\/mairie\/wp-content\/uploads\/2022\/07\/Zone-AUa-Vouille-PLU-2018.pdf\">Zone AUa Vouill\u00e9 PLU 2018<\/a><\/p><p><a href=\"https:\/\/vouille86.fr\/mairie\/wp-content\/uploads\/2022\/07\/Zone-AUah-Vouille-PLU-2018.pdf\">Zone AUah Vouill\u00e9 PLU 2018<\/a><\/p><p><a href=\"https:\/\/vouille86.fr\/mairie\/wp-content\/uploads\/2022\/07\/Zone-AUb-Vouille-PLU-2018.pdf\">Zone AUb Vouill\u00e9 PLU 2018<\/a><\/p><p><a href=\"https:\/\/vouille86.fr\/mairie\/wp-content\/uploads\/2022\/07\/ZONE-INONDABLE-4.annexe-reglement-vouille.pdf\">ZONE INONDABLE 4.annexe reglement vouille<\/a><\/p><p><a href=\"https:\/\/vouille86.fr\/mairie\/wp-content\/uploads\/2022\/07\/Zone-N-Vouille-PLU-2018.pdf\">Zone N Vouill\u00e9 PLU 2018<\/a><\/p><p><a href=\"https:\/\/vouille86.fr\/mairie\/wp-content\/uploads\/2022\/07\/Zone-U-Vouille-PLU-2018.pdf\">Zone U Vouill\u00e9 PLU 2018<\/a><\/p><p><a href=\"https:\/\/vouille86.fr\/mairie\/wp-content\/uploads\/2022\/07\/Zone-UH-Vouille-PLU-2018.pdf\">Zone UH Vouill\u00e9 PLU 2018<\/a><\/p><p><a href=\"https:\/\/vouille86.fr\/mairie\/wp-content\/uploads\/2022\/07\/Zone-UHa-Vouille-PLU-2018.pdf\">Zone UHa Vouill\u00e9 PLU 2018<\/a><\/p><\/div>\n\t\t\t\t<\/div>\n\t\t\t\t\t\t\t<div class=\"elementor-accordion-item\">\n\t\t\t\t\t<div id=\"elementor-tab-title-2024\" class=\"elementor-tab-title\" data-tab=\"4\" role=\"button\" aria-controls=\"elementor-tab-content-2024\" aria-expanded=\"false\">\n\t\t\t\t\t\t\t\t\t\t\t\t\t<span class=\"elementor-accordion-icon elementor-accordion-icon-left\" aria-hidden=\"true\">\n\t\t\t\t\t\t\t\t\t\t\t\t\t\t\t<span class=\"elementor-accordion-icon-closed\"><i class=\"fas fa-plus\"><\/i><\/span>\n\t\t\t\t\t\t\t\t<span class=\"elementor-accordion-icon-opened\"><i class=\"fas fa-minus\"><\/i><\/span>\n\t\t\t\t\t\t\t\t\t\t\t\t\t\t<\/span>\n\t\t\t\t\t\t\t\t\t\t\t\t<a class=\"elementor-accordion-title\" tabindex=\"0\">QUELLES SONT LES R\u00c8GLES D\u2019URBANISME \u00c0 RESPECTER SUR MON TERRAIN ?<\/a>\n\t\t\t\t\t<\/div>\n\t\t\t\t\t<div id=\"elementor-tab-content-2024\" class=\"elementor-tab-content elementor-clearfix\" data-tab=\"4\" role=\"region\" aria-labelledby=\"elementor-tab-title-2024\"><p>Suivant la zone du PLU o\u00f9 se situe votre terrain, un r\u00e8glement d\u2019urbanisme sp\u00e9cifique est \u00e0 respecter, merci de contacter le service urbanisme par m\u00e9l \u00e0 <a href=\"mailto:urbanisme@vouille86.fr\">urbanisme@vouille86.fr<\/a><\/p><\/div>\n\t\t\t\t<\/div>\n\t\t\t\t\t\t\t<div class=\"elementor-accordion-item\">\n\t\t\t\t\t<div id=\"elementor-tab-title-2025\" class=\"elementor-tab-title\" data-tab=\"5\" role=\"button\" aria-controls=\"elementor-tab-content-2025\" aria-expanded=\"false\">\n\t\t\t\t\t\t\t\t\t\t\t\t\t<span class=\"elementor-accordion-icon elementor-accordion-icon-left\" aria-hidden=\"true\">\n\t\t\t\t\t\t\t\t\t\t\t\t\t\t\t<span class=\"elementor-accordion-icon-closed\"><i class=\"fas fa-plus\"><\/i><\/span>\n\t\t\t\t\t\t\t\t<span class=\"elementor-accordion-icon-opened\"><i class=\"fas fa-minus\"><\/i><\/span>\n\t\t\t\t\t\t\t\t\t\t\t\t\t\t<\/span>\n\t\t\t\t\t\t\t\t\t\t\t\t<a class=\"elementor-accordion-title\" tabindex=\"0\">ZOOM SUR : LA ZONE ARCHITECTE DES B\u00c2TIMENTS DE FRANCE (ABF)<\/a>\n\t\t\t\t\t<\/div>\n\t\t\t\t\t<div id=\"elementor-tab-content-2025\" class=\"elementor-tab-content elementor-clearfix\" data-tab=\"5\" role=\"region\" aria-labelledby=\"elementor-tab-title-2025\"><p>La Ville de Vouill\u00e9 poss\u00e8de un patrimoine b\u00e2ti exceptionnel qui repr\u00e9sente une de ses principales richesses. Sur la commune, deux zones \u00ab B\u00e2timents de France \u00bb, situ\u00e9es \u00e0 proximit\u00e9 de monuments historiques (Grand\u2019Maison et le Belv\u00e9d\u00e8re) ont \u00e9t\u00e9 identifi\u00e9s.<\/p><p>Afin de pr\u00e9server leurs attraits architecturaux, un <strong>p\u00e9rim\u00e8tre de protection de 500 m<\/strong> est mis en place autour d\u2019eux. A l\u2019int\u00e9rieur de ce p\u00e9rim\u00e8tre, toute autorisation d\u2019urbanisme est soumise \u00e0 l\u2019avis de l\u2019Architecte des B\u00e2timents de France, ce qui allonge les d\u00e9lais d\u2019instruction et n\u00e9cessite un exemplaire suppl\u00e9mentaire lors du d\u00e9p\u00f4t de dossier.<\/p><p><a href=\"https:\/\/vouille86.fr\/mairie\/wp-content\/uploads\/2022\/03\/6.4.1.-Plan-SUP-Nord.pdf\">Plan des servitudes d\u2019utilit\u00e9 publique Nord<\/a><\/p><p><a href=\"https:\/\/vouille86.fr\/mairie\/wp-content\/uploads\/2022\/03\/6.4.2.-Plan-SUP-Sud.pdf\">Plan des servitudes d\u2019utilit\u00e9 publique Sud<\/a><\/p><p><a href=\"https:\/\/vouille86.fr\/mairie\/wp-content\/uploads\/2022\/03\/Les-abords-de-MH.pdf\">Les abords de Monuments Historiques<\/a><\/p><\/div>\n\t\t\t\t<\/div>\n\t\t\t\t\t\t\t<div class=\"elementor-accordion-item\">\n\t\t\t\t\t<div id=\"elementor-tab-title-2026\" class=\"elementor-tab-title\" data-tab=\"6\" role=\"button\" aria-controls=\"elementor-tab-content-2026\" aria-expanded=\"false\">\n\t\t\t\t\t\t\t\t\t\t\t\t\t<span class=\"elementor-accordion-icon elementor-accordion-icon-left\" aria-hidden=\"true\">\n\t\t\t\t\t\t\t\t\t\t\t\t\t\t\t<span class=\"elementor-accordion-icon-closed\"><i class=\"fas fa-plus\"><\/i><\/span>\n\t\t\t\t\t\t\t\t<span class=\"elementor-accordion-icon-opened\"><i class=\"fas fa-minus\"><\/i><\/span>\n\t\t\t\t\t\t\t\t\t\t\t\t\t\t<\/span>\n\t\t\t\t\t\t\t\t\t\t\t\t<a class=\"elementor-accordion-title\" tabindex=\"0\">CADASTRE<\/a>\n\t\t\t\t\t<\/div>\n\t\t\t\t\t<div id=\"elementor-tab-content-2026\" class=\"elementor-tab-content elementor-clearfix\" data-tab=\"6\" role=\"region\" aria-labelledby=\"elementor-tab-title-2026\"><p>Vous avez besoin de consulter le cadastre ? Consulter en ligne le plan cadastral fran\u00e7ais sur <a href=\"https:\/\/www.cadastre.gouv.fr\/scpc\/accueil.do\" target=\"_blank\" rel=\"noopener\">cadastre.gouv.fr<\/a> !<\/p><p>Il vous suffit de cliquer sur <b>le\u00a0lien ci-dessus<\/b> et de pr\u00e9ciser par exemple l\u2019adresse qui vous int\u00e9resse. Le site vous propose alors dans sa page de r\u00e9sultats les parcelles correspondant \u00e0 votre recherche, les feuilles cadastrales \u00e9tant consultables gratuitement par simple visualisation (il est aussi possible d\u2019imprimer des extraits de plan).<\/p><\/div>\n\t\t\t\t<\/div>\n\t\t\t\t\t\t\t<div class=\"elementor-accordion-item\">\n\t\t\t\t\t<div id=\"elementor-tab-title-2027\" class=\"elementor-tab-title\" data-tab=\"7\" role=\"button\" aria-controls=\"elementor-tab-content-2027\" aria-expanded=\"false\">\n\t\t\t\t\t\t\t\t\t\t\t\t\t<span class=\"elementor-accordion-icon elementor-accordion-icon-left\" aria-hidden=\"true\">\n\t\t\t\t\t\t\t\t\t\t\t\t\t\t\t<span class=\"elementor-accordion-icon-closed\"><i class=\"fas fa-plus\"><\/i><\/span>\n\t\t\t\t\t\t\t\t<span class=\"elementor-accordion-icon-opened\"><i class=\"fas fa-minus\"><\/i><\/span>\n\t\t\t\t\t\t\t\t\t\t\t\t\t\t<\/span>\n\t\t\t\t\t\t\t\t\t\t\t\t<a class=\"elementor-accordion-title\" tabindex=\"0\">PLUI-H<\/a>\n\t\t\t\t\t<\/div>\n\t\t\t\t\t<div id=\"elementor-tab-content-2027\" class=\"elementor-tab-content elementor-clearfix\" data-tab=\"7\" role=\"region\" aria-labelledby=\"elementor-tab-title-2027\"><p><strong>Qu\u2018est ce qu\u2019un Plan Local d\u2019Urbanisme Intercommunal (Plui) ?<\/strong><br \/>Un projet strat\u00e9gique partag\u00e9\u00a0: le PLUi formalise un projet de territoire transversal et global sur un horizon de 10 \u00e0 15 ans \u00e0 l\u2019\u00e9chelle de la Communaut\u00e9 de Communes du Haut-Poitou.<br \/>Un outil r\u00e9glementaire: le PLUi est un document unique r\u00e9glementant le droit des sols de chaque parcelle (publique et priv\u00e9e).<\/p><p>Le PLUi traduit dans un document r\u00e9glementaire les objectifs du Sch\u00e9ma R\u00e9gional d\u2019Am\u00e9nagement, de D\u00e9veloppement Durable et d\u2019\u00c9galit\u00e9 des Territoires (SRADDET) Nouvelle-Aquitaine\u00a0<\/p><p>Plus d&rsquo;informations sur <a href=\"https:\/\/cc-hautpoitou.fr\/amenagement-territoire\/urbanisme\/plui-h\/\" target=\"_blank\" rel=\"noopener\">https:\/\/cc-hautpoitou.fr\/amenagement-territoire\/urbanisme\/plui-h\/<\/a><\/p><\/div>\n\t\t\t\t<\/div>\n\t\t\t\t\t\t\t\t<\/div>\n\t\t\t\t\t\t<\/div>\n\t\t\t\t<\/div>\n\t\t\t\t<div class=\"elementor-element elementor-element-74ccb90 elementor-share-buttons--view-icon elementor-share-buttons--skin-minimal elementor-share-buttons--color-custom elementor-share-buttons--shape-square elementor-grid-0 elementor-widget elementor-widget-global elementor-global-2201 elementor-widget-share-buttons\" data-id=\"74ccb90\" data-element_type=\"widget\" data-e-type=\"widget\" data-widget_type=\"share-buttons.default\">\n\t\t\t\t<div class=\"elementor-widget-container\">\n\t\t\t\t\t\t\t<div class=\"elementor-grid\" role=\"list\">\n\t\t\t\t\t\t\t\t<div class=\"elementor-grid-item\" role=\"listitem\">\n\t\t\t\t\t\t<div class=\"elementor-share-btn elementor-share-btn_facebook\" role=\"button\" tabindex=\"0\" aria-label=\"Partager sur facebook\">\n\t\t\t\t\t\t\t\t\t\t\t\t\t\t\t<span class=\"elementor-share-btn__icon\">\n\t\t\t\t\t\t\t\t<i class=\"fab fa-facebook\" aria-hidden=\"true\"><\/i>\t\t\t\t\t\t\t<\/span>\n\t\t\t\t\t\t\t\t\t\t\t\t\t\t\t\t\t\t\t\t<\/div>\n\t\t\t\t\t<\/div>\n\t\t\t\t\t\t\t\t\t<div class=\"elementor-grid-item\" role=\"listitem\">\n\t\t\t\t\t\t<div class=\"elementor-share-btn elementor-share-btn_twitter\" role=\"button\" tabindex=\"0\" aria-label=\"Partager sur twitter\">\n\t\t\t\t\t\t\t\t\t\t\t\t\t\t\t<span class=\"elementor-share-btn__icon\">\n\t\t\t\t\t\t\t\t<i class=\"fab fa-twitter\" aria-hidden=\"true\"><\/i>\t\t\t\t\t\t\t<\/span>\n\t\t\t\t\t\t\t\t\t\t\t\t\t\t\t\t\t\t\t\t<\/div>\n\t\t\t\t\t<\/div>\n\t\t\t\t\t\t\t\t\t<div class=\"elementor-grid-item\" role=\"listitem\">\n\t\t\t\t\t\t<div class=\"elementor-share-btn elementor-share-btn_whatsapp\" role=\"button\" tabindex=\"0\" aria-label=\"Partager sur whatsapp\">\n\t\t\t\t\t\t\t\t\t\t\t\t\t\t\t<span class=\"elementor-share-btn__icon\">\n\t\t\t\t\t\t\t\t<i class=\"fab fa-whatsapp\" aria-hidden=\"true\"><\/i>\t\t\t\t\t\t\t<\/span>\n\t\t\t\t\t\t\t\t\t\t\t\t\t\t\t\t\t\t\t\t<\/div>\n\t\t\t\t\t<\/div>\n\t\t\t\t\t\t\t\t\t<div class=\"elementor-grid-item\" role=\"listitem\">\n\t\t\t\t\t\t<div class=\"elementor-share-btn elementor-share-btn_email\" role=\"button\" tabindex=\"0\" aria-label=\"Partager sur email\">\n\t\t\t\t\t\t\t\t\t\t\t\t\t\t\t<span class=\"elementor-share-btn__icon\">\n\t\t\t\t\t\t\t\t<i class=\"fas fa-envelope\" aria-hidden=\"true\"><\/i>\t\t\t\t\t\t\t<\/span>\n\t\t\t\t\t\t\t\t\t\t\t\t\t\t\t\t\t\t\t\t<\/div>\n\t\t\t\t\t<\/div>\n\t\t\t\t\t\t<\/div>\n\t\t\t\t\t\t<\/div>\n\t\t\t\t<\/div>\n\t\t\t\t\t<\/div>\n\t\t<\/div>\n\t\t\t\t\t<\/div>\n\t\t<\/section>\n\t\t\t\t<\/div>\n\t\t","protected":false},"excerpt":{"rendered":"<p>Un plan local d\u2019urbanisme (PLU) est un document fixant les normes de l\u2019urbanisme pour la commune. Le PLU \u00e9tablit ainsi les principales r\u00e8gles applicables \u00e0 l\u2019utilisation du sol sur la commune. Il est \u00e9labor\u00e9 par la Commune. Apr\u00e8s son \u00e9laboration, le PLU peut \u00e9ventuellement \u00eatre r\u00e9vis\u00e9 ou modifi\u00e9, le PLU a succ\u00e9d\u00e9 \u00e0 l\u2019ancien plan&#8230;<\/p>\n","protected":false},"author":1,"featured_media":0,"parent":0,"menu_order":0,"comment_status":"closed","ping_status":"closed","template":"","meta":{"_acf_changed":false,"footnotes":""},"class_list":["post-3398","page","type-page","status-publish","hentry"],"acf":[],"_links":{"self":[{"href":"https:\/\/vouille86.fr\/mairie\/wp-json\/wp\/v2\/pages\/3398","targetHints":{"allow":["GET"]}}],"collection":[{"href":"https:\/\/vouille86.fr\/mairie\/wp-json\/wp\/v2\/pages"}],"about":[{"href":"https:\/\/vouille86.fr\/mairie\/wp-json\/wp\/v2\/types\/page"}],"author":[{"embeddable":true,"href":"https:\/\/vouille86.fr\/mairie\/wp-json\/wp\/v2\/users\/1"}],"replies":[{"embeddable":true,"href":"https:\/\/vouille86.fr\/mairie\/wp-json\/wp\/v2\/comments?post=3398"}],"version-history":[{"count":28,"href":"https:\/\/vouille86.fr\/mairie\/wp-json\/wp\/v2\/pages\/3398\/revisions"}],"predecessor-version":[{"id":13582,"href":"https:\/\/vouille86.fr\/mairie\/wp-json\/wp\/v2\/pages\/3398\/revisions\/13582"}],"wp:attachment":[{"href":"https:\/\/vouille86.fr\/mairie\/wp-json\/wp\/v2\/media?parent=3398"}],"curies":[{"name":"wp","href":"https:\/\/api.w.org\/{rel}","templated":true}]}}