{"id":10161,"date":"2023-06-07T17:15:33","date_gmt":"2023-06-07T15:15:33","guid":{"rendered":"https:\/\/vouille86.fr\/mairie\/?page_id=10161"},"modified":"2025-12-02T15:44:52","modified_gmt":"2025-12-02T14:44:52","slug":"rue-gambetta","status":"publish","type":"page","link":"https:\/\/vouille86.fr\/mairie\/rue-gambetta\/","title":{"rendered":"Rue Gambetta"},"content":{"rendered":"\t\t<div data-elementor-type=\"wp-page\" data-elementor-id=\"10161\" class=\"elementor elementor-10161\" data-elementor-post-type=\"page\">\n\t\t\t\t\t\t<section class=\"elementor-section elementor-top-section elementor-element elementor-element-6359a70b elementor-section-boxed elementor-section-height-default elementor-section-height-default\" data-id=\"6359a70b\" data-element_type=\"section\" data-e-type=\"section\">\n\t\t\t\t\t\t<div class=\"elementor-container elementor-column-gap-default\">\n\t\t\t\t\t<div class=\"elementor-column elementor-col-100 elementor-top-column elementor-element elementor-element-7d3ec79d\" data-id=\"7d3ec79d\" data-element_type=\"column\" data-e-type=\"column\">\n\t\t\t<div class=\"elementor-widget-wrap elementor-element-populated\">\n\t\t\t\t\t\t<div class=\"elementor-element elementor-element-6753f0a ariana elementor-widget elementor-widget-global elementor-global-2096 elementor-widget-shortcode\" data-id=\"6753f0a\" data-element_type=\"widget\" data-e-type=\"widget\" data-widget_type=\"shortcode.default\">\n\t\t\t\t<div class=\"elementor-widget-container\">\n\t\t\t\t\t<ul id=\"crumbs\"><li><a href=\"https:\/\/vouille86.fr\/mairie\">Accueil<\/a><\/li><\/ul>\t\t<div class=\"elementor-shortcode\"><\/div>\n\t\t\t\t\t\t<\/div>\n\t\t\t\t<\/div>\n\t\t\t\t\t<\/div>\n\t\t<\/div>\n\t\t\t\t\t<\/div>\n\t\t<\/section>\n\t\t\t\t<section class=\"elementor-section elementor-top-section elementor-element elementor-element-2bc4b3e7 elementor-section-boxed elementor-section-height-default elementor-section-height-default\" data-id=\"2bc4b3e7\" data-element_type=\"section\" data-e-type=\"section\">\n\t\t\t\t\t\t<div class=\"elementor-container elementor-column-gap-default\">\n\t\t\t\t\t<div class=\"elementor-column elementor-col-100 elementor-top-column elementor-element elementor-element-210098c1\" data-id=\"210098c1\" data-element_type=\"column\" data-e-type=\"column\">\n\t\t\t<div class=\"elementor-widget-wrap elementor-element-populated\">\n\t\t\t\t\t\t<div class=\"elementor-element elementor-element-21e8ac14 elementor-widget elementor-widget-heading\" data-id=\"21e8ac14\" data-element_type=\"widget\" data-e-type=\"widget\" data-widget_type=\"heading.default\">\n\t\t\t\t<div class=\"elementor-widget-container\">\n\t\t\t\t\t<h2 class=\"elementor-heading-title elementor-size-default\">Rue Gambetta<\/h2>\t\t\t\t<\/div>\n\t\t\t\t<\/div>\n\t\t\t\t<div class=\"elementor-element elementor-element-bca91a1 elementor-arrows-position-inside elementor-pagination-position-outside elementor-widget elementor-widget-image-carousel\" data-id=\"bca91a1\" data-element_type=\"widget\" data-e-type=\"widget\" data-settings=\"{&quot;navigation&quot;:&quot;both&quot;,&quot;autoplay&quot;:&quot;yes&quot;,&quot;pause_on_hover&quot;:&quot;yes&quot;,&quot;pause_on_interaction&quot;:&quot;yes&quot;,&quot;autoplay_speed&quot;:5000,&quot;infinite&quot;:&quot;yes&quot;,&quot;speed&quot;:500}\" data-widget_type=\"image-carousel.default\">\n\t\t\t\t<div class=\"elementor-widget-container\">\n\t\t\t\t\t\t\t<div class=\"elementor-image-carousel-wrapper swiper\" role=\"region\" aria-roledescription=\"carousel\" aria-label=\"Carrousel d\u2019images\" dir=\"ltr\">\n\t\t\t<div class=\"elementor-image-carousel swiper-wrapper\" aria-live=\"off\">\n\t\t\t\t\t\t\t\t<div class=\"swiper-slide\" role=\"group\" aria-roledescription=\"slide\" aria-label=\"1 sur 3\"><figure class=\"swiper-slide-inner\"><img decoding=\"async\" class=\"swiper-slide-image\" src=\"https:\/\/vouille86.fr\/mairie\/wp-content\/uploads\/2023\/06\/beauregard5-150x150.jpg\" alt=\"beauregard carrefour\" \/><\/figure><\/div><div class=\"swiper-slide\" role=\"group\" aria-roledescription=\"slide\" aria-label=\"2 sur 3\"><figure class=\"swiper-slide-inner\"><img decoding=\"async\" class=\"swiper-slide-image\" src=\"https:\/\/vouille86.fr\/mairie\/wp-content\/uploads\/2023\/06\/barre2-150x150.jpg\" alt=\"rue de la barre\" \/><\/figure><\/div><div class=\"swiper-slide\" role=\"group\" aria-roledescription=\"slide\" aria-label=\"3 sur 3\"><figure class=\"swiper-slide-inner\"><img decoding=\"async\" class=\"swiper-slide-image\" src=\"https:\/\/vouille86.fr\/mairie\/wp-content\/uploads\/2023\/06\/RUEGAMBETTA-150x150.jpg\" alt=\"RUE GAMBETTA\" \/><\/figure><\/div>\t\t\t<\/div>\n\t\t\t\t\t\t\t\t\t\t\t\t<div class=\"elementor-swiper-button elementor-swiper-button-prev\" role=\"button\" tabindex=\"0\">\n\t\t\t\t\t\t<i aria-hidden=\"true\" class=\"eicon-chevron-left\"><\/i>\t\t\t\t\t<\/div>\n\t\t\t\t\t<div class=\"elementor-swiper-button elementor-swiper-button-next\" role=\"button\" tabindex=\"0\">\n\t\t\t\t\t\t<i aria-hidden=\"true\" class=\"eicon-chevron-right\"><\/i>\t\t\t\t\t<\/div>\n\t\t\t\t\n\t\t\t\t\t\t\t\t\t<div class=\"swiper-pagination\"><\/div>\n\t\t\t\t\t\t\t\t\t<\/div>\n\t\t\t\t\t\t<\/div>\n\t\t\t\t<\/div>\n\t\t\t\t<div class=\"elementor-element elementor-element-2b6b802d elementor-widget elementor-widget-text-editor\" data-id=\"2b6b802d\" data-element_type=\"widget\" data-e-type=\"widget\" data-widget_type=\"text-editor.default\">\n\t\t\t\t<div class=\"elementor-widget-container\">\n\t\t\t\t\t\t\t\t\t<p>La rue Gambetta constitue la porte d\u2019entr\u00e9e nord du centre bourg autour de laquelle s\u2019articulent les voies de desserte, vers la plupart des services et commerces de proximit\u00e9. Les am\u00e9nagements permettront de s\u00e9curiser la place du pi\u00e9ton et du cycliste, de renforcer l\u2019identit\u00e9 qualitative du centre bourg en mettant en valeur le patrimoine b\u00e2ti et naturel, et de pr\u00e9server le tissu commercial de proximit\u00e9. Les travaux s\u2019\u00e9tendront du carrefour de Beauregard jusqu\u2019\u00e0 la rue de la Barre.<\/p>\t\t\t\t\t\t\t\t<\/div>\n\t\t\t\t<\/div>\n\t\t\t\t<div class=\"elementor-element elementor-element-48a43978 elementor-widget elementor-widget-accordion\" data-id=\"48a43978\" data-element_type=\"widget\" data-e-type=\"widget\" data-widget_type=\"accordion.default\">\n\t\t\t\t<div class=\"elementor-widget-container\">\n\t\t\t\t\t\t\t<div class=\"elementor-accordion\">\n\t\t\t\t\t\t\t<div class=\"elementor-accordion-item\">\n\t\t\t\t\t<div id=\"elementor-tab-title-1211\" class=\"elementor-tab-title\" data-tab=\"1\" role=\"button\" aria-controls=\"elementor-tab-content-1211\" aria-expanded=\"false\">\n\t\t\t\t\t\t\t\t\t\t\t\t\t<span class=\"elementor-accordion-icon elementor-accordion-icon-left\" aria-hidden=\"true\">\n\t\t\t\t\t\t\t\t\t\t\t\t\t\t\t<span class=\"elementor-accordion-icon-closed\"><i class=\"fas fa-plus\"><\/i><\/span>\n\t\t\t\t\t\t\t\t<span class=\"elementor-accordion-icon-opened\"><i class=\"fas fa-minus\"><\/i><\/span>\n\t\t\t\t\t\t\t\t\t\t\t\t\t\t<\/span>\n\t\t\t\t\t\t\t\t\t\t\t\t<a class=\"elementor-accordion-title\" tabindex=\"0\">BEAUREGARD<\/a>\n\t\t\t\t\t<\/div>\n\t\t\t\t\t<div id=\"elementor-tab-content-1211\" class=\"elementor-tab-content elementor-clearfix\" data-tab=\"1\" role=\"region\" aria-labelledby=\"elementor-tab-title-1211\"><p><strong>Avant travaux<\/strong><br \/><img fetchpriority=\"high\" decoding=\"async\" class=\"size-medium wp-image-10366 alignnone\" src=\"https:\/\/vouille86.fr\/mairie\/wp-content\/uploads\/2023\/07\/beauregard4-300x200.jpg\" alt=\"\" width=\"300\" height=\"200\" srcset=\"https:\/\/vouille86.fr\/mairie\/wp-content\/uploads\/2023\/07\/beauregard4-300x200.jpg 300w, https:\/\/vouille86.fr\/mairie\/wp-content\/uploads\/2023\/07\/beauregard4-1024x683.jpg 1024w, https:\/\/vouille86.fr\/mairie\/wp-content\/uploads\/2023\/07\/beauregard4-768x512.jpg 768w, https:\/\/vouille86.fr\/mairie\/wp-content\/uploads\/2023\/07\/beauregard4-1536x1024.jpg 1536w, https:\/\/vouille86.fr\/mairie\/wp-content\/uploads\/2023\/07\/beauregard4-2048x1365.jpg 2048w\" sizes=\"(max-width: 300px) 100vw, 300px\" \/><\/p><p><strong>Projet<\/strong><\/p><p><img decoding=\"async\" class=\"size-medium wp-image-10367 alignnone\" src=\"https:\/\/vouille86.fr\/mairie\/wp-content\/uploads\/2023\/07\/reunion-publique-mars-2023_Page_17-300x217.jpg\" alt=\"\" width=\"300\" height=\"217\" srcset=\"https:\/\/vouille86.fr\/mairie\/wp-content\/uploads\/2023\/07\/reunion-publique-mars-2023_Page_17-300x217.jpg 300w, https:\/\/vouille86.fr\/mairie\/wp-content\/uploads\/2023\/07\/reunion-publique-mars-2023_Page_17-1024x740.jpg 1024w, https:\/\/vouille86.fr\/mairie\/wp-content\/uploads\/2023\/07\/reunion-publique-mars-2023_Page_17-768x555.jpg 768w, https:\/\/vouille86.fr\/mairie\/wp-content\/uploads\/2023\/07\/reunion-publique-mars-2023_Page_17.jpg 1165w\" sizes=\"(max-width: 300px) 100vw, 300px\" \/><\/p><p><em>Architecture Patrimoine et Paysage DODEMAN \/ IPA VRD<\/em><\/p><ul><li>Chauss\u00e9e \u00e0 double sens et r\u00e9tr\u00e9cie pour s\u00e9curiser et dissuader les poids lourds d\u2019emprunter cette voie,<\/li><li>V\u00e9g\u00e9talisation des abords pour marquer l\u2019entr\u00e9e de ville,<\/li><li>Continuit\u00e9 pi\u00e9tonne jusqu\u2019\u00e0 la place Fran\u00e7ois Albert,<\/li><li>Passage en zone 30 km\/h,<\/li><li>D\u00e9but de la bande cyclable jusqu\u2019au carrefour du Coquet.<\/li><\/ul><\/div>\n\t\t\t\t<\/div>\n\t\t\t\t\t\t\t<div class=\"elementor-accordion-item\">\n\t\t\t\t\t<div id=\"elementor-tab-title-1212\" class=\"elementor-tab-title\" data-tab=\"2\" role=\"button\" aria-controls=\"elementor-tab-content-1212\" aria-expanded=\"false\">\n\t\t\t\t\t\t\t\t\t\t\t\t\t<span class=\"elementor-accordion-icon elementor-accordion-icon-left\" aria-hidden=\"true\">\n\t\t\t\t\t\t\t\t\t\t\t\t\t\t\t<span class=\"elementor-accordion-icon-closed\"><i class=\"fas fa-plus\"><\/i><\/span>\n\t\t\t\t\t\t\t\t<span class=\"elementor-accordion-icon-opened\"><i class=\"fas fa-minus\"><\/i><\/span>\n\t\t\t\t\t\t\t\t\t\t\t\t\t\t<\/span>\n\t\t\t\t\t\t\t\t\t\t\t\t<a class=\"elementor-accordion-title\" tabindex=\"0\">COQUET<\/a>\n\t\t\t\t\t<\/div>\n\t\t\t\t\t<div id=\"elementor-tab-content-1212\" class=\"elementor-tab-content elementor-clearfix\" data-tab=\"2\" role=\"region\" aria-labelledby=\"elementor-tab-title-1212\"><p><strong>Avant travaux<\/strong><br \/>\u00a0<img decoding=\"async\" class=\"alignnone size-medium wp-image-10369\" src=\"https:\/\/vouille86.fr\/mairie\/wp-content\/uploads\/2023\/07\/coquet5-300x200.jpg\" alt=\"\" width=\"300\" height=\"200\" srcset=\"https:\/\/vouille86.fr\/mairie\/wp-content\/uploads\/2023\/07\/coquet5-300x200.jpg 300w, https:\/\/vouille86.fr\/mairie\/wp-content\/uploads\/2023\/07\/coquet5-1024x683.jpg 1024w, https:\/\/vouille86.fr\/mairie\/wp-content\/uploads\/2023\/07\/coquet5-768x512.jpg 768w, https:\/\/vouille86.fr\/mairie\/wp-content\/uploads\/2023\/07\/coquet5-1536x1024.jpg 1536w, https:\/\/vouille86.fr\/mairie\/wp-content\/uploads\/2023\/07\/coquet5-2048x1365.jpg 2048w\" sizes=\"(max-width: 300px) 100vw, 300px\" \/><\/p><p><strong>Projet<\/strong><\/p><p><img loading=\"lazy\" decoding=\"async\" class=\"alignnone size-medium wp-image-10368\" src=\"https:\/\/vouille86.fr\/mairie\/wp-content\/uploads\/2023\/07\/coquet-300x162.jpg\" alt=\"\" width=\"300\" height=\"162\" srcset=\"https:\/\/vouille86.fr\/mairie\/wp-content\/uploads\/2023\/07\/coquet-300x162.jpg 300w, https:\/\/vouille86.fr\/mairie\/wp-content\/uploads\/2023\/07\/coquet-1024x552.jpg 1024w, https:\/\/vouille86.fr\/mairie\/wp-content\/uploads\/2023\/07\/coquet-768x414.jpg 768w, https:\/\/vouille86.fr\/mairie\/wp-content\/uploads\/2023\/07\/coquet.jpg 1301w\" sizes=\"(max-width: 300px) 100vw, 300px\" \/><\/p><p><em>Architecture Patrimoine et Paysage DODEMAN \/ IPA VRD<\/em><\/p><ul><li>S\u00e9curisation renforc\u00e9e du carrefour gr\u00e2ce \u00e0 une meilleure visibilit\u00e9,<\/li><li>Inversion des sens de priorit\u00e9 pour r\u00e9duire la vitesse des automobilistes,<\/li><li>Cr\u00e9ation d\u2019une travers\u00e9e pi\u00e9tonne pour s\u00e9curiser les pi\u00e9tons et notamment les \u00e9l\u00e8ves se rendant au P\u00f4le sportif de Braunsbach,<\/li><li>V\u00e9g\u00e9talisation renforc\u00e9e des abords,<\/li><li>D\u00e9but de la zone partag\u00e9e (pi\u00e9tons, cyclistes, automobilistes) \u00e0 20 km\/h.<\/li><\/ul><\/div>\n\t\t\t\t<\/div>\n\t\t\t\t\t\t\t<div class=\"elementor-accordion-item\">\n\t\t\t\t\t<div id=\"elementor-tab-title-1213\" class=\"elementor-tab-title\" data-tab=\"3\" role=\"button\" aria-controls=\"elementor-tab-content-1213\" aria-expanded=\"false\">\n\t\t\t\t\t\t\t\t\t\t\t\t\t<span class=\"elementor-accordion-icon elementor-accordion-icon-left\" aria-hidden=\"true\">\n\t\t\t\t\t\t\t\t\t\t\t\t\t\t\t<span class=\"elementor-accordion-icon-closed\"><i class=\"fas fa-plus\"><\/i><\/span>\n\t\t\t\t\t\t\t\t<span class=\"elementor-accordion-icon-opened\"><i class=\"fas fa-minus\"><\/i><\/span>\n\t\t\t\t\t\t\t\t\t\t\t\t\t\t<\/span>\n\t\t\t\t\t\t\t\t\t\t\t\t<a class=\"elementor-accordion-title\" tabindex=\"0\">RUE DU STADE<\/a>\n\t\t\t\t\t<\/div>\n\t\t\t\t\t<div id=\"elementor-tab-content-1213\" class=\"elementor-tab-content elementor-clearfix\" data-tab=\"3\" role=\"region\" aria-labelledby=\"elementor-tab-title-1213\"><p><strong>Avant les travaux<\/strong><\/p><p><img loading=\"lazy\" decoding=\"async\" class=\"alignnone size-medium wp-image-10374\" src=\"https:\/\/vouille86.fr\/mairie\/wp-content\/uploads\/2023\/07\/rue-du-stade8-300x200.jpg\" alt=\"\" width=\"300\" height=\"200\" srcset=\"https:\/\/vouille86.fr\/mairie\/wp-content\/uploads\/2023\/07\/rue-du-stade8-300x200.jpg 300w, https:\/\/vouille86.fr\/mairie\/wp-content\/uploads\/2023\/07\/rue-du-stade8-1024x683.jpg 1024w, https:\/\/vouille86.fr\/mairie\/wp-content\/uploads\/2023\/07\/rue-du-stade8-768x512.jpg 768w, https:\/\/vouille86.fr\/mairie\/wp-content\/uploads\/2023\/07\/rue-du-stade8-1536x1024.jpg 1536w, https:\/\/vouille86.fr\/mairie\/wp-content\/uploads\/2023\/07\/rue-du-stade8-2048x1365.jpg 2048w\" sizes=\"(max-width: 300px) 100vw, 300px\" \/><\/p><p>\u00a0<strong>Projet<\/strong><\/p><p><img loading=\"lazy\" decoding=\"async\" class=\"alignnone size-medium wp-image-10373\" src=\"https:\/\/vouille86.fr\/mairie\/wp-content\/uploads\/2023\/07\/poste-300x140.jpg\" alt=\"\" width=\"300\" height=\"140\" srcset=\"https:\/\/vouille86.fr\/mairie\/wp-content\/uploads\/2023\/07\/poste-300x140.jpg 300w, https:\/\/vouille86.fr\/mairie\/wp-content\/uploads\/2023\/07\/poste-1024x477.jpg 1024w, https:\/\/vouille86.fr\/mairie\/wp-content\/uploads\/2023\/07\/poste-768x358.jpg 768w, https:\/\/vouille86.fr\/mairie\/wp-content\/uploads\/2023\/07\/poste.jpg 1465w\" sizes=\"(max-width: 300px) 100vw, 300px\" \/><\/p><p><em>Architecture Patrimoine et Paysage DODEMAN \/ IPA VRD<\/em><\/p><ul><li>Captation des eaux pluviales par des caniveaux centraux,<\/li><li>Renaturation de certaines surfaces par des plantations de vivaces ou d\u2019arbustes,<\/li><li>Chauss\u00e9e partag\u00e9e (pi\u00e9tons, cyclistes et automobilistes) \u00e0 20 km\/h,<\/li><li>S\u00e9curisation du parking de l\u2019\u00e9cole maternelle publique,<\/li><li>Rev\u00eatement \u00abcolor\u00e9\u00bb de la chauss\u00e9e pour attirer l\u2019attention des automobilistes,<\/li><li>Fleurissement en pieds de murs des habitations.<\/li><\/ul><\/div>\n\t\t\t\t<\/div>\n\t\t\t\t\t\t\t<div class=\"elementor-accordion-item\">\n\t\t\t\t\t<div id=\"elementor-tab-title-1214\" class=\"elementor-tab-title\" data-tab=\"4\" role=\"button\" aria-controls=\"elementor-tab-content-1214\" aria-expanded=\"false\">\n\t\t\t\t\t\t\t\t\t\t\t\t\t<span class=\"elementor-accordion-icon elementor-accordion-icon-left\" aria-hidden=\"true\">\n\t\t\t\t\t\t\t\t\t\t\t\t\t\t\t<span class=\"elementor-accordion-icon-closed\"><i class=\"fas fa-plus\"><\/i><\/span>\n\t\t\t\t\t\t\t\t<span class=\"elementor-accordion-icon-opened\"><i class=\"fas fa-minus\"><\/i><\/span>\n\t\t\t\t\t\t\t\t\t\t\t\t\t\t<\/span>\n\t\t\t\t\t\t\t\t\t\t\t\t<a class=\"elementor-accordion-title\" tabindex=\"0\">PLACE DE LA BARRE<\/a>\n\t\t\t\t\t<\/div>\n\t\t\t\t\t<div id=\"elementor-tab-content-1214\" class=\"elementor-tab-content elementor-clearfix\" data-tab=\"4\" role=\"region\" aria-labelledby=\"elementor-tab-title-1214\"><p><strong>Avant les travaux<\/strong><\/p><p><strong><img loading=\"lazy\" decoding=\"async\" class=\"alignnone size-medium wp-image-10384\" src=\"https:\/\/vouille86.fr\/mairie\/wp-content\/uploads\/2023\/07\/placebarre-300x200.jpg\" alt=\"\" width=\"300\" height=\"200\" srcset=\"https:\/\/vouille86.fr\/mairie\/wp-content\/uploads\/2023\/07\/placebarre-300x200.jpg 300w, https:\/\/vouille86.fr\/mairie\/wp-content\/uploads\/2023\/07\/placebarre-1024x683.jpg 1024w, https:\/\/vouille86.fr\/mairie\/wp-content\/uploads\/2023\/07\/placebarre-768x512.jpg 768w, https:\/\/vouille86.fr\/mairie\/wp-content\/uploads\/2023\/07\/placebarre-1536x1024.jpg 1536w, https:\/\/vouille86.fr\/mairie\/wp-content\/uploads\/2023\/07\/placebarre-2048x1365.jpg 2048w\" sizes=\"(max-width: 300px) 100vw, 300px\" \/><\/strong><\/p><p><strong>Projet<\/strong><\/p><p><strong><img loading=\"lazy\" decoding=\"async\" class=\"alignnone size-medium wp-image-10383\" src=\"https:\/\/vouille86.fr\/mairie\/wp-content\/uploads\/2023\/07\/place-barre-300x154.jpg\" alt=\"\" width=\"300\" height=\"154\" srcset=\"https:\/\/vouille86.fr\/mairie\/wp-content\/uploads\/2023\/07\/place-barre-300x154.jpg 300w, https:\/\/vouille86.fr\/mairie\/wp-content\/uploads\/2023\/07\/place-barre-1024x526.jpg 1024w, https:\/\/vouille86.fr\/mairie\/wp-content\/uploads\/2023\/07\/place-barre-768x395.jpg 768w, https:\/\/vouille86.fr\/mairie\/wp-content\/uploads\/2023\/07\/place-barre-1536x789.jpg 1536w, https:\/\/vouille86.fr\/mairie\/wp-content\/uploads\/2023\/07\/place-barre.jpg 1989w\" sizes=\"(max-width: 300px) 100vw, 300px\" \/><\/strong><\/p><p><em>Architecture Patrimoine et Paysage DODEMAN \/ IPA VRD<\/em><\/p><ul><li>Suppression du stationnement,<\/li><li>Cr\u00e9ation d\u2019une halle v\u00e9g\u00e9tale avec une structure de plantes grimpantes,<\/li><li>Renaturation de surfaces,<\/li><li>Cr\u00e9ation d\u2019un nouvel espace de d\u00e9tente et convivial.<\/li><\/ul><\/div>\n\t\t\t\t<\/div>\n\t\t\t\t\t\t\t<div class=\"elementor-accordion-item\">\n\t\t\t\t\t<div id=\"elementor-tab-title-1215\" class=\"elementor-tab-title\" data-tab=\"5\" role=\"button\" aria-controls=\"elementor-tab-content-1215\" aria-expanded=\"false\">\n\t\t\t\t\t\t\t\t\t\t\t\t\t<span class=\"elementor-accordion-icon elementor-accordion-icon-left\" aria-hidden=\"true\">\n\t\t\t\t\t\t\t\t\t\t\t\t\t\t\t<span class=\"elementor-accordion-icon-closed\"><i class=\"fas fa-plus\"><\/i><\/span>\n\t\t\t\t\t\t\t\t<span class=\"elementor-accordion-icon-opened\"><i class=\"fas fa-minus\"><\/i><\/span>\n\t\t\t\t\t\t\t\t\t\t\t\t\t\t<\/span>\n\t\t\t\t\t\t\t\t\t\t\t\t<a class=\"elementor-accordion-title\" tabindex=\"0\">RUE DE LA BARRE<\/a>\n\t\t\t\t\t<\/div>\n\t\t\t\t\t<div id=\"elementor-tab-content-1215\" class=\"elementor-tab-content elementor-clearfix\" data-tab=\"5\" role=\"region\" aria-labelledby=\"elementor-tab-title-1215\"><p><strong>Avant les travaux<\/strong><\/p><p>\u00a0<img loading=\"lazy\" decoding=\"async\" class=\"alignnone size-medium wp-image-10379\" src=\"https:\/\/vouille86.fr\/mairie\/wp-content\/uploads\/2023\/07\/barre2-300x200.jpg\" alt=\"\" width=\"300\" height=\"200\" srcset=\"https:\/\/vouille86.fr\/mairie\/wp-content\/uploads\/2023\/07\/barre2-300x200.jpg 300w, https:\/\/vouille86.fr\/mairie\/wp-content\/uploads\/2023\/07\/barre2-1024x683.jpg 1024w, https:\/\/vouille86.fr\/mairie\/wp-content\/uploads\/2023\/07\/barre2-768x512.jpg 768w, https:\/\/vouille86.fr\/mairie\/wp-content\/uploads\/2023\/07\/barre2-1536x1024.jpg 1536w, https:\/\/vouille86.fr\/mairie\/wp-content\/uploads\/2023\/07\/barre2-2048x1365.jpg 2048w\" sizes=\"(max-width: 300px) 100vw, 300px\" \/><\/p><p><strong>Projet<\/strong><\/p><p><img loading=\"lazy\" decoding=\"async\" class=\"alignnone size-medium wp-image-10378\" src=\"https:\/\/vouille86.fr\/mairie\/wp-content\/uploads\/2023\/07\/barre-300x165.jpg\" alt=\"\" width=\"300\" height=\"165\" srcset=\"https:\/\/vouille86.fr\/mairie\/wp-content\/uploads\/2023\/07\/barre-300x165.jpg 300w, https:\/\/vouille86.fr\/mairie\/wp-content\/uploads\/2023\/07\/barre-1024x562.jpg 1024w, https:\/\/vouille86.fr\/mairie\/wp-content\/uploads\/2023\/07\/barre-768x421.jpg 768w, https:\/\/vouille86.fr\/mairie\/wp-content\/uploads\/2023\/07\/barre-1536x843.jpg 1536w, https:\/\/vouille86.fr\/mairie\/wp-content\/uploads\/2023\/07\/barre.jpg 1629w\" sizes=\"(max-width: 300px) 100vw, 300px\" \/><\/p><p><em>Architecture Patrimoine et Paysage DODEMAN \/ IPA VRD<\/em><\/p><p>Suppression des places de stationnement de part et d\u2019autre <br \/>de la chauss\u00e9e,<br \/>Mise en place d\u2019ilots de v\u00e9g\u00e9tation pour cr\u00e9er un effet de porte de bourg,<br \/>Fin de la chauss\u00e9e partag\u00e9e.<\/p><\/div>\n\t\t\t\t<\/div>\n\t\t\t\t\t\t\t\t<\/div>\n\t\t\t\t\t\t<\/div>\n\t\t\t\t<\/div>\n\t\t\t\t<div class=\"elementor-element elementor-element-7ca68df5 elementor-share-buttons--view-icon elementor-share-buttons--skin-minimal elementor-share-buttons--color-custom elementor-share-buttons--shape-square elementor-grid-0 elementor-widget elementor-widget-global elementor-global-2201 elementor-widget-share-buttons\" data-id=\"7ca68df5\" data-element_type=\"widget\" data-e-type=\"widget\" data-widget_type=\"share-buttons.default\">\n\t\t\t\t<div class=\"elementor-widget-container\">\n\t\t\t\t\t\t\t<div class=\"elementor-grid\" role=\"list\">\n\t\t\t\t\t\t\t\t<div class=\"elementor-grid-item\" role=\"listitem\">\n\t\t\t\t\t\t<div class=\"elementor-share-btn elementor-share-btn_facebook\" role=\"button\" tabindex=\"0\" aria-label=\"Partager sur facebook\">\n\t\t\t\t\t\t\t\t\t\t\t\t\t\t\t<span class=\"elementor-share-btn__icon\">\n\t\t\t\t\t\t\t\t<i class=\"fab fa-facebook\" aria-hidden=\"true\"><\/i>\t\t\t\t\t\t\t<\/span>\n\t\t\t\t\t\t\t\t\t\t\t\t\t\t\t\t\t\t\t\t<\/div>\n\t\t\t\t\t<\/div>\n\t\t\t\t\t\t\t\t\t<div class=\"elementor-grid-item\" role=\"listitem\">\n\t\t\t\t\t\t<div class=\"elementor-share-btn elementor-share-btn_twitter\" role=\"button\" tabindex=\"0\" aria-label=\"Partager sur twitter\">\n\t\t\t\t\t\t\t\t\t\t\t\t\t\t\t<span class=\"elementor-share-btn__icon\">\n\t\t\t\t\t\t\t\t<i class=\"fab fa-twitter\" aria-hidden=\"true\"><\/i>\t\t\t\t\t\t\t<\/span>\n\t\t\t\t\t\t\t\t\t\t\t\t\t\t\t\t\t\t\t\t<\/div>\n\t\t\t\t\t<\/div>\n\t\t\t\t\t\t\t\t\t<div class=\"elementor-grid-item\" role=\"listitem\">\n\t\t\t\t\t\t<div class=\"elementor-share-btn elementor-share-btn_whatsapp\" role=\"button\" tabindex=\"0\" aria-label=\"Partager sur whatsapp\">\n\t\t\t\t\t\t\t\t\t\t\t\t\t\t\t<span class=\"elementor-share-btn__icon\">\n\t\t\t\t\t\t\t\t<i class=\"fab fa-whatsapp\" aria-hidden=\"true\"><\/i>\t\t\t\t\t\t\t<\/span>\n\t\t\t\t\t\t\t\t\t\t\t\t\t\t\t\t\t\t\t\t<\/div>\n\t\t\t\t\t<\/div>\n\t\t\t\t\t\t\t\t\t<div class=\"elementor-grid-item\" role=\"listitem\">\n\t\t\t\t\t\t<div class=\"elementor-share-btn elementor-share-btn_email\" role=\"button\" tabindex=\"0\" aria-label=\"Partager sur email\">\n\t\t\t\t\t\t\t\t\t\t\t\t\t\t\t<span class=\"elementor-share-btn__icon\">\n\t\t\t\t\t\t\t\t<i class=\"fas fa-envelope\" aria-hidden=\"true\"><\/i>\t\t\t\t\t\t\t<\/span>\n\t\t\t\t\t\t\t\t\t\t\t\t\t\t\t\t\t\t\t\t<\/div>\n\t\t\t\t\t<\/div>\n\t\t\t\t\t\t<\/div>\n\t\t\t\t\t\t<\/div>\n\t\t\t\t<\/div>\n\t\t\t\t\t<\/div>\n\t\t<\/div>\n\t\t\t\t\t<\/div>\n\t\t<\/section>\n\t\t\t\t<\/div>\n\t\t","protected":false},"excerpt":{"rendered":"<p>La rue Gambetta constitue la porte d\u2019entr\u00e9e nord du centre bourg autour de laquelle s\u2019articulent les voies de desserte, vers la plupart des services et commerces de proximit\u00e9. Les am\u00e9nagements permettront de s\u00e9curiser la place du pi\u00e9ton et du cycliste, de renforcer l\u2019identit\u00e9 qualitative du centre bourg en mettant en valeur le patrimoine b\u00e2ti et&#8230;<\/p>\n","protected":false},"author":2,"featured_media":0,"parent":0,"menu_order":0,"comment_status":"closed","ping_status":"closed","template":"","meta":{"_acf_changed":false,"footnotes":""},"class_list":["post-10161","page","type-page","status-publish","hentry"],"acf":[],"_links":{"self":[{"href":"https:\/\/vouille86.fr\/mairie\/wp-json\/wp\/v2\/pages\/10161","targetHints":{"allow":["GET"]}}],"collection":[{"href":"https:\/\/vouille86.fr\/mairie\/wp-json\/wp\/v2\/pages"}],"about":[{"href":"https:\/\/vouille86.fr\/mairie\/wp-json\/wp\/v2\/types\/page"}],"author":[{"embeddable":true,"href":"https:\/\/vouille86.fr\/mairie\/wp-json\/wp\/v2\/users\/2"}],"replies":[{"embeddable":true,"href":"https:\/\/vouille86.fr\/mairie\/wp-json\/wp\/v2\/comments?post=10161"}],"version-history":[{"count":45,"href":"https:\/\/vouille86.fr\/mairie\/wp-json\/wp\/v2\/pages\/10161\/revisions"}],"predecessor-version":[{"id":13808,"href":"https:\/\/vouille86.fr\/mairie\/wp-json\/wp\/v2\/pages\/10161\/revisions\/13808"}],"wp:attachment":[{"href":"https:\/\/vouille86.fr\/mairie\/wp-json\/wp\/v2\/media?parent=10161"}],"curies":[{"name":"wp","href":"https:\/\/api.w.org\/{rel}","templated":true}]}}